-- Table structure for table `wp_users`
--

CREATE TABLE `wp_users` (
  `ID` bigint(20) unsigned NOT NULL AUTO_INCREMENT,
  `user_login` varchar(60) COLLATE utf8mb4_unicode_520_ci NOT NULL DEFAULT '',
  `user_pass` varchar(255) COLLATE utf8mb4_unicode_520_ci NOT NULL DEFAULT '',
  `user_nicename` varchar(50) COLLATE utf8mb4_unicode_520_ci NOT NULL DEFAULT '',
  `user_email` varchar(100) COLLATE utf8mb4_unicode_520_ci NOT NULL DEFAULT '',
  `user_url` varchar(100) COLLATE utf8mb4_unicode_520_ci NOT NULL DEFAULT '',
  `user_registered` datetime NOT NULL DEFAULT '0000-00-00 00:00:00',
  `user_activation_key` varchar(255) COLLATE utf8mb4_unicode_520_ci NOT NULL DEFAULT '',
  `user_status` int(11) NOT NULL DEFAULT '0',
  `display_name` varchar(250) COLLATE utf8mb4_unicode_520_ci NOT NULL DEFAULT '',
  PRIMARY KEY (`ID`),
  KEY `user_login_key` (`user_login`),
  KEY `user_nicename` (`user_nicename`),
  KEY `user_email` (`user_email`)
) ENGINE=InnoDB AUTO_INCREMENT=25 DEFAULT CHARSET=utf8mb4 COLLATE=utf8mb4_unicode_520_ci;

--
-- Dumping data for table `wp_users`
--

INSERT INTO `wp_users` VALUES (1,'CDurteste','$P$BTj7PsmEuEVRJYpRqPJodL6jC1c0K6.','cdurteste','contact@cdurteste.fr','http://logibrico.fr','2021-05-12 07:46:45','',0,'CDurteste'),(2,'Dimitri','$P$Bf3juXyCgUJSK0/1iNu5GxTKVzPzBx1','dimitri','dimitri.a3j@gmail.com','','2021-07-08 06:51:10','1625727070:$P$B70N0zgZ1cNlonA8JY.OXE65CvdmAm1',0,'Dimitri'),(4,'applecenter','$P$BhEFZoe/7WiklrOGzYW.6ZxnupVhe61','applecenter','applecenter@hotmail.fr','','2021-12-07 10:40:52','',0,'applecenter'),(5,'dimitri-8115','$P$B6x99vT1zJfMYmcc8iAFdDUjxbSYyE1','dimitri-8115','dimitri@a3j.fr','','2022-02-15 09:28:14','1645087116:$P$BjubdTHkFVG0vjGTUjHjlxgCurKTGQ1',0,'dimitri-8115'),(6,'perrinecatry','$P$BsKL.p8lfKLRAVjGvO.RQkpGh9CBJL.','perrinecatry','perrinecatry@hotmail.com','','2022-02-15 09:29:45','1645450062:$P$Bt3ITsCUiLk06wfgBBBoJ2it4lnKCR.',0,'Perrine COUSIN'),(7,'testlogibrico','$P$BdgPlto6cLuVM7eWgF0jZLaw1pSnnl/','testlogibrico','testlogibrico@gmail.com','','2022-02-15 13:36:35','1644932195:$P$BYZEsQYcMEPscYvVaLvmjFz2xgAKlg.',0,'testlogibrico'),(8,'jose','$P$B/DWt.pgj7D1j/s6XSHlOWKcRnyCIw.','jose','Jose@a3j.fr','','2022-02-17 08:33:51','1645086831:$P$B7PysYTkni/w9Mk5Atqa/v4b43V1Wp0',0,'jose'),(10,'alice','$P$Bb/40IUkfWpJr49jLR/vhgoP2MiIXS.','alice','alice@a3j.fr','','2022-02-17 10:08:41','1645092522:$P$B8rKfQSFfWrGqQ.LpwV6r/vtDQ35ln.',0,'alice'),(12,'cdurteste-5102','$P$BS6G/sgMQ4VTIHg9INGV2rxKplZRP8/','cdurteste-5102','cdurteste@orange.fr','','2022-02-21 11:22:30','',0,'cdurteste-5102'),(15,'antoine.a3j','$P$BnWHTtWdaKOvxuRKRmvEGbEdstQdWC1','antoine-a3j','antoine.a3j@gmail.com','','2022-03-08 09:05:11','1646730311:$P$BsO5RMrYtqMaUBa3NOBauTJC9n8ERO.',0,'antoine.a3j'),(16,'cdurteste-5379','$P$BYBcRmGrjKxvXZaCC1ujJapV0N1PQ10','cdurteste-5379','cdurteste@me.com','','2022-06-02 08:14:10','1654157650:$P$BR0BntV8/a.r8HbbyDgDsZbPa62cGw0',0,'cdurteste-5379'),(17,'mauduitp','$P$BXCVIXDgk3FVQMUiZDDzCfWDImJFqH.','mauduitp','mauduitp@gmail.com','','2022-06-21 04:08:16','1655784497:$P$BHn0d01.9iIptD2gP/RgTmqh2CaWsB.',0,'mauduitp'),(19,'logibricotest','$P$BcSKvrlLDmeNlq/8icmOd/CeVnjEBV1','logibricotest','logibricotest@gmail.com','','2022-08-25 07:49:22','',0,'logibricotest'),(20,'sample','$P$BOcoEhg.KXi7.l8YBFkZw0xSyLvGnc1','sample','sample@email.tst','','2022-09-16 03:25:09','1663298709:$P$BO2BcE6bBeZI/9FIyi9lJUm/fUtfJB.',0,'sample'),(21,'fred.thebo','$P$BgUa3B/Z.UnE4g51Ip6xZ76ZjXwctP1','fred-thebo','fred.thebo@laposte.net','','2022-10-06 19:47:13','',0,'Fred Thébo'),(22,'dimurroannita','$P$B0JTb0ocglWVsCVjvetZFRpAyUdQdf1','dimurroannita','dimurroannita@yahoo.fr','','2022-12-12 13:42:27','1670852547:$P$BIwjyA1TESopOFYxjIBRCdVbh7JBLC1',0,'dimurroannita'),(23,'maximegroetz','$P$Bpwbjbs46UDEPqrrYTyNrHuWNJ8kq3.','maximegroetz','maximegroetz@yahoo.fr','','2022-12-19 15:45:28','',0,'maximegroetz'),(24,'jovanovski.ljupco','$P$BkBElVArNz5JEDsH00G9Rwy/Pium5V1','jovanovski-ljupco','jovanovski.ljupco@sfr.fr','','2023-02-12 11:46:10','',0,'jovanovski.ljupco');

--
-- Table structure for table `wp_wc_admin_note_actions`
--

CREATE TABLE `wp_wc_admin_note_actions` (
  `action_id` bigint(20) unsigned NOT NULL AUTO_INCREMENT,
  `note_id` bigint(20) unsigned NOT NULL,
  `name` varchar(255) COLLATE utf8mb4_unicode_520_ci NOT NULL,
  `label` varchar(255) COLLATE utf8mb4_unicode_520_ci NOT NULL,
  `query` longtext COLLATE utf8mb4_unicode_520_ci NOT NULL,
  `status` varchar(255) COLLATE utf8mb4_unicode_520_ci NOT NULL,
  `actioned_text` varchar(255) COLLATE utf8mb4_unicode_520_ci NOT NULL,
  `nonce_action` varchar(255) COLLATE utf8mb4_unicode_520_ci DEFAULT NULL,
  `nonce_name` varchar(255) COLLATE utf8mb4_unicode_520_ci DEFAULT NULL,
  PRIMARY KEY (`action_id`),
  KEY `note_id` (`note_id`)
) ENGINE=InnoDB AUTO_INCREMENT=45343 DEFAULT CHARSET=utf8mb4 COLLATE=utf8mb4_unicode_520_ci;

--
-- Dumping data for table `wp_wc_admin_note_actions`
--

INSERT INTO `wp_wc_admin_note_actions` VALUES (21,20,'connect','Connecter','?page=wc-addons&section=helper','unactioned','',NULL,NULL),(22,21,'yes-please','Oui, s’il vous plait !','https://woocommerce.us8.list-manage.com/subscribe/post?u=2c1434dc56f9506bf3c3ecd21&amp;id=13860df971&amp;SIGNUPPAGE=plugin','actioned','',NULL,NULL),(63,22,'customize-store-with-storefront','C’est parti !','http://logibrico.fr/wp-admin/themes.php?page=storefront-welcome','actioned','',NULL,NULL),(66,25,'visit-the-theme-marketplace','Consulter la bibliothèque de thèmes','https://woocommerce.com/product-category/themes/?utm_source=inbox','actioned','',NULL,NULL),(67,26,'affirm-insight-first-product-and-payment','Oui','','actioned','Merci pour vos retours',NULL,NULL),(68,26,'affirm-insight-first-product-and-payment','Non','','actioned','Merci pour vos retours',NULL,NULL),(90,28,'learn-more','En savoir plus','https://woocommerce.com/mobile/','actioned','',NULL,NULL),(91,29,'view-payment-gateways','En savoir plus','https://woocommerce.com/product-category/woocommerce-extensions/payment-gateways/','actioned','',NULL,NULL),(95,33,'learn-more','En savoir plus','https://docs.woocommerce.com/document/managing-products/?utm_source=inbox','actioned','',NULL,NULL),(265,36,'tracking-opt-in','Activer le suivi de l’utilisation','','actioned','',NULL,NULL),(287,37,'share-feedback','Partager des commentaires','https://automattic.survey.fm/store-setup-survey','actioned','',NULL,NULL),(288,38,'affirm-insight-first-sale','Oui','','actioned','Merci pour vos retours',NULL,NULL),(289,38,'deny-insight-first-sale','Non','','actioned','Merci pour vos retours',NULL,NULL),(290,39,'day-after-first-product','En savoir plus','https://docs.woocommerce.com/document/woocommerce-customizer/?utm_source=inbox','actioned','',NULL,NULL),(429,45,'customize-store-with-blocks','En savoir plus','https://woocommerce.com/posts/how-to-customize-your-online-store-with-woocommerce-blocks/?utm_source=inbox','actioned','',NULL,NULL),(18568,55,'learn-more','En savoir plus','https://woocommerce.com/mobile/?utm_source=inbox','actioned','',NULL,NULL),(23009,54,'mercadopago_q3_2021_EN','Free download','https://woocommerce.com/products/mercado-pago-checkout/?utm_source=inbox&utm_medium=product&utm_campaign=mercadopago_q3_2021_EN','actioned','',NULL,NULL),(23502,58,'wc-payments-notes-set-up-refund-policy','Read more','https://docs.woocommerce.com/document/woocommerce-refunds#refund-policy-howto','unactioned','',NULL,NULL),(23503,59,'wc-payments-notes-multi-currency-available','Set up now','admin.php?page=wc-admin&task=woocommerce-payments--multi-currency-setup','unactioned','',NULL,NULL),(23505,60,'learn-more','En savoir plus','https://woocommerce.com/products/eu-vat-number/?utm_medium=product','actioned','',NULL,NULL),(23507,62,'learn-more','En savoir plus','https://docs.woocommerce.com/document/managing-orders/?utm_source=inbox&utm_medium=product','actioned','',NULL,NULL),(23513,49,'wayflyer_q3_2021','Get funded','https://woocommerce.com/products/wayflyer/','actioned','',NULL,NULL),(23514,46,'eu_vat_changes_2021','Learn more about the EU tax regulations','https://woocommerce.com/posts/new-eu-vat-regulations','actioned','',NULL,NULL),(23515,1,'open_wc_paypal_payments_product_page','Learn more','https://woocommerce.com/products/woocommerce-paypal-payments/','actioned','',NULL,NULL),(23516,2,'upgrade_now_facebook_pixel_api','Upgrade now','plugin-install.php?tab=plugin-information&plugin=&section=changelog','actioned','',NULL,NULL),(23517,3,'learn_more_facebook_ec','Learn more','https://woocommerce.com/products/facebook/','unactioned','',NULL,NULL),(23533,18,'learn-more','Learn about Instant Deposits eligibility','https://docs.woocommerce.com/document/payments/instant-deposits/?utm_source=inbox&utm_medium=product&utm_campaign=wcpay_instant_deposits','actioned','',NULL,NULL),(23549,68,'learn-more','Learn more','https://woocommerce.com/products/bbpos-chipper2xbt-card-reader?utm_source=inbox&utm_medium=product&utm_campaign=bbpos-chipper-launch','unactioned','',NULL,NULL),(23681,9,'boost-sales-marketing-guide','See marketing guide','https://developer.apple.com/apple-pay/marketing/?utm_source=inbox&utm_campaign=square-boost-sales','actioned','',NULL,NULL),(23682,10,'grow-your-business-marketing-guide','See marketing guide','https://developer.apple.com/apple-pay/marketing/?utm_source=inbox&utm_campaign=square-grow-your-business','actioned','',NULL,NULL),(23683,11,'add-apple-pay','Add Apple Pay','/admin.php?page=wc-settings&tab=checkout&section=woocommerce_payments','actioned','',NULL,NULL),(23684,11,'learn-more','Learn more','https://docs.woocommerce.com/document/payments/apple-pay/?utm_source=inbox&utm_medium=product&utm_campaign=wcpay_applepay','actioned','',NULL,NULL),(23685,12,'boost-sales-marketing-guide','See marketing guide','https://developer.apple.com/apple-pay/marketing/?utm_source=inbox&utm_campaign=wcpay-boost-sales','actioned','',NULL,NULL),(23686,13,'grow-your-business-marketing-guide','See marketing guide','https://developer.apple.com/apple-pay/marketing/?utm_source=inbox&utm_campaign=wcpay-grow-your-business','actioned','',NULL,NULL),(23908,66,'browse_extensions','Browse extensions','http://logibrico.fr/wp-admin/admin.php?page=wc-admin&page=wc-addons','unactioned','',NULL,NULL),(23909,67,'browse_extensions','Browse extensions','http://logibrico.fr/wp-admin/admin.php?page=wc-admin&page=wc-addons','unactioned','',NULL,NULL),(24162,74,'learn-more','En savoir plus','https://woocommerce.com/mobile/?utm_source=inbox&utm_medium=product','actioned','',NULL,NULL),(27557,43,'get-woo-commerce-payments','Get WooCommerce Payments','admin.php?page=wc-admin&action=setup-woocommerce-payments','actioned','',NULL,NULL),(27558,44,'get-woocommerce-payments','Get WooCommerce Payments','admin.php?page=wc-admin&action=setup-woocommerce-payments','actioned','',NULL,NULL),(27788,82,'remove-legacy-coupon-menu','Retirer le menu de code promo hérité','https://logibrico.fr/wp-admin/admin.php?page=wc-admin&action=remove-coupon-menu','actioned','',NULL,NULL),(28755,77,'wc_simple_payments_m2_reader_launch_q1_2022','Learn more','https://woocommerce.com/in-person-payments/','actioned','',NULL,NULL),(28865,83,'learn-more','En savoir plus','https://woocommerce.com/mobile/?utm_source=inbox&utm_medium=product','actioned','',NULL,NULL),(28866,63,'stripe_applepay_holiday2021','Accept Apple Pay','https://woocommerce.com/apple-pay/','actioned','',NULL,NULL),(28867,64,'square_applepay_holiday2021','Accept Apple Pay','https://woocommerce.com/apple-pay/','actioned','',NULL,NULL),(28868,65,'wcpay_applepay_holiday2021','Accept Apple Pay','https://woocommerce.com/apple-pay/','actioned','',NULL,NULL),(30576,78,'wcpay_applepay_q1_2022','Let your customers know about Apple Pay','https://developer.apple.com/apple-pay/marketing/','actioned','',NULL,NULL),(30577,79,'stripe_applepay_q1_2022','Add Apple Pay','http://logibrico.fr/wp-admin/admin.php?page=wc-admin&page=wc-settings&tab=checkout&section=stripe','actioned','',NULL,NULL),(30578,80,'square_applepay_q1_2022','Add Apple Pay','http://logibrico.fr/wp-admin/admin.php?page=wc-admin&page=wc-settings&tab=square','actioned','',NULL,NULL),(31484,87,'enable-navigation','Activer dans les réglages','https://logibrico.fr/wp-admin/admin.php?page=wc-settings&tab=advanced&section=features','actioned','',NULL,NULL),(32161,81,'lead_gen_existing_customers_1','Yes, please','https://woocommerce.com/take-your-business-to-the-next-level/?utm_source=inbox_note&utm_medium=product&utm_campaign=lead_gen_existing_customers_1','actioned','',NULL,NULL),(32618,88,'pinterest_gtm_q2_2021','Get started for free','https://woocommerce.com/products/pinterest-for-woocommerce/?utm_source=inbox_note&utm_medium=product&utm_campaign=pinterest_gtm_q2_2021','unactioned','',NULL,NULL),(32762,90,'woocommerce_payments_subscriptions_nopayments_q2_2022','Start selling subscriptions','https://woocommerce.com/products/woocommerce-payments/?utm_source=inbox_note&utm_medium=product&utm_campaign=woocommerce_payments_subscriptions_nopayments_q2_2022','actioned','',NULL,NULL),(32763,91,'woocommerce_payments_subscriptions_yespayments_q2_2022','Get started','https://woocommerce.com/document/payments/subscriptions/?utm_source=inbox_note&utm_medium=product&utm_campaign=woocommerce_payments_subscriptions_yespayments_q2_2022#section-2','actioned','',NULL,NULL),(33110,57,'learn-more','En savoir plus','https://woocommerce.com/posts/pre-launch-checklist-the-essentials/?utm_source=inbox&utm_medium=product','actioned','',NULL,NULL),(34075,96,'googlelistings_multicountrygtm_q22022','Get Google Listings & Ads – free','https://woocommerce.com/products/google-listings-and-ads/?utm_source=inbox_note&utm_medium=product&utm_campaign=googlelistings_multicountrygtm_q22022','actioned','',NULL,NULL),(34306,92,'setup_task_second_survey_q2_2022_share_your_input','Share your input','https://t.maze.co/87390007','actioned','',NULL,NULL),(34344,95,'affirm_q2_2022','Get started for free','https://woocommerce.com/products/woocommerce-gateway-affirm/?utm_source=inbox_note&utm_medium=product&utm_campaign=affirm_q2_2022','unactioned','',NULL,NULL),(34572,98,'learn-more','En savoir plus','https://woocommerce.com/mobile/?utm_source=inbox&utm_medium=product','actioned','',NULL,NULL),(34757,97,'wc_ipp_order_creation_GTM_launch_q2_2022','Grow my business on the go','https://woocommerce.com/in-person-payments/?utm_source=inbox_note&utm_medium=product&utm_campaign=wc_ipp_order_creation_GTM_launch_q2_2022','actioned','',NULL,NULL),(35655,94,'wc-admin-EU-consumer-protection','Learn more about these changes','https://ec.europa.eu/info/law/law-topic/consumer-protection-law/review-eu-consumer-law_en#guidance','actioned','',NULL,NULL),(35844,100,'TikTok q2_2022','Promote my products on TikTok','https://woocommerce.com/products/tiktok-for-woocommerce/?utm_source=inbox_note&utm_medium=product&utm_campaign=TikTok%20q2_2022','unactioned','',NULL,NULL),(36140,101,'tiktok-webinar-promo-july2022-button','RSVP Now','https://gettingstartedwithtiktokforwoocommerce.splashthat.com/','actioned','',NULL,NULL),(36982,89,'setup_task_initiative_survey_q2_2022_share_your_input','Share your input','https://t.maze.co/87390007','actioned','',NULL,NULL),(37750,103,'klarna_q3_2022','Grow with Klarna','https://woocommerce.com/products/klarna-payments?utm_source=inbox_note&utm_medium=product&utm_campaign=klarna_q3_2022','unactioned','',NULL,NULL),(38139,102,'mercado_pago_q3_2022','Free download','https://woocommerce.com/products/mercado-pago-checkout/?utm_source=inbox_note&utm_medium=product&utm_campaign=mercado_pago_q3_2022','unactioned','',NULL,NULL),(38145,106,'mobile_app_order_management_q3_2022','Get the WooCommerce Mobile App','https://woocommerce.com/mobile/?utm_source=inbox_note&utm_medium=product&utm_campaign=mobile_app_order_management_q3_2022','actioned','',NULL,NULL),(38735,108,'product_creation_usability_test_6_months_take_a_look','Try it now','https://t.maze.co/103446424','unactioned','',NULL,NULL),(38736,109,'product_creation_usability_test_12_months_take_a_look','Try it now','https://t.maze.co/103446424','unactioned','',NULL,NULL),(38737,107,'product_creation_usability_test_3_months_take_a_look','Try it now','https://t.maze.co/103446424','unactioned','',NULL,NULL),(38898,110,'cta_customize_your_deposits','Customize your deposits','https://woocommerce.com/payments/?utm_source=inbox_note&utm_medium=product&utm_campaign=cta_customize_your_deposits','actioned','',NULL,NULL),(38899,110,'dismiss_customize_your_deposits','Dismiss','','actioned','',NULL,NULL),(39688,113,'pre-black-friday-sale-2022-announcement','Shop the sale','https://woocommerce.com/marketplace-sale/?utm_source=inbox_note&utm_medium=product&utm_campaign=pre-black-friday-sale-2022-announcement','actioned','',NULL,NULL),(39895,111,'googlelistings_signals2022_hasGLA_click','Connect Google Listings & Ads','https://logibrico.fr/wp-admin/admin.php?page=wc-admin&path=marketing','unactioned','',NULL,NULL),(39896,112,'googlelistings_signals2022_noGLA','Connect Google Listings & Ads','https://woocommerce.com/products/google-listings-and-ads/?utm_medium=product&utm_source=inbox_note&utm_campaign=googlelistings_signals2022_noGLA','unactioned','',NULL,NULL),(40270,115,'facebook_q4-2022_hasFB-click','Drive more demand','https://logibrico.fr/wp-admin/admin.php?page=wc-facebook','unactioned','',NULL,NULL),(40352,116,'facebook_q4-2022_noFB-click','Get started','https://woocommerce.com/products/facebook/?utm_source=inbox_note&utm_medium=product&utm_campaign=facebook_q4-2022_noFB-click','unactioned','',NULL,NULL),(40437,72,'wc_shipping_mobile_app_q4_2021','Get the WooCommerce Mobile App','https://woocommerce.com/mobile/?utm_source=inbox_note&utm_medium=product&utm_campaign=wc_shipping_mobile_app_q4_2021','actioned','',NULL,NULL),(40438,4,'set-up-concierge','Schedule free session','https://wordpress.com/me/concierge','actioned','',NULL,NULL),(40440,6,'learn-more-ecomm-unique-shopping-experience','Learn more','https://docs.woocommerce.com/document/product-add-ons/?utm_source=inbox','actioned','',NULL,NULL),(40441,7,'watch-the-webinar','Watch the webinar','https://youtu.be/V_2XtCOyZ7o','actioned','',NULL,NULL),(40444,15,'learn-more','Learn more','https://woocommerce.com/posts/first-things-customize-woocommerce/?utm_source=inbox_note&utm_medium=product&utm_campaign=learn-more','unactioned','',NULL,NULL),(42034,114,'shipping_category_q4_2022_click','Automate my shipping','https://woocommerce.com/product-category/woocommerce-extensions/shipping-delivery-and-fulfillment/?categoryIds=28685&collections=product&page=1&utm_source=inbox_note&utm_medium=product&utm_campaign=shipping_category_q4_2022_click','unactioned','',NULL,NULL),(42248,125,'meta-hasFB-dec-q4-2022','Connect your store','https://logibrico.fr/wp-admin/admin.php?page=wc-facebook','unactioned','',NULL,NULL),(42249,75,'update-store-details','Mettre à jour les informations sur la boutique','https://logibrico.fr/wp-admin/admin.php?page=wc-admin&path=/setup-wizard','actioned','',NULL,NULL),(42506,126,'meta-noFB-dec-q4-2022','Get started','https://woocommerce.com/products/facebook/?utm_source=inbox_note&utm_medium=product&utm_campaign=meta-noFB-dec-q4-2022','unactioned','',NULL,NULL),(42802,122,'wc-admin-manualauthcapture','Learn more','https://woocommerce.com/document/woocommerce-payments/settings-guide/authorize-and-capture/?utm_source=inbox_note&utm_medium=product&utm_campaign=wc-admin-manualauthcapture','actioned','',NULL,NULL),(43127,117,'tiktok-targeted-q4-2022-click','Launch a campaign','https://woocommerce.com/products/tiktok-for-woocommerce/?utm_source=inbox_note&utm_medium=product&utm_campaign=tiktok-targeted-q4-2022-click','unactioned','',NULL,NULL),(43131,123,'apple_pay_square_q422','Enable Apple Pay','https://logibrico.fr/wp-admin/wp-admin/admin.php?page=wc-settings&tab=checkout&section=square_credit_card','unactioned','',NULL,NULL),(43132,124,'apple_pay_wcpay_q422','Enable Apple Pay','https://logibrico.fr/wp-admin/wp-admin/admin.php?page=wc-settings&tab=checkout&section=woocommerce_payments','unactioned','',NULL,NULL),(43349,76,'share-navigation-survey-feedback','Share feedback','https://automattic.survey.fm/feedback-on-woocommerce-navigation','actioned','',NULL,NULL),(44318,129,'storeediting_feedback_jan_2023','Share your input','https://t.maze.co/135212793','actioned','',NULL,NULL),(44521,119,'woocommerce_admin_deprecation_q4_2022','Deactivate WooCommerce Admin','https://logibrico.fr/wp-admin/plugins.php','actioned','',NULL,NULL),(44522,118,'paypal_paylater_g3_q4_22','Installer les Paiements PayPal','https://woocommerce.com/products/woocommerce-paypal-payments/?utm_source=inbox_note&utm_medium=product&utm_campaign=paypal_paylater_g3_q4_22','unactioned','',NULL,NULL),(44575,120,'paypal_paylater_g2_q4_22','Install PayPal Payments','https://woocommerce.com/products/woocommerce-paypal-payments/?utm_source=inbox_note&utm_medium=product&utm_campaign=paypal_paylater_g2_q4_22','unactioned','',NULL,NULL),(44796,56,'update-db_done','Merci !','https://logibrico.fr/wp-admin/admin.php?page=wc-status&tab=action-scheduler&s=woocommerce_run_update&status=pending&wc-hide-notice=update','actioned','woocommerce_hide_notices_nonce','woocommerce_hide_notices_nonce','_wc_notice_nonce'),(45304,73,'browse_extensions','Browse extensions','https://logibrico.fr/wp-admin/admin.php?page=wc-addons','unactioned','',NULL,NULL),(45305,70,'wayflyer_bnpl_q4_2021','Level up with funding','https://woocommerce.com/products/wayflyer/?utm_source=inbox_note&utm_medium=product&utm_campaign=wayflyer_bnpl_q4_2021','actioned','',NULL,NULL),(45306,71,'wc_shipping_mobile_app_usps_q4_2021','Get WooCommerce Shipping','https://woocommerce.com/woocommerce-shipping/?utm_source=inbox_note&utm_medium=product&utm_campaign=wc_shipping_mobile_app_usps_q4_2021','actioned','',NULL,NULL),(45307,5,'learn-more','Learn more','https://docs.woocommerce.com/document/woocommerce-shipping-and-tax/?utm_source=inbox','unactioned','',NULL,NULL),(45308,8,'learn-more','Learn more','https://woocommerce.com/posts/ecommerce-shipping-solutions-guide/?utm_source=inbox_note&utm_medium=product&utm_campaign=learn-more','actioned','',NULL,NULL),(45309,14,'optimizing-the-checkout-flow','Learn more','https://woocommerce.com/posts/optimizing-woocommerce-checkout?utm_source=inbox_note&utm_medium=product&utm_campaign=optimizing-the-checkout-flow','actioned','',NULL,NULL),(45310,16,'qualitative-feedback-from-new-users','Share feedback','https://automattic.survey.fm/wc-pay-new','actioned','',NULL,NULL),(45311,17,'share-feedback','Share feedback','http://automattic.survey.fm/paypal-feedback','unactioned','',NULL,NULL),(45312,34,'get-started','Get started','https://woocommerce.com/products/google-listings-and-ads?utm_source=inbox_note&utm_medium=product&utm_campaign=get-started','actioned','',NULL,NULL),(45313,19,'update-wc-subscriptions-3-0-15','View latest version','https://logibrico.fr/wp-admin/&page=wc-addons&section=helper','actioned','',NULL,NULL),(45314,40,'update-wc-core-5-4-0','How to update WooCommerce','https://docs.woocommerce.com/document/how-to-update-woocommerce/','actioned','',NULL,NULL),(45315,47,'ppxo-pps-install-paypal-payments-1','View upgrade guide','https://docs.woocommerce.com/document/woocommerce-paypal-payments/paypal-payments-upgrade-guide/','actioned','',NULL,NULL),(45316,48,'ppxo-pps-install-paypal-payments-2','View upgrade guide','https://docs.woocommerce.com/document/woocommerce-paypal-payments/paypal-payments-upgrade-guide/','actioned','',NULL,NULL),(45317,50,'learn-more','Learn more','https://woocommerce.com/posts/critical-vulnerability-detected-july-2021/?utm_source=inbox_note&utm_medium=product&utm_campaign=learn-more','unactioned','',NULL,NULL),(45318,50,'dismiss','Dismiss','','actioned','',NULL,NULL),(45319,51,'learn-more','Learn more','https://woocommerce.com/posts/critical-vulnerability-detected-july-2021/?utm_source=inbox_note&utm_medium=product&utm_campaign=learn-more','unactioned','',NULL,NULL),(45320,51,'dismiss','Dismiss','','actioned','',NULL,NULL),(45321,52,'learn-more','Learn more','https://woocommerce.com/posts/critical-vulnerability-detected-july-2021/?utm_source=inbox_note&utm_medium=product&utm_campaign=learn-more','unactioned','',NULL,NULL),(45322,52,'dismiss','Dismiss','','actioned','',NULL,NULL),(45323,53,'learn-more','Learn more','https://woocommerce.com/posts/critical-vulnerability-detected-july-2021/?utm_source=inbox_note&utm_medium=product&utm_campaign=learn-more','unactioned','',NULL,NULL),(45324,53,'dismiss','Dismiss','','actioned','',NULL,NULL),(45325,69,'share-feedback','Share feedback','https://automattic.survey.fm/store-management','unactioned','',NULL,NULL),(45326,84,'learn-more','Learn more','https://developer.woocommerce.com/2022/03/10/woocommerce-3-5-10-6-3-1-security-releases/','unactioned','',NULL,NULL),(45327,84,'woocommerce-core-paypal-march-2022-dismiss','Dismiss','','actioned','',NULL,NULL),(45328,85,'learn-more','Learn more','https://developer.woocommerce.com/2022/03/10/woocommerce-3-5-10-6-3-1-security-releases/','unactioned','',NULL,NULL),(45329,85,'dismiss','Dismiss','','actioned','',NULL,NULL),(45330,86,'pinterest_03_2022_update','Update Instructions','https://woocommerce.com/document/pinterest-for-woocommerce/?utm_source=inbox_note&utm_medium=product&utm_campaign=pinterest_03_2022_update#section-3','actioned','',NULL,NULL),(45331,93,'store_setup_survey_survey_q2_2022_share_your_thoughts','Tell us how it’s going','https://automattic.survey.fm/store-setup-survey-2022','actioned','',NULL,NULL),(45332,99,'wc-admin-wisepad3','Grow my business offline','https://woocommerce.com/products/wisepad3-card-reader/?utm_source=inbox_note&utm_medium=product&utm_campaign=wc-admin-wisepad3','actioned','',NULL,NULL),(45333,104,'learn-more','Find out more','https://developer.woocommerce.com/2022/08/09/woocommerce-payments-3-9-4-4-5-1-security-releases/','unactioned','',NULL,NULL),(45334,104,'dismiss','Dismiss','','actioned','',NULL,NULL),(45335,105,'learn-more','Find out more','https://developer.woocommerce.com/2022/08/09/woocommerce-payments-3-9-4-4-5-1-security-releases/','unactioned','',NULL,NULL),(45336,105,'dismiss','Dismiss','','actioned','',NULL,NULL),(45337,121,'google_listings_ads_custom_attribute_mapping_q4_2022','Learn more','https://woocommerce.com/document/google-listings-and-ads/?utm_source=inbox_note&utm_medium=product&utm_campaign=google_listings_ads_custom_attribute_mapping_q4_2022#attribute-mapping','actioned','',NULL,NULL),(45338,127,'needs-update-eway-payment-gateway-rin-action-button-2022-12-20','See available updates','https://logibrico.fr/wp-admin/update-core.php','unactioned','',NULL,NULL),(45339,127,'needs-update-eway-payment-gateway-rin-dismiss-button-2022-12-20','Dismiss','#','actioned','',NULL,NULL),(45340,128,'updated-eway-payment-gateway-rin-action-button-2022-12-20','See all updates','https://logibrico.fr/wp-admin/update-core.php','unactioned','',NULL,NULL),(45341,128,'updated-eway-payment-gateway-rin-dismiss-button-2022-12-20','Dismiss','#','actioned','',NULL,NULL),(45342,130,'share-navigation-survey-feedback','Share feedback','https://automattic.survey.fm/new-ecommerce-plan-navigation','actioned','',NULL,NULL);

--
-- Table structure for table `wp_wc_admin_notes`
--

CREATE TABLE `wp_wc_admin_notes` (
  `note_id` bigint(20) unsigned NOT NULL AUTO_INCREMENT,
  `name` varchar(255) COLLATE utf8mb4_unicode_520_ci NOT NULL,
  `type` varchar(20) COLLATE utf8mb4_unicode_520_ci NOT NULL,
  `locale` varchar(20) COLLATE utf8mb4_unicode_520_ci NOT NULL,
  `title` longtext COLLATE utf8mb4_unicode_520_ci NOT NULL,
  `content` longtext COLLATE utf8mb4_unicode_520_ci NOT NULL,
  `content_data` longtext COLLATE utf8mb4_unicode_520_ci,
  `status` varchar(200) COLLATE utf8mb4_unicode_520_ci NOT NULL,
  `source` varchar(200) COLLATE utf8mb4_unicode_520_ci NOT NULL,
  `date_created` datetime NOT NULL DEFAULT '0000-00-00 00:00:00',
  `date_reminder` datetime DEFAULT NULL,
  `is_snoozable` tinyint(1) NOT NULL DEFAULT '0',
  `layout` varchar(20) COLLATE utf8mb4_unicode_520_ci NOT NULL DEFAULT '',
  `image` varchar(200) COLLATE utf8mb4_unicode_520_ci DEFAULT NULL,
  `is_deleted` tinyint(1) NOT NULL DEFAULT '0',
  `icon` varchar(200) COLLATE utf8mb4_unicode_520_ci NOT NULL DEFAULT 'info',
  `is_read` tinyint(1) NOT NULL DEFAULT '0',
  PRIMARY KEY (`note_id`)
) ENGINE=InnoDB AUTO_INCREMENT=131 DEFAULT CHARSET=utf8mb4 COLLATE=utf8mb4_unicode_520_ci;

--
-- Dumping data for table `wp_wc_admin_notes`
--

INSERT INTO `wp_wc_admin_notes` VALUES (1,'paypal_ppcp_gtm_2021','marketing','en_US','Offer more options with the new PayPal','Get the latest PayPal extension for a full suite of payment methods with extensive currency and country coverage.','{}','pending','woocommerce.com','2021-04-08 04:14:29',NULL,0,'plain','',0,'info',0),(2,'facebook_pixel_api_2021','marketing','en_US','Improve the performance of your Facebook ads','Enable Facebook Pixel and Conversions API through the latest version of Facebook for WooCommerce for improved measurement and ad targeting capabilities.','{}','pending','woocommerce.com','2021-04-08 04:14:29',NULL,0,'plain','',0,'info',0),(3,'facebook_ec_2021','marketing','en_US','Sync your product catalog with Facebook to help boost sales','A single click adds all products to your Facebook Business Page shop. Product changes are automatically synced, with the flexibility to control which products are listed.','{}','pending','woocommerce.com','2021-04-08 04:14:29',NULL,0,'plain','',0,'info',0),(4,'ecomm-need-help-setting-up-your-store','info','en_US','Need help setting up your Store?','Schedule a free 30-min <a href=\"https://wordpress.com/support/concierge-support/\">quick start session</a> and get help from our specialists. We’re happy to walk through setup steps, show you around the WordPress.com dashboard, troubleshoot any issues you may have, and help you the find the features you need to accomplish your goals for your site.','{}','pending','woocommerce.com','2021-04-08 04:14:29',NULL,0,'plain','',0,'info',0),(5,'woocommerce-services','info','en_US','WooCommerce Shipping & Tax','WooCommerce Shipping &amp; Tax helps get your store \"ready to sell\" as quickly as possible. You create your products. We take care of tax calculation, payment processing, and shipping label printing! Learn more about the extension that you just installed.','{}','unactioned','woocommerce.com','2021-04-08 08:17:49',NULL,0,'plain','',0,'info',0),(6,'ecomm-unique-shopping-experience','info','en_US','For a shopping experience as unique as your customers','Product Add-Ons allow your customers to personalize products while they\'re shopping on your online store. No more follow-up email requests—customers get what they want, before they\'re done checking out. Learn more about this extension that comes included in your plan.','{}','pending','woocommerce.com','2021-04-08 04:14:29',NULL,0,'plain','',0,'info',0),(7,'wc-admin-getting-started-in-ecommerce','info','en_US','Getting Started in eCommerce - webinar','We want to make eCommerce and this process of getting started as easy as possible for you. Watch this webinar to get tips on how to have our store up and running in a breeze.','{}','unactioned','woocommerce.com','2021-04-08 08:17:49',NULL,0,'plain','',0,'info',0),(8,'your-first-product','info','en_US','Your first product','That’s huge! You’re well on your way to building a successful online store — now it’s time to think about how you’ll fulfill your orders.<br /><br />Read our shipping guide to learn best practices and options for putting together your shipping strategy. And for WooCommerce stores in the United States, you can print discounted shipping labels via USPS with <a href=\"https://href.li/?https://woocommerce.com/shipping\" target=\"_blank\">WooCommerce Shipping</a>.','{}','unactioned','woocommerce.com','2021-04-14 21:35:23',NULL,0,'plain','',0,'info',0),(9,'wc-square-apple-pay-boost-sales','marketing','en_US','Boost sales with Apple Pay','Now that you accept Apple Pay® with Square you can increase conversion rates by letting your customers know that Apple Pay® is available. Here’s a marketing guide to help you get started.','{}','pending','woocommerce.com','2021-04-08 04:14:29',NULL,0,'plain','',0,'info',0),(10,'wc-square-apple-pay-grow-your-business','marketing','en_US','Grow your business with Square and Apple Pay ','Now more than ever, shoppers want a fast, simple, and secure online checkout experience. Increase conversion rates by letting your customers know that you now accept Apple Pay®.','{}','pending','woocommerce.com','2021-04-08 04:14:29',NULL,0,'plain','',0,'info',0),(11,'wcpay-apple-pay-is-now-available','marketing','en_US','Apple Pay is now available with WooCommerce Payments!','Increase your conversion rate by offering a fast and secure checkout with <a href=\"https://woocommerce.com/apple-pay/?utm_source=inbox&amp;utm_medium=product&amp;utm_campaign=wcpay_applepay\" target=\"_blank\">Apple Pay</a>®. It’s free to get started with <a href=\"https://woocommerce.com/payments/?utm_source=inbox&amp;utm_medium=product&amp;utm_campaign=wcpay_applepay\" target=\"_blank\">WooCommerce Payments</a>.','{}','pending','woocommerce.com','2021-04-08 04:14:29',NULL,0,'plain','',0,'info',0),(12,'wcpay-apple-pay-boost-sales','marketing','en_US','Boost sales with Apple Pay','Now that you accept Apple Pay® with WooCommerce Payments you can increase conversion rates by letting your customers know that Apple Pay® is available. Here’s a marketing guide to help you get started.','{}','pending','woocommerce.com','2021-04-08 04:14:29',NULL,0,'plain','',0,'info',0),(13,'wcpay-apple-pay-grow-your-business','marketing','en_US','Grow your business with WooCommerce Payments and Apple Pay','Now more than ever, shoppers want a fast, simple, and secure online checkout experience. Increase conversion rates by letting your customers know that you now accept Apple Pay®.','{}','unactioned','woocommerce.com','2021-11-11 10:14:54',NULL,0,'plain','',0,'info',0),(14,'wc-admin-optimizing-the-checkout-flow','info','en_US','Optimizing the checkout flow','It’s crucial to get your store’s checkout as smooth as possible to avoid losing sales. Let’s take a look at how you can optimize the checkout experience for your shoppers.','{}','unactioned','woocommerce.com','2021-09-08 15:02:49',NULL,0,'plain','',0,'info',0),(15,'wc-admin-first-five-things-to-customize','info','en_US','The first 5 things to customize in your store','Deciding what to start with first is tricky. To help you properly prioritize, we’ve put together this short list of the first few things you should customize in WooCommerce.','{}','unactioned','woocommerce.com','2021-04-14 16:07:33',NULL,0,'plain','',0,'info',0),(16,'wc-payments-qualitative-feedback','info','en_US','WooCommerce Payments setup - let us know what you think','Congrats on enabling WooCommerce Payments for your store. Please share your feedback in this 2 minute survey to help us improve the setup process.','{}','unactioned','woocommerce.com','2022-05-12 10:14:42',NULL,0,'plain','',0,'info',0),(17,'share-your-feedback-on-paypal','info','en_US','Share your feedback on PayPal','Share your feedback in this 2 minute survey about how we can make the process of accepting payments more useful for your store.','{}','pending','woocommerce.com','2021-04-08 04:14:29',NULL,0,'plain','',0,'info',0),(18,'wcpay_instant_deposits_gtm_2021','marketing','en_US','Get paid within minutes – Instant Deposits for WooCommerce Payments','Stay flexible with immediate access to your funds when you need them – including nights, weekends, and holidays. With <a href=\"https://woocommerce.com/products/woocommerce-payments/?utm_source=inbox&amp;utm_medium=product&amp;utm_campaign=wcpay_instant_deposits\">WooCommerce Payments\'</a> new Instant Deposits feature, you’re able to transfer your earnings to a debit card within minutes.','{}','pending','woocommerce.com','2021-04-08 04:14:29',NULL,0,'plain','',0,'info',0),(19,'wc-subscriptions-security-update-3-0-15','info','en_US','WooCommerce Subscriptions security update!','We recently released an important security update to WooCommerce Subscriptions. To ensure your site’s data is protected, please upgrade <strong>WooCommerce Subscriptions to version 3.0.15</strong> or later.<br /><br />Click the button below to view and update to the latest Subscriptions version, or log in to <a href=\"https://woocommerce.com/my-dashboard\">WooCommerce.com Dashboard</a> and navigate to your <strong>Downloads</strong> page.<br /><br />We recommend always using the latest version of WooCommerce Subscriptions, and other software running on your site, to ensure maximum security.<br /><br />If you have any questions we are here to help — just <a href=\"https://woocommerce.com/my-account/create-a-ticket/\">open a ticket</a>.','{}','pending','woocommerce.com','2021-04-08 04:14:29',NULL,0,'plain','',0,'info',0),(20,'wc-admin-wc-helper-connection','info','en_US','Se connecter à WooCommerce.com','Connectez-vous pour obtenir des notifications et des mises à jour importantes sur les produits.','{}','unactioned','woocommerce-admin','2021-06-03 10:14:29',NULL,0,'plain','',0,'info',0),(21,'wc-admin-onboarding-email-marketing','info','en_US','Inscrivez-vous pour recevoir des astuces, des mises à jour des produits et des sources d’inspiration','Nous sommes là pour vous, obtenir des astuces, mises à jour de produits et inspirations directement dans votre boîte e-mail','{}','actioned','woocommerce-admin','2021-06-03 10:14:30',NULL,0,'plain','',0,'info',0),(22,'storefront-customize','info','en_US','Concevez votre boutique avec Storefront ?','Visitez la page des réglages pour démarrer la configuration et la personnalisation de votre boutique.','{}','unactioned','storefront','2021-06-03 10:17:52',NULL,0,'plain','',0,'info',0),(25,'wc-admin-choosing-a-theme','marketing','en_US','Vous cherchez un thème ?','Découvrez les thèmes compatibles avec WooCommerce et choisissez celui qui correspond le mieux à l’image de votre marque et à vos besoins.','{}','unactioned','woocommerce-admin','2021-06-04 10:21:46',NULL,0,'plain','',0,'info',0),(28,'wc-admin-mobile-app','info','en_US','Installer l’application mobile Woo','Installez l’application mobile WooCommerce pour gérer les commandes, recevoir des notifications de vente et afficher les statistiques principales où que vous soyez.','{}','unactioned','woocommerce-admin','2021-06-09 14:07:31',NULL,0,'plain','',0,'info',0),(29,'wc-admin-onboarding-payments-reminder','info','en_US','Commencer à accepter les paiements sur votre boutique !','Accepter les paiements avec le fournisseur qui vous convient, parmi plus de 100 passerelles de paiement pour WooCommerce.','{}','unactioned','woocommerce-admin','2021-06-09 14:07:32',NULL,0,'plain','',0,'info',0),(34,'google_listings_and_ads_install','marketing','en_US','Drive traffic and sales with Google','Reach online shoppers to drive traffic and sales for your store by showcasing products across Google, for free or with ads.','{}','pending','woocommerce.com','2021-04-14 16:07:33',NULL,0,'plain','',0,'info',0),(36,'wc-admin-usage-tracking-opt-in','info','en_US','Aider WooCommerce à améliorer ses services grâce au suivi de l’utilisation','Récupérer les données d’utilisation nous permet d’améliorer WooCommerce. Votre boutique sera prise en compte lors de l’évaluation des nouvelles fonctionnalités et de la qualité d’une mise à jour, ou pour déterminer l’intérêt d’une amélioration. Vous pouvez toujours consulter les <a href=\"https://logibrico.fr/wp-admin/admin.php?page=wc-settings&#038;tab=advanced&#038;section=woocommerce_com\" target=\"_blank\">Paramètres</a> et choisir d’interrompre le partage des données. <a href=\"https://woocommerce.com/usage-tracking\" target=\"_blank\">En savoir plus</a> sur les données que nous collectons.','{}','unactioned','woocommerce-admin','2021-06-10 10:34:21',NULL,0,'plain','',0,'info',0),(37,'wc-admin-store-notice-giving-feedback-2','info','en_US','Nous vous invitons à partager votre expérience','Maintenant que vous nous avez choisis comme partenaire, notre objectif est de nous assurer que nous vous fournissons les bons outils pour répondre à vos besoins. Nous sommes impatients de recevoir vos commentaires sur votre expérience de conception de la boutique pour que nous puissions l’améliorer à l’avenir.','{}','unactioned','woocommerce-admin','2021-06-11 10:15:10',NULL,0,'plain','',0,'info',0),(39,'wc-admin-customizing-product-catalog','info','en_US','Comment personnaliser votre catalogue de produits','Vous souhaitez soigner l’apparence de vos images et de votre catalogue de produits tout en vous conformant à votre marque. Ce guide contient tous les conseils dont vous avez besoin pour mettre en valeur vos produits dans votre boutique.','{}','unactioned','woocommerce-admin','2021-06-11 10:15:10',NULL,0,'plain','',0,'info',0),(40,'woocommerce-core-update-5-4-0','info','en_US','Update to WooCommerce 5.4.1 now','WooCommerce 5.4.1 addresses a checkout issue discovered in WooCommerce 5.4. We recommend upgrading to WooCommerce 5.4.1 as soon as possible.','{}','pending','woocommerce.com','2021-04-17 06:15:11',NULL,0,'plain','',0,'info',0),(41,'wcpay-promo-2020-11','marketing','en_US','wcpay-promo-2020-11','wcpay-promo-2020-11','{}','pending','woocommerce.com','2021-04-21 00:49:47',NULL,0,'plain','',0,'info',0),(42,'wcpay-promo-2020-12','marketing','en_US','wcpay-promo-2020-12','wcpay-promo-2020-12','{}','pending','woocommerce.com','2021-04-21 00:49:47',NULL,0,'plain','',0,'info',0),(43,'wcpay-promo-2021-6-incentive-1','marketing','en_US','Simplify the payments process for you and your customers with WooCommerce Payments','With <a href=\"https://woocommerce.com/payments/?utm_medium=notification&amp;utm_source=product&amp;utm_campaign=wcpay601\">WooCommerce Payments</a>, you can securely accept all major cards, Apple Pay®, and recurring revenue in over 100 currencies.\n				Built into your store’s WooCommerce dashboard, track cash flow and manage all of your transactions in one place – with no setup costs or monthly fees.\n				<br /><br />\n				By clicking \"Get WooCommerce Payments,\" you agree to the <a href=\"https://wordpress.com/tos/?utm_medium=notification&amp;utm_source=product&amp;utm_campaign=wcpay601\">Terms of Service</a>\n				and acknowledge you have read the <a href=\"https://automattic.com/privacy/\">Privacy Policy</a>.\n				','{}','pending','woocommerce.com','2021-04-21 00:49:47',NULL,0,'plain','',0,'info',0),(44,'wcpay-promo-2021-6-incentive-2','marketing','en_US','Simplify the payments process for you and your customers with WooCommerce Payments','With <a href=\"https://woocommerce.com/payments/?utm_medium=notification&amp;utm_source=product&amp;utm_campaign=wcpay601\">WooCommerce Payments</a>, you can securely accept all major cards, Apple Pay®, and recurring revenue in over 100 currencies.\n				Built into your store’s WooCommerce dashboard, track cash flow and manage all of your transactions in one place – with no setup costs or monthly fees.\n				<br /><br />\n				By clicking \"Get WooCommerce Payments,\" you agree to the <a href=\"https://wordpress.com/tos/?utm_medium=notification&amp;utm_source=product&amp;utm_campaign=wcpay601\">Terms of Service</a>\n				and acknowledge you have read the <a href=\"https://automattic.com/privacy/\">Privacy Policy</a>.\n				','{}','pending','woocommerce.com','2021-04-21 00:49:47',NULL,0,'plain','',0,'info',0),(45,'wc-admin-customize-store-with-blocks','info','en_US','Personnalisez votre boutique en ligne avec les blocs WooCommerce','Nos blocs vous permettent de sélectionner et d’afficher des produits, catégories, filtres et plus encore, pratiquement partout sur votre site. Pas besoin d’utiliser des codes courts ni de modifier des lignes de code. En savoir plus sur l’utilisation de chacun de ces blocs.','{}','unactioned','woocommerce-admin','2021-06-19 19:28:37',NULL,0,'plain','',0,'info',0),(46,'eu_vat_changes_2021','marketing','en_US','Get your business ready for the new EU tax regulations','On July 1, 2021, new taxation rules will come into play when the <a href=\"https://ec.europa.eu/taxation_customs/business/vat/modernising-vat-cross-border-ecommerce_en\">European Union (EU) Value-Added Tax (VAT) eCommerce package</a> takes effect.<br /><br />The new regulations will impact virtually every B2C business involved in cross-border eCommerce trade with the EU.<br /><br />We therefore recommend <a href=\"https://woocommerce.com/posts/new-eu-vat-regulations\">familiarizing yourself with the new updates</a>, and consult with a tax professional to ensure your business is following regulations and best practice.','{}','unactioned','woocommerce.com','2021-05-01 20:13:53',NULL,0,'plain','',0,'info',0),(47,'ppxo-pps-upgrade-paypal-payments-1','info','en_US','Get the latest PayPal extension for WooCommerce','Heads up! There’s a new PayPal on the block!<br /><br />Now is a great time to upgrade to our latest <a href=\"https://woocommerce.com/products/woocommerce-paypal-payments/\" target=\"_blank\">PayPal extension</a> to continue to receive support and updates with PayPal.<br /><br />Get access to a full suite of PayPal payment methods, extensive currency and country coverage, and pay later options with the all-new PayPal extension for WooCommerce.','{}','pending','woocommerce.com','2021-05-01 20:13:53',NULL,0,'plain','',0,'info',0),(48,'ppxo-pps-upgrade-paypal-payments-2','info','en_US','Upgrade your PayPal experience!','Get access to a full suite of PayPal payment methods, extensive currency and country coverage, offer subscription and recurring payments, and the new PayPal pay later options.<br /><br />Start using our <a href=\"https://woocommerce.com/products/woocommerce-paypal-payments/\" target=\"_blank\">latest PayPal today</a> to continue to receive support and updates.','{}','pending','woocommerce.com','2021-05-01 20:13:53',NULL,0,'plain','',0,'info',0),(49,'wayflyer_q3_2021','marketing','en_US','Grow your revenue with Wayflyer financing and analytics','Flexible financing tailored to your needs by <a href=\"https://woocommerce.com/products/wayflyer/\">Wayflyer</a> – one fee, no interest rates, penalties, equity, or personal guarantees. Based on your store\'s performance, Wayflyer can provide the financing you need to grow and the analytical insights to help you spend it.','{}','pending','woocommerce.com','2021-05-30 03:53:38',NULL,0,'plain','',0,'info',0),(50,'woocommerce-core-sqli-july-2021-need-to-update','update','en_US','Action required: Critical vulnerabilities in WooCommerce','In response to a critical vulnerability identified on July 13, 2021, we are working with the WordPress Plugins Team to deploy software updates to stores running WooCommerce (versions 3.3 to 5.5) and the WooCommerce Blocks feature plugin (versions 2.5 to 5.5).<br /><br />Our investigation into this vulnerability is ongoing, but <strong>we wanted to let you know now about the importance of updating immediately</strong>.<br /><br />For more information on which actions you should take, as well as answers to FAQs, please urgently review our blog post detailing this issue.','{}','pending','woocommerce.com','2021-06-03 06:31:13',NULL,0,'plain','',0,'info',0),(51,'woocommerce-blocks-sqli-july-2021-need-to-update','update','en_US','Action required: Critical vulnerabilities in WooCommerce Blocks','In response to a critical vulnerability identified on July 13, 2021, we are working with the WordPress Plugins Team to deploy software updates to stores running WooCommerce (versions 3.3 to 5.5) and the WooCommerce Blocks feature plugin (versions 2.5 to 5.5).<br /><br />Our investigation into this vulnerability is ongoing, but <strong>we wanted to let you know now about the importance of updating immediately</strong>.<br /><br />For more information on which actions you should take, as well as answers to FAQs, please urgently review our blog post detailing this issue.','{}','pending','woocommerce.com','2021-06-03 06:31:13',NULL,0,'plain','',0,'info',0),(52,'woocommerce-core-sqli-july-2021-store-patched','update','en_US','Solved: Critical vulnerabilities patched in WooCommerce','In response to a critical vulnerability identified on July 13, 2021, we worked with the WordPress Plugins Team to deploy software updates to stores running WooCommerce (versions 3.3 to 5.5) and the WooCommerce Blocks feature plugin (versions 2.5 to 5.5).<br /><br /><strong>Your store has been updated to the latest secure version(s)</strong>. For more information and answers to FAQs, please review our blog post detailing this issue.','{}','pending','woocommerce.com','2021-06-03 06:31:13',NULL,0,'plain','',0,'info',0),(53,'woocommerce-blocks-sqli-july-2021-store-patched','update','en_US','Solved: Critical vulnerabilities patched in WooCommerce Blocks','In response to a critical vulnerability identified on July 13, 2021, we worked with the WordPress Plugins Team to deploy software updates to stores running WooCommerce (versions 3.3 to 5.5) and the WooCommerce Blocks feature plugin (versions 2.5 to 5.5).<br /><br /><strong>Your store has been updated to the latest secure version(s)</strong>. For more information and answers to FAQs, please review our blog post detailing this issue.','{}','pending','woocommerce.com','2021-06-03 06:31:13',NULL,0,'plain','',0,'info',0),(54,'mercadopago_q3_2021_EN','marketing','en_US','Get paid with Mercado Pago Checkout','Latin America\'s leading payment processor is now available for WooCommerce stores. Securely accept debit and credit cards, cash, bank transfers, and installment payments – backed by exclusive fraud prevention tools.','{}','pending','woocommerce.com','2021-08-17 09:57:13',NULL,0,'plain','',0,'info',0),(55,'wc-admin-real-time-order-alerts','info','en_US','Obtenir des alertes de commande en temps réel n’importe où','Obtenez des notifications sur l’activité de votre boutique, notamment des nouvelles commandes et des avis sur vos produits, directement sur vos appareils mobiles grâce à l’application Woo.','{}','unactioned','woocommerce-admin','2021-09-01 19:50:21',NULL,0,'plain','',0,'info',0),(56,'wc-update-db-reminder','update','en_US','Mise à jour de la base de données de WooCommerce effectuée','Mise à jour des données WooCommerce effectuée. Merci d’avoir installé la dernière version !','{}','actioned','woocommerce-core','2021-09-16 15:34:39',NULL,0,'plain','',0,'info',1),(57,'wc-admin-launch-checklist','info','en_US','Prêt à lancer votre boutique ?','Pour ne jamais ressentir cette sensation d’avoir oublié quelque chose, nous avons conçu une liste de contrôle reprenant les points essentiels avant lancement.','{}','actioned','woocommerce-admin','2021-09-17 21:13:31',NULL,0,'plain','',0,'info',0),(58,'wc-payments-notes-set-up-refund-policy','info','en_US','Set up refund policy','Protect your merchant account from fraudulent disputes by defining the policy and making it accessible to customers.','{}','unactioned','woocommerce-payments','2021-10-07 07:09:40',NULL,0,'plain','',0,'info',0),(59,'wc-payments-notes-multi-currency-available','info','en_US','Sell worldwide in multiple currencies','Boost your international sales by allowing your customers to shop and pay in their local currency.','{}','unactioned','woocommerce-payments','2021-10-07 07:09:40',NULL,0,'plain','',0,'info',0),(60,'wc-admin-eu-vat-number','marketing','en_US','Collecter et valider les numéros de TVA intracommunautaire lors de la validation de commande','Si votre boutique se trouve dans l’UE, nous vous recommandons d’utiliser l’extension de numéro de TVA intracommunautaire en plus des taxes automatisées. Cela ajoute à votre validation de commande un champ pour collecter et valider le numéro de TVA intracommunautaire du client, s’il en possède un.','{}','unactioned','woocommerce-admin','2021-10-20 10:15:33',NULL,0,'plain','',0,'info',0),(62,'wc-admin-orders-milestone','info','en_US','Première commande reçue','Félicitations pour votre première commande ! C’est le moment idéal pour apprendre à gérer vos commandes.','{}','actioned','woocommerce-admin','2021-11-04 09:03:40',NULL,0,'plain','',0,'info',0),(63,'stripe_applepay_holiday2021','marketing','en_US','Boost sales this holiday season with Apple Pay!','Increase your conversion rate by letting your customers know that you accept Apple Pay. It’s seamless to <a href=\"https://docs.woocommerce.com/document/stripe/?_ga=2.90941597.642705274.1635776464-1391993999.1621950839#apple-pay\">enable Apple Pay with Stripe</a> and easy to communicate it with this <a href=\"https://developer.apple.com/apple-pay/marketing/\">marketing guide</a>.','{}','pending','woocommerce.com','2021-11-11 10:14:53',NULL,0,'plain','',0,'info',0),(64,'square_applepay_holiday2021','marketing','en_US','Boost sales this holiday season with Apple Pay!','Increase your conversion rate by letting your customers know that you accept Apple Pay. It’s seamless to <a href=\"https://docs.woocommerce.com/document/woocommerce-square/?_ga=2.90941597.642705274.1635776464-1391993999.1621950839#section-14\">enable Apple Pay with Square</a> and easy to communicate it with this <a href=\"https://developer.apple.com/apple-pay/marketing/\">marketing guide</a>.','{}','pending','woocommerce.com','2021-11-11 10:14:53',NULL,0,'plain','',0,'info',0),(65,'wcpay_applepay_holiday2021','marketing','en_US','Boost sales this holiday season with Apple Pay!','Increase your conversion rate by letting your customers know that you accept Apple Pay. It’s seamless to <a href=\"https://docs.woocommerce.com/document/payments/apple-pay/\">enable Apple Pay with WooCommerce Payments</a> and easy to communicate it with this <a href=\"https://developer.apple.com/apple-pay/marketing/\">marketing guide</a>.','{}','unactioned','woocommerce.com','2021-11-11 10:14:53',NULL,0,'plain','',0,'info',0),(66,'new_in_app_marketplace_2021_1','info','en_US','Grow your business with extensions','Check out our NEW Extensions tab to see our favorite extensions for growing your business, and discover the most popular extensions in the WooCommerce Marketplace.','{}','pending','woocommerce.com','2021-11-11 10:14:53',NULL,0,'plain','',0,'info',0),(67,'new_in_app_marketplace_2021_2','info','en_US','Customize your store with extensions','Check out our NEW Extensions tab to see our favorite extensions for customizing your store, and discover the most popular extensions in the WooCommerce Marketplace.','{}','unactioned','woocommerce.com','2021-11-11 10:14:53',NULL,0,'plain','',0,'info',0),(68,'bbpos-chipper-launch','marketing','en_US','Ready to grow your business beyond online?','Collect payment in person for orders placed online using WooCommerce In-Person Payments. The BBPOS Chipper card reader can process payments securely, and keep everything synced in your WooCommerce Payments dashboard – no matter where you are.','{}','pending','woocommerce.com','2021-11-11 10:14:54',NULL,0,'plain','',0,'info',0),(69,'habit-moment-survey','marketing','en_US','We’re all ears! Share your experience so far with WooCommerce','We’d love your input to shape the future of WooCommerce together. Feel free to share any feedback, ideas or suggestions that you have.','{}','pending','woocommerce.com','2021-11-11 10:14:54',NULL,0,'plain','',0,'info',0),(70,'wayflyer_bnpl_q4_2021','marketing','en_US','Grow your business with funding through Wayflyer','Fast, flexible financing to boost cash flow and help your business grow – one fee, no interest rates, penalties, equity, or personal guarantees. Based on your store’s performance, Wayflyer provides funding and analytical insights to invest in your business.','{}','pending','woocommerce.com','2021-11-12 10:14:51',NULL,0,'plain','',0,'info',0),(71,'wc_shipping_mobile_app_usps_q4_2021','marketing','en_US','Print and manage your shipping labels with WooCommerce Shipping and the WooCommerce Mobile App','Save time by printing, purchasing, refunding, and tracking shipping labels generated by <a href=\"https://woocommerce.com/woocommerce-shipping/\">WooCommerce Shipping</a> – all directly from your mobile device!','{}','pending','woocommerce.com','2021-11-12 10:14:51',NULL,0,'plain','',0,'info',0),(72,'wc_shipping_mobile_app_q4_2021','marketing','en_US','Print and manage your shipping labels with the WooCommerce Mobile App','Save time by printing, purchasing, refunding, and tracking shipping labels generated by <a href=\"https://woocommerce.com/woocommerce-shipping/\">WooCommerce Shipping</a> – all directly from your mobile device!','{}','pending','woocommerce.com','2021-11-12 10:14:51',NULL,0,'plain','',0,'info',0),(73,'new_in_app_marketplace_2021','info','en_US','Customize your store with extensions','Check out our NEW Extensions tab to see our favorite extensions for customizing your store, and discover the most popular extensions in the WooCommerce Marketplace.','{}','unactioned','woocommerce.com','2021-11-23 10:17:28',NULL,0,'plain','',0,'info',0),(74,'wc-admin-manage-orders-on-the-go','info','en_US','Gérez vos commandes à la volée','Recherchez des commandes et des informations sur les clients, et effectuez des remboursements en un clic à l’aide de l’application Woo.','{}','unactioned','woocommerce-admin','2021-11-30 10:14:48',NULL,0,'plain','',0,'info',0),(76,'ecomm-wc-navigation-survey','info','en_US','We’d like your feedback on the WooCommerce navigation','We’re making improvements to the WooCommerce navigation and would love your feedback. Share your experience in this 2 minute survey.','{}','pending','woocommerce.com','2022-01-06 10:14:30',NULL,0,'plain','',0,'info',0),(77,'wc_simple_payments_m2_reader_launch_q1_2022','marketing','en_US','Take quick and easy in-person payments','WooCommerce is continuing to power up your business with our new Simple Payments feature, built exclusively for WooCommerce In-Person Payments. Capture quick and simple payments anywhere else your customers are – or offer a local pickup option with payment taken in-person for orders placed online.','{}','pending','woocommerce.com','2022-02-04 10:16:45',NULL,0,'plain','',0,'info',0),(78,'wcpay_applepay_q1_2022','marketing','en_US','Increase conversions with Apple Pay – just like Diane does','See how Diane from <a href=\"https://woocommerce.com/posts/lady-dye-yarns-from-crafts-to-activism-with-woocommerce/?utm_source=product&amp;utm_medium=inboxnotification&amp;utm_campaign=apple-pay\" target=\"_blank\">Lady Dye Yarns</a> uses Apple Pay to provide customers with the fast, secure checkout experience they love. You can, too – Apple Pay is included in WooCommerce Payments. Here\'s how you can increase conversions by encouraging shoppers to pay with a single tap.','{}','unactioned','woocommerce.com','2022-02-07 10:14:45',NULL,0,'plain','',0,'info',0),(79,'stripe_applepay_q1_2022','marketing','en_US','Increase conversions with Apple Pay – just like Thomas does','Read the inspirational story of <a href=\"https://woocommerce.com/posts/incredible-story-of-thomas-trendy-socks-down-syndrome-entrepreneur/?utm_source=product&amp;utm_medium=inboxnotification&amp;utm_campaign=apple-pay\" target=\"_blank\">Thomas\'s Trendy Socks</a> and see how he’s using Apple Pay to provide customers with the fast, secure checkout experience they love. You can, too – ready to turn more visitors into buyers? Accept Apple Pay by selecting Enable express checkouts in Settings &gt; Payments &gt; Stripe.','{}','pending','woocommerce.com','2022-02-07 10:14:45',NULL,0,'plain','',0,'info',0),(80,'square_applepay_q1_2022','marketing','en_US','Increase conversions with a faster checkout experience','By enabling Apple Pay in Square, your customers can complete purchases quickly and securely with a single touch or a glance – no lengthy checkout forms necessary. Accept Apple Pay by enabling Digital Wallets within Settings &gt; Payments &gt; Square.','{}','pending','woocommerce.com','2022-02-07 10:14:45',NULL,0,'plain','',0,'info',0),(81,'lead_gen_existing_customers_1','marketing','en_US','Talk to a consultant','As your business grows, you want to optimize costs, streamline operations, and sell more. We can help. Talk to us about how you can get the most out of WooCommerce.','{}','pending','woocommerce.com','2022-02-11 10:14:34',NULL,0,'plain','',0,'info',0),(82,'wc-admin-coupon-page-moved','update','en_US','La gestion des codes promo a changé d’emplacement !','Vous gérez désormais les codes promo dans Marketing &gt; Codes promo. Cliquez sur le bouton ci-dessous pour supprimer l’élément de menu hérité WooCommerce &gt; Codes promo.','{}','actioned','woocommerce-admin','2022-02-15 10:24:07',NULL,0,'plain','',0,'info',1),(83,'wc-admin-performance-on-mobile','info','en_US','Suivre les performances de votre boutique sur mobile','Suivez vos ventes et performances de vos produits avec l’application Woo.','{}','unactioned','woocommerce-admin','2022-02-28 10:17:56',NULL,0,'plain','',0,'info',0),(84,'woocommerce-core-paypal-march-2022-updated','update','en_US','Security auto-update of WooCommerce','<strong>Your store has been updated to the latest secure version of WooCommerce</strong>. We worked with WordPress to deploy PayPal Standard security updates for stores running WooCommerce (version 3.5 to 6.3). It’s recommended to disable PayPal Standard, and use <a href=\"https://woocommerce.com/products/woocommerce-paypal-payments/\" target=\"_blank\">PayPal Payments</a> to accept PayPal.','{}','actioned','woocommerce.com','2022-03-11 10:16:54',NULL,0,'plain','',0,'info',1),(85,'woocommerce-core-paypal-march-2022-updated-nopp','update','en_US','Security auto-update of WooCommerce','<strong>Your store has been updated to the latest secure version of WooCommerce</strong>. We worked with WordPress to deploy security updates related to PayPal Standard payment gateway for stores running WooCommerce (version 3.5 to 6.3).','{}','pending','woocommerce.com','2022-03-11 10:16:54',NULL,0,'plain','',0,'info',0),(86,'pinterest_03_2022_update','marketing','en_US','Your Pinterest for WooCommerce plugin is out of date!','Update to the latest version of Pinterest for WooCommerce to continue using this plugin and keep your store connected with Pinterest. To update, visit <strong>Plugins &gt; Installed Plugins</strong>, and click on “update now” under Pinterest for WooCommerce.','{}','pending','woocommerce.com','2022-03-24 10:14:40',NULL,0,'plain','',0,'info',0),(87,'wc-admin-navigation-nudge','info','en_US','Vous avez maintenant accès à la navigation WooCommerce','Nous introduisons une nouvelle navigation pour une expérience utilisateur plus intuitive et améliorée. Vous pouvez activer la version bêta de la nouvelle expérience dans les paramètres avancés. Activez-le maintenant pour votre boutique.','{}','unactioned','woocommerce-admin','2022-04-13 10:15:05',NULL,0,'plain','',0,'info',0),(88,'pinterest_gtm_q2_2021','marketing','en_US','Get your products in front of a large, engaged audience','Did you know that shoppers on Pinterest spend twice as much as people on other social platforms? With the new, official Pinterest for WooCommerce, you can turn your product catalog into shoppable Pins and showcase them to 400+ million monthly users looking to buy.','{}','unactioned','woocommerce.com','2022-04-24 10:14:47',NULL,0,'plain','',0,'info',0),(89,'setup_task_initiative_survey_q2_2022','survey','en_US','We want to know what matters most to you','Take 2 minutes to give us your input on what is important for you while setting up your store and help shape the future of WooCommerce together.','{}','pending','woocommerce.com','2022-04-26 10:15:15',NULL,0,'plain','',0,'info',0),(90,'woocommerce_payments_subscriptions_nopayments_q2_2022','marketing','en_US','Sell subscriptions online – without a paid extension','Say hello to WooCommerce Payments – now with built-in subscriptions functionality. Get free access to the features you need to start earning recurring revenue online. Pay as you go, with no setup costs or monthly fees.','{}','pending','woocommerce.com','2022-04-27 10:15:48',NULL,0,'plain','',0,'info',0),(91,'woocommerce_payments_subscriptions_yespayments_q2_2022','marketing','en_US','Sell subscriptions online – no extra extension required','It\'s here! WooCommerce Payments now features built-in subscriptions functionality. No need to install an extra, paid extension – we\'ve made it simpler than ever to start earning recurring revenue. Ready to grow your business?','{}','pending','woocommerce.com','2022-04-27 10:15:49',NULL,0,'plain','',0,'info',0),(92,'setup_task_second_survey_q2_2022','survey','en_US','We want to know what matters most to you','Take 2 minutes to give us your input on what is important for you while setting up your store and help shape the future of WooCommerce together.','{}','unactioned','woocommerce.com','2022-05-10 10:22:56',NULL,0,'plain','',0,'info',0),(93,'store_setup_survey_survey_q2_2022','survey','en_US','How is your store setup going?','Our goal is to make sure you have all the right tools to start setting up your store in the smoothest way possible.\r\nWe’d love to know if we hit our mark and how we can improve. To collect your thoughts, we made a 2-minute survey.','{}','pending','woocommerce.com','2022-05-10 10:22:56',NULL,0,'plain','',0,'info',0),(94,'wc-admin-EU-consumer-protection','marketing','en_US','Important changes to EU consumer protection laws','New regulations to help modernize and strengthen consumer protection laws in the European Union (EU) take effect on May 28, 2022. These rules impact all merchants selling to the EU, regardless of where their business is located. Further detailed information is available on the European Commission\'s official website.','{}','unactioned','woocommerce.com','2022-05-15 10:16:52',NULL,0,'plain','',0,'info',0),(95,'affirm_q2_2022','marketing','en_US','Boost your business with flexible payments','Expand your customer base with smarter payment options for more shoppers. With Affirm,  you can offer the most relevant payment options at every price point – from four interest-free payments every two weeks to longer installments up to 36 months. Fast-track your revenue goals today!','{}','pending','woocommerce.com','2022-05-15 10:16:52',NULL,0,'plain','',0,'info',0),(96,'googlelistings_multicountrygtm_q22022','marketing','en_US','Expand your audience with Multi-Country Advertising','It\'s time to expand your audience with Multi-Country Advertising, an exciting new feature in Google Listings &amp; Ads. Reach more potential customers in as many regions as you like within a single campaign, all from the convenience of your WooCommerce dashboard.','{}','unactioned','woocommerce.com','2022-05-16 10:14:40',NULL,0,'plain','',0,'info',0),(97,'wc_ipp_order_creation_GTM_launch_q2_2022','marketing','en_US','Grow your business on the go with WooCommerce In-Person Payments','Quickly create new orders, manage transactions, and take secure payments no matter where your business takes you. With automatic inventory sync, WooCommerce In-Person Payments is the only fully integrated solution for taking your WooCommerce store offline.','{}','pending','woocommerce.com','2022-05-26 10:17:47',NULL,0,'plain','',0,'info',0),(98,'wc-admin-edit-products-on-the-move','info','en_US','Modifier les produits en étant mobile','Modifier et créer des nouveaux produits depuis votre application mobile avec l’application WooCommerce','{}','unactioned','woocommerce-admin','2022-06-03 10:15:50',NULL,0,'plain','',0,'info',0),(99,'wc-admin-wisepad3','marketing','en_US','Take your business on the go in Canada with WooCommerce In-Person Payments','Quickly create new orders, accept payment in person for orders placed online, and automatically sync your inventory – no matter where your business takes you. With WooCommerce In-Person Payments and the WisePad 3 card reader, you can bring the power of your store anywhere.','{}','pending','woocommerce.com','2022-06-15 10:16:21',NULL,0,'plain','',0,'info',0),(100,'TikTok q2_2022','marketing','en_US','Give your store a stage on the world’s fastest-growing advertising channel','With TikTok for WooCommerce, you can sync your catalog, create videos, and track performance in front of TikTok’s one billion global users. Try the Smart Video Generator to make ads using your existing product images – no camera needed. Get $200 in ad credit from TikTok after a $20 spend (terms &amp; conditions apply).','{}','unactioned','woocommerce.com','2022-06-22 10:19:15',NULL,0,'plain','',0,'info',0),(101,'tiktok-webinar-promo-july2022','marketing','en_US','Free webinar: TikTok for WooCommerce','Join WooCommerce and TikTok live on July 14 to learn about ad types, trends, and the best ways to connect with an audience of one billion active users on the world’s fastest-growing social platform. Participants have a chance to score a free month of Vimeo Pro, and two winners will get a $5,000 ad credit and more.','{}','pending','woocommerce.com','2022-07-09 10:20:55',NULL,0,'plain','',0,'info',0),(102,'mercado_pago_q3_2022','marketing','en_US','Get paid with Mercado Pago Checkout','Give your customers a checkout they can trust with Latin America\'s leading payment processor. Securely accept debit and credit cards, cash, bank transfers, and installment payments – backed by exclusive fraud prevention tools.','{}','pending','woocommerce.com','2022-08-08 10:15:58',NULL,0,'plain','',0,'info',0),(103,'klarna_q3_2022','marketing','en_US','Meet Klarna – your ultimate growth partner','Increase conversions by offering secure, flexible payment solutions – including buy now, pay later – all through a one-click checkout experience. Plus, you’ll tap into a whole new market of the world’s most engaged shoppers.','{}','unactioned','woocommerce.com','2022-08-08 10:15:58',NULL,0,'plain','',0,'info',0),(104,'woocommerce-payments-august-2022-need-to-update','update','en_US','Action required: Please update WooCommerce Payments','An updated secure version of WooCommerce Payments is available – please ensure that you’re using the latest patch version. For more information on what action you need to take, please review the article below.','{}','pending','woocommerce.com','2022-08-10 10:26:37',NULL,0,'plain','',0,'info',0),(105,'woocommerce-payments-august-2022-store-patched','update','en_US','WooCommerce Payments has been automatically updated','You’re now running the latest secure version of WooCommerce Payments. We’ve worked with the WordPress Plugins team to deploy a security update to stores running WooCommerce Payments (version 3.9 to 4.5). For further information, please review the article below.','{}','actioned','woocommerce.com','2022-08-10 10:26:37',NULL,0,'plain','',0,'info',1),(106,'mobile_app_order_management_q3_2022','marketing','en_US','Take order management on the go','The WooCommerce Mobile App continues to get better with added order management functionality! Add or remove products, edit fees, or change the shipping options in any existing order – all from within the app.','{}','unactioned','woocommerce.com','2022-08-17 10:14:32',NULL,0,'plain','',0,'info',0),(107,'product_creation_usability_test_3_months','survey','en_US','Have a say in the future of WooCommerce','Take an early look at the future of editing products in WooCommerce. Share your thoughts (~5 minutes) and help shape the experience for yourself and other merchants.','{}','pending','woocommerce.com','2022-08-26 10:14:30',NULL,0,'plain','',0,'info',0),(108,'product_creation_usability_test_6_months','survey','en_US','Try the new product edit form prototype','Take an early look at the future of editing products in WooCommerce. Share your thoughts (~5 minutes) and help shape the experience for yourself and other merchants.','{}','pending','woocommerce.com','2022-08-30 10:16:26',NULL,0,'plain','',0,'info',0),(109,'product_creation_usability_test_12_months','survey','en_US','Try the new product edit form prototype','Take an early look at the future of editing products in WooCommerce. Share your thoughts (~5 minutes) and help shape the experience for yourself and other merchants.','{}','pending','woocommerce.com','2022-09-07 10:21:19',NULL,0,'plain','',0,'info',0),(110,'custom_deposit_schedules_inbox','marketing','en_US','Customize your deposit schedule','Receive your funds according to your own business needs with custom deposit schedules from WooCommerce Payments. You’ll have the flexibility to deposit funds into your bank account daily, weekly, monthly, or even on-demand – you’ve done the work, now get paid on your terms.','{}','unactioned','woocommerce.com','2022-09-15 10:19:09',NULL,0,'plain','',0,'info',0),(111,'googlelistings_signals2022_hasGLA','marketing','en_US','Show off your products with Ads on Google','You’re ready to grow with ads. Google optimizes for performance across your products; you only pay for results. If you’re new to Google, you can earn up to $500 in ad credits (T&amp;Cs apply). <a href=\"https://woocommerce.com/my-account/create-a-ticket/\">Contact support</a> if you need guidance with Google Listings &amp; Ads.','{}','pending','woocommerce.com','2022-09-23 10:15:14',NULL,0,'plain','',0,'info',0),(112,'googlelistings_signals2022_noGLA','marketing','en_US','Show off your products with Ads on Google','You’re ready to grow with ads. Google optimizes for performance across your products; you only pay for results. If you’re new to Google, you can earn up to $500 in ad credits (T&amp;Cs apply). <a href=\"https://woocommerce.com/my-account/create-a-ticket/\">Contact support</a> if you need guidance with Google Listings &amp; Ads.','{}','pending','woocommerce.com','2022-09-23 10:15:14',NULL,0,'plain','',0,'info',0),(113,'pre-black-friday-sale-2022-announcement','marketing','en_US','Surprise! We’re offering 40% off everything at WooCommerce.com','Just in time to get your store Black Friday ready. Sale ends 7 October, 2pm UTC.','{}','unactioned','woocommerce.com','2022-10-04 10:18:36',NULL,0,'plain','',0,'info',0),(114,'shipping_category_q4_2022','marketing','en_US','Save time on shipping','Is your store all set to ship? Save valuable time (and money!) by automating your fulfillment process for the busiest shopping season. Explore our range of trusted shipping partners to get started.','{}','unactioned','woocommerce.com','2022-10-13 10:17:35',NULL,0,'plain','',0,'info',0),(115,'facebook_q4-2022_hasFB','marketing','en_US','Drive more demand this holiday season with Facebook for WooCommerce','Deliver a personalized and seamless shopping experience this holiday season with Facebook for WooCommerce. With more ad formats than ever, you can create engaging ads that meet customers across Facebook, Instagram, Messenger, and WhatsApp throughout the busy shopping season.','{}','pending','woocommerce.com','2022-10-21 10:14:39',NULL,0,'plain','',0,'info',0),(116,'facebook_q4-2022_noFB','marketing','en_US','Meet your customers where they are with Facebook for WooCommerce','Don’t wait for your customers to come to you – meet them where they’re browsing! Use the Facebook for WooCommerce extension to promote your products on Facebook, Instagram, Messenger, and WhatsApp. Create seamless shopping experiences – straight from your WooCommerce dashboard.','{}','unactioned','woocommerce.com','2022-10-22 10:16:56',NULL,0,'plain','',0,'info',1),(117,'tiktok-targeted-q4-2022','marketing','en_US','Get $200 in ad credit from TikTok after you spend $20 on your first campaign','Reach one billion shoppers with TikTok for WooCommerce this holiday season! Sync your product catalog, capture insights, and create ad campaigns right from your dashboard. Connect your store today to unlock this limited time offer! <a href=\"https://ads.tiktok.com/help/article?aid=10011326\">Terms &amp; conditions apply</a>.','{}','pending','woocommerce.com','2022-10-25 10:18:01',NULL,0,'plain','',0,'info',0),(118,'paypal_paylater_g3_q4_22','marketing','en_US','Transformez les visiteurs en acheteurs avec le Paiement en 4X','Ajoutez PayPal à vos modes de paiement et proposez notre Paiement en 4X. Disponible dans les Paiements PayPal, le Paiement en 4X vous permet de recevoir votre paiement immédiatement, tandis que vos clients paient en plusieurs fois. Augmentez le panier moyen et boostez vos ventes, sans frais supplémentaires pour vous.','{}','pending','woocommerce.com','2022-11-02 10:15:28',NULL,0,'plain','',0,'info',0),(119,'woocommerce_admin_deprecation_q4_2022','info','en_US','WooCommerce Admin is part of WooCommerce!','To make sure your store continues to run smoothly, check that WooCommerce is up-to-date – at least version 6.5 – and then disable the WooCommerce Admin plugin.','{}','pending','woocommerce.com','2022-11-04 10:17:52',NULL,0,'plain','',0,'info',0),(120,'paypal_paylater_g2_q4_22','marketing','en_US','Upgrade to PayPal Payments to offer Pay Later at checkout','PayPal Pay Later is included in PayPal Payments at no additional cost to you. Customers can spread their payments over time while you get paid up front. \r\nThere’s never been a better time to upgrade your PayPal plugin. Simply download it and connect with a PayPal Business account.','{}','pending','woocommerce.com','2022-11-04 10:17:52',NULL,0,'plain','',0,'info',0),(121,'google_listings_ads_custom_attribute_mapping_q4_2022','marketing','en_US','Our latest improvement to the Google Listings & Ads extension: Attribute Mapping','You spoke, we listened. This new feature enables you to easily upload your products, customize your product attributes in one place, and target shoppers with more relevant ads. Extend how far your ad dollars go with each campaign.','{}','pending','woocommerce.com','2022-12-01 10:19:12',NULL,0,'plain','',0,'info',0),(122,'wc-admin-manualauthcapture','marketing','en_US','Miss fewer manual payments in WooCommerce Payments','Using WooCommerce Payments to manually authorize and capture payments? We’ve introduced a simplified and more efficient process, so you can miss fewer payments and continue to grow your revenue.','{}','unactioned','woocommerce.com','2022-12-01 10:19:12',NULL,0,'plain','',0,'info',0),(123,'apple_pay_square_q422','marketing','en_US','Grow your business with Apple Pay','Start boosting your online conversions today with Apple Pay – shoppers can safely complete a purchase with a touch or a glance and are more likely to come back. Enable Apple Pay with Square by selecting  Settings &gt; Payments &gt; Square.','{}','pending','woocommerce.com','2022-12-08 10:26:29',NULL,0,'plain','',0,'info',0),(124,'apple_pay_wcpay_q422','marketing','en_US','Grow your business with Apple Pay','Start boosting your online conversions today with Apple Pay – shoppers can safely complete a purchase with a touch or a glance and are more likely to come back. Confirm Apple Pay is enabled by selecting Payments &gt; Settings and making sure Enable express checkouts is checked.','{}','unactioned','woocommerce.com','2022-12-08 10:26:29',NULL,0,'plain','',0,'info',0),(125,'meta-hasFB-dec-q4-2022','marketing','en_US','Power up your Facebook ad strategy','Did you know that new privacy policies may be decreasing the effectiveness of your Facebook ads? Get back on track with Meta’s Conversion API. It creates a direct connection between the marketing data from your store and Meta, helping you more accurately track, attribute and improve your Facebook marketing performance.','{}','pending','woocommerce.com','2022-12-10 10:19:56',NULL,0,'plain','',0,'info',0),(126,'meta-noFB-dec-q4-2022','marketing','en_US','Create highly targeted Facebook ads with Facebook for WooCommerce','Sync your product catalog to create Facebook ads and track their performance – all from within your WooCommerce dashboard. With improved tracking signals and speed, plus more accurate tracking with the introduction of Meta’s Conversion API, you’ll have all the tools you need to run effective ad campaigns.','{}','unactioned','woocommerce.com','2022-12-12 10:36:50',NULL,0,'plain','',0,'info',1),(127,'needs-update-eway-payment-gateway-rin-2022-12-20','update','en_US','Security vulnerability patched in WooCommerce Eway Gateway','In response to a potential vulnerability identified in WooCommerce Eway Gateway versions 3.1.0 to 3.5.0, we’ve worked to deploy security fixes and have released an updated version.\r\nNo external exploits have been detected, but we recommend you update to your latest supported version 3.1.26, 3.2.3, 3.3.1, 3.4.6, or 3.5.1','{}','pending','woocommerce.com','2023-01-05 10:18:26',NULL,0,'plain','',0,'info',0),(128,'updated-eway-payment-gateway-rin-2022-12-20','update','en_US','WooCommerce Eway Gateway has been automatically updated','Your store is now running the latest secure version of WooCommerce Eway Gateway. We worked with the WordPress Plugins team to deploy a software update to stores running WooCommerce Eway Gateway (versions 3.1.0 to 3.5.0) in response to a security vulnerability that was discovered.','{}','pending','woocommerce.com','2023-01-05 10:18:26',NULL,0,'plain','',0,'info',0),(129,'storeediting_feedback_jan_2023','marketing','en_US','Tell us what you need to customize your store!','We need your feedback. Please spare a few minutes to share your input on what is most important to you when designing and customizing your storefront to help us build the features you need.','{}','unactioned','woocommerce.com','2023-01-13 10:15:00',NULL,0,'plain','',0,'info',1),(130,'ecomm-wc-navigation-survey-2023','info','en_US','Navigating WooCommerce on WordPress.com','We are improving the WooCommerce navigation on WordPress.com and would love your help to make it better! Please share your experience with us in this 2-minute survey.','{}','pending','woocommerce.com','2023-01-16 10:28:18',NULL,0,'plain','',0,'info',0);

--
-- Table structure for table `wp_wc_category_lookup`
--

CREATE TABLE `wp_wc_category_lookup` (
  `category_tree_id` bigint(20) unsigned NOT NULL,
  `category_id` bigint(20) unsigned NOT NULL,
  PRIMARY KEY (`category_tree_id`,`category_id`)
) ENGINE=InnoDB DEFAULT CHARSET=utf8mb4 COLLATE=utf8mb4_unicode_520_ci;

--
-- Dumping data for table `wp_wc_category_lookup`
--

INSERT INTO `wp_wc_category_lookup` VALUES (15,15),(18,18),(19,19),(20,20),(21,21),(22,22),(23,23),(24,24),(25,25),(26,26),(27,27),(28,28),(29,29),(33,33),(33,34),(33,35),(33,38),(33,39),(34,34),(35,35),(38,38),(39,39);

--
-- Table structure for table `wp_wc_customer_lookup`
--

CREATE TABLE `wp_wc_customer_lookup` (
  `customer_id` bigint(20) unsigned NOT NULL AUTO_INCREMENT,
  `user_id` bigint(20) unsigned DEFAULT NULL,
  `username` varchar(60) COLLATE utf8mb4_unicode_520_ci NOT NULL DEFAULT '',
  `first_name` varchar(255) COLLATE utf8mb4_unicode_520_ci NOT NULL,
  `last_name` varchar(255) COLLATE utf8mb4_unicode_520_ci NOT NULL,
  `email` varchar(100) COLLATE utf8mb4_unicode_520_ci DEFAULT NULL,
  `date_last_active` timestamp NULL DEFAULT NULL,
  `date_registered` timestamp NULL DEFAULT NULL,
  `country` char(2) COLLATE utf8mb4_unicode_520_ci NOT NULL DEFAULT '',
  `postcode` varchar(20) COLLATE utf8mb4_unicode_520_ci NOT NULL DEFAULT '',
  `city` varchar(100) COLLATE utf8mb4_unicode_520_ci NOT NULL DEFAULT '',
  `state` varchar(100) COLLATE utf8mb4_unicode_520_ci NOT NULL DEFAULT '',
  PRIMARY KEY (`customer_id`),
  UNIQUE KEY `user_id` (`user_id`),
  KEY `email` (`email`)
) ENGINE=InnoDB AUTO_INCREMENT=16 DEFAULT CHARSET=utf8mb4 COLLATE=utf8mb4_unicode_520_ci;

--
-- Dumping data for table `wp_wc_customer_lookup`
--

INSERT INTO `wp_wc_customer_lookup` VALUES (3,4,'applecenter','Dimitri','COUSIN','applecenter@hotmail.fr','2022-06-01 22:00:00','2021-12-07 09:40:52','FR','59223','Roncq',''),(4,6,'perrinecatry','Perrine','COUSIN','perrinecatry@hotmail.com','2022-02-14 23:00:00','2022-02-15 08:29:45','','','',''),(6,NULL,'','Jose','Jimenez','jose@a3j.fr','2022-02-17 07:49:58',NULL,'FR','59130','Lambersart',''),(7,10,'alice','','','alice@a3j.fr','2022-02-21 23:00:00','2022-02-17 09:08:41','','','',''),(8,15,'antoine.a3j','','','antoine.a3j@gmail.com','2022-03-09 23:00:00','2022-03-08 08:05:11','','','',''),(9,12,'cdurteste-5102','','','cdurteste@orange.fr','2022-02-20 23:00:00','2022-02-21 10:22:30','','','',''),(10,NULL,'','cecile','delaroche','ceciledelaroche@hotmail.com','2022-06-14 08:08:55',NULL,'FR','33800','bordeaux',''),(11,17,'mauduitp','patrick','mauduit','mauduitp@gmail.com','2022-06-21 02:14:52','2022-06-21 02:08:16','FR','80480','PONT DE METZ',''),(12,19,'logibricotest','','','logibricotest@gmail.com','2022-08-24 22:00:00','2022-08-25 05:49:22','','','',''),(13,21,'fred.thebo','Fred','Thébo','fred.thebo@laposte.net','2022-10-06 17:47:14','2022-10-06 17:47:13','FR','27200','Vernon',''),(14,NULL,'','Philippe','Groetzinger','maximegroetz@yahoo.fr','2022-12-17 11:15:32',NULL,'FR','54700','Pont A Mousson',''),(15,24,'jovanovski.ljupco','ljupco','jovanovski','jovanovski.ljupco@sfr.fr','2023-02-11 23:00:00','2023-02-12 10:46:10','FR','67380','lingolsheim','');

--
-- Table structure for table `wp_wc_download_log`
--

CREATE TABLE `wp_wc_download_log` (
  `download_log_id` bigint(20) unsigned NOT NULL AUTO_INCREMENT,
  `timestamp` datetime NOT NULL,
  `permission_id` bigint(20) unsigned NOT NULL,
  `user_id` bigint(20) unsigned DEFAULT NULL,
  `user_ip_address` varchar(100) COLLATE utf8mb4_unicode_520_ci DEFAULT '',
  PRIMARY KEY (`download_log_id`),
  KEY `permission_id` (`permission_id`),
  KEY `timestamp` (`timestamp`)
) ENGINE=InnoDB DEFAULT CHARSET=utf8mb4 COLLATE=utf8mb4_unicode_520_ci;

--
-- Dumping data for table `wp_wc_download_log`
--


--
-- Table structure for table `wp_wc_order_coupon_lookup`
--

CREATE TABLE `wp_wc_order_coupon_lookup` (
  `order_id` bigint(20) unsigned NOT NULL,
  `coupon_id` bigint(20) NOT NULL,
  `date_created` datetime NOT NULL DEFAULT '0000-00-00 00:00:00',
  `discount_amount` double NOT NULL DEFAULT '0',
  PRIMARY KEY (`order_id`,`coupon_id`),
  KEY `coupon_id` (`coupon_id`),
  KEY `date_created` (`date_created`)
) ENGINE=InnoDB DEFAULT CHARSET=utf8mb4 COLLATE=utf8mb4_unicode_520_ci;

--
-- Dumping data for table `wp_wc_order_coupon_lookup`
--

INSERT INTO `wp_wc_order_coupon_lookup` VALUES (975,939,'2022-03-15 17:20:14',15);

--
-- Table structure for table `wp_wc_order_product_lookup`
--

CREATE TABLE `wp_wc_order_product_lookup` (
  `order_item_id` bigint(20) unsigned NOT NULL,
  `order_id` bigint(20) unsigned NOT NULL,
  `product_id` bigint(20) unsigned NOT NULL,
  `variation_id` bigint(20) unsigned NOT NULL,
  `customer_id` bigint(20) unsigned DEFAULT NULL,
  `date_created` datetime NOT NULL DEFAULT '0000-00-00 00:00:00',
  `product_qty` int(11) NOT NULL,
  `product_net_revenue` double NOT NULL DEFAULT '0',
  `product_gross_revenue` double NOT NULL DEFAULT '0',
  `coupon_amount` double NOT NULL DEFAULT '0',
  `tax_amount` double NOT NULL DEFAULT '0',
  `shipping_amount` double NOT NULL DEFAULT '0',
  `shipping_tax_amount` double NOT NULL DEFAULT '0',
  PRIMARY KEY (`order_item_id`),
  KEY `order_id` (`order_id`),
  KEY `product_id` (`product_id`),
  KEY `customer_id` (`customer_id`),
  KEY `date_created` (`date_created`)
) ENGINE=InnoDB DEFAULT CHARSET=utf8mb4 COLLATE=utf8mb4_unicode_520_ci;

--
-- Dumping data for table `wp_wc_order_product_lookup`
--

INSERT INTO `wp_wc_order_product_lookup` VALUES (17,942,618,0,6,'2022-02-17 09:49:58',1,8.75,10.5,0,1.75,0,0),(38,975,921,0,3,'2022-03-15 17:20:14',1,0,0,15,0,0,0),(42,1097,285,0,10,'2022-06-14 12:08:55',1,102.92,123.5,0,20.58,0,0),(45,1146,268,0,11,'2022-06-21 06:14:52',1,95,114,0,19,0,0),(48,1150,268,0,11,'2022-06-21 14:09:48',-1,-95,-114,0,-19,0,0),(50,1190,224,0,13,'2022-10-06 21:47:14',1,77.5,93,0,15.5,0,0),(53,1208,263,0,14,'2022-12-17 13:15:32',1,67.92,81.5,0,13.58,0,0);

--
-- Table structure for table `wp_wc_order_stats`
--

CREATE TABLE `wp_wc_order_stats` (
  `order_id` bigint(20) unsigned NOT NULL,
  `parent_id` bigint(20) unsigned NOT NULL DEFAULT '0',
  `date_created` datetime NOT NULL DEFAULT '0000-00-00 00:00:00',
  `date_created_gmt` datetime NOT NULL DEFAULT '0000-00-00 00:00:00',
  `num_items_sold` int(11) NOT NULL DEFAULT '0',
  `total_sales` double NOT NULL DEFAULT '0',
  `tax_total` double NOT NULL DEFAULT '0',
  `shipping_total` double NOT NULL DEFAULT '0',
  `net_total` double NOT NULL DEFAULT '0',
  `returning_customer` tinyint(1) DEFAULT NULL,
  `status` varchar(200) COLLATE utf8mb4_unicode_520_ci NOT NULL,
  `customer_id` bigint(20) unsigned NOT NULL,
  PRIMARY KEY (`order_id`),
  KEY `date_created` (`date_created`),
  KEY `customer_id` (`customer_id`),
  KEY `status` (`status`(191))
) ENGINE=InnoDB DEFAULT CHARSET=utf8mb4 COLLATE=utf8mb4_unicode_520_ci;

--
-- Dumping data for table `wp_wc_order_stats`
--

INSERT INTO `wp_wc_order_stats` VALUES (942,0,'2022-02-17 09:49:58','2022-02-17 08:49:58',1,10.5,1.75,0,8.75,0,'wc-completed',6),(975,0,'2022-03-15 17:20:14','2022-03-15 16:20:14',1,0,0,0,0,0,'wc-completed',3),(1097,0,'2022-06-14 12:08:55','2022-06-14 10:08:55',1,123.5,20.58,0,102.92,0,'wc-completed',10),(1146,0,'2022-06-21 06:14:52','2022-06-21 04:14:52',1,114,19,0,95,0,'wc-refunded',11),(1150,1146,'2022-06-21 14:09:48','2022-06-21 12:09:48',-1,-114,-19,0,-95,NULL,'wc-refunded',11),(1190,0,'2022-10-06 21:47:14','2022-10-06 19:47:14',1,93,15.5,0,77.5,0,'wc-completed',13),(1208,0,'2022-12-17 13:15:32','2022-12-17 12:15:32',1,81.5,13.58,0,67.92,0,'wc-completed',14);

--
-- Table structure for table `wp_wc_order_tax_lookup`
--

CREATE TABLE `wp_wc_order_tax_lookup` (
  `order_id` bigint(20) unsigned NOT NULL,
  `tax_rate_id` bigint(20) unsigned NOT NULL,
  `date_created` datetime NOT NULL DEFAULT '0000-00-00 00:00:00',
  `shipping_tax` double NOT NULL DEFAULT '0',
  `order_tax` double NOT NULL DEFAULT '0',
  `total_tax` double NOT NULL DEFAULT '0',
  PRIMARY KEY (`order_id`,`tax_rate_id`),
  KEY `tax_rate_id` (`tax_rate_id`),
  KEY `date_created` (`date_created`)
) ENGINE=InnoDB DEFAULT CHARSET=utf8mb4 COLLATE=utf8mb4_unicode_520_ci;

--
-- Dumping data for table `wp_wc_order_tax_lookup`
--

INSERT INTO `wp_wc_order_tax_lookup` VALUES (942,2,'2022-02-17 09:49:58',0,1.75,1.75),(975,2,'2022-03-15 17:20:14',0,0,0),(1097,2,'2022-06-14 12:08:55',0,20.58,20.58),(1146,2,'2022-06-21 06:14:52',0,19,19),(1150,2,'2022-06-21 14:09:48',0,-19,-19),(1190,2,'2022-10-06 21:47:14',0,15.5,15.5),(1208,2,'2022-12-17 13:15:32',0,13.58,13.58);

--
-- Table structure for table `wp_wc_product_attributes_lookup`
--

CREATE TABLE `wp_wc_product_attributes_lookup` (
  `product_id` bigint(20) NOT NULL,
  `product_or_parent_id` bigint(20) NOT NULL,
  `taxonomy` varchar(32) COLLATE utf8mb4_unicode_520_ci NOT NULL,
  `term_id` bigint(20) NOT NULL,
  `is_variation_attribute` tinyint(1) NOT NULL,
  `in_stock` tinyint(1) NOT NULL,
  PRIMARY KEY (`product_or_parent_id`,`term_id`,`product_id`,`taxonomy`),
  KEY `is_variation_attribute_term_id` (`is_variation_attribute`,`term_id`)
) ENGINE=InnoDB DEFAULT CHARSET=utf8mb4 COLLATE=utf8mb4_unicode_520_ci;

--
-- Dumping data for table `wp_wc_product_attributes_lookup`
--


--
-- Table structure for table `wp_wc_product_download_directories`
--

CREATE TABLE `wp_wc_product_download_directories` (
  `url_id` bigint(20) unsigned NOT NULL AUTO_INCREMENT,
  `url` varchar(256) COLLATE utf8mb4_unicode_520_ci NOT NULL,
  `enabled` tinyint(1) NOT NULL DEFAULT '0',
  PRIMARY KEY (`url_id`),
  KEY `url` (`url`(191))
) ENGINE=InnoDB AUTO_INCREMENT=3 DEFAULT CHARSET=utf8mb4 COLLATE=utf8mb4_unicode_520_ci;

--
-- Dumping data for table `wp_wc_product_download_directories`
--

INSERT INTO `wp_wc_product_download_directories` VALUES (1,'file:///home/logibrichx/www/wp-content/uploads/woocommerce_uploads/',1),(2,'https://logibrico.fr/wp-content/uploads/woocommerce_uploads/',1);

--
-- Table structure for table `wp_wc_product_meta_lookup`
--

CREATE TABLE `wp_wc_product_meta_lookup` (
  `product_id` bigint(20) NOT NULL,
  `sku` varchar(100) COLLATE utf8mb4_unicode_520_ci DEFAULT '',
  `virtual` tinyint(1) DEFAULT '0',
  `downloadable` tinyint(1) DEFAULT '0',
  `min_price` decimal(19,4) DEFAULT NULL,
  `max_price` decimal(19,4) DEFAULT NULL,
  `onsale` tinyint(1) DEFAULT '0',
  `stock_quantity` double DEFAULT NULL,
  `stock_status` varchar(100) COLLATE utf8mb4_unicode_520_ci DEFAULT 'instock',
  `rating_count` bigint(20) DEFAULT '0',
  `average_rating` decimal(3,2) DEFAULT '0.00',
  `total_sales` bigint(20) DEFAULT '0',
  `tax_status` varchar(100) COLLATE utf8mb4_unicode_520_ci DEFAULT 'taxable',
  `tax_class` varchar(100) COLLATE utf8mb4_unicode_520_ci DEFAULT '',
  PRIMARY KEY (`product_id`),
  KEY `virtual` (`virtual`),
  KEY `downloadable` (`downloadable`),
  KEY `stock_status` (`stock_status`),
  KEY `stock_quantity` (`stock_quantity`),
  KEY `onsale` (`onsale`),
  KEY `min_max_price` (`min_price`,`max_price`)
) ENGINE=InnoDB DEFAULT CHARSET=utf8mb4 COLLATE=utf8mb4_unicode_520_ci;

--
-- Dumping data for table `wp_wc_product_meta_lookup`
--

INSERT INTO `wp_wc_product_meta_lookup` VALUES (58,'01-40-15-00066',0,0,156.6700,156.6700,0,145,'instock',0,0.00,3,'taxable',''),(168,'000001-1',0,0,64.9900,64.9900,0,2,'instock',0,0.00,0,'taxable',''),(214,'04-05-06-00122',0,0,52.0800,52.0800,0,0,'outofstock',0,0.00,0,'taxable',''),(217,'',0,0,20.0000,20.0000,0,5,'instock',0,0.00,0,'taxable',''),(222,'04-05-01-00123',0,0,97.9200,97.9200,0,0,'outofstock',0,0.00,0,'taxable',''),(224,'04-05-01-00124',0,0,77.5000,77.5000,0,757,'instock',0,0.00,1,'taxable',''),(226,'04-0-01-00180',0,0,48.0000,48.0000,0,199,'instock',0,0.00,1,'taxable',''),(229,'01-01-04-00029',0,0,2.8800,2.8800,0,0,'outofstock',0,0.00,0,'taxable',''),(236,'01-60-15-00315',0,0,99.5800,99.5800,0,24,'instock',0,0.00,0,'taxable',''),(242,'04-05-06-00299',0,0,80.8300,80.8300,0,22,'instock',0,0.00,0,'taxable',''),(263,'04-05-01-00126',0,0,67.9200,67.9200,0,0,'outofstock',0,0.00,1,'taxable',''),(268,'04-05-01-00135',0,0,95.0000,95.0000,0,18,'instock',0,0.00,1,'taxable',''),(270,'04-05-01-00136',0,0,117.5000,117.5000,0,510,'instock',0,0.00,0,'taxable',''),(280,'04-05-01-00253',0,0,97.9200,97.9200,0,321,'instock',0,0.00,0,'taxable',''),(283,'04-05-01-00301',0,0,71.2500,71.2500,0,471,'instock',0,0.00,1,'taxable',''),(285,'04-05-06-00300',0,0,102.9200,102.9200,0,65,'instock',0,0.00,1,'taxable',''),(287,'04-05-06-00302',0,0,99.1700,99.1700,0,48,'instock',0,0.00,0,'taxable',''),(289,'04-05-06-00303',0,0,110.8300,110.8300,0,24,'instock',0,0.00,0,'taxable',''),(291,'04-05-01-00137',0,0,92.9200,92.9200,0,595,'instock',0,0.00,0,'taxable',''),(293,'04-05-01-00125',0,0,72.5000,72.5000,0,1232,'instock',0,0.00,0,'taxable',''),(300,'10-15-01-00215',0,0,15.4200,15.4200,0,207,'instock',0,0.00,0,'taxable',''),(306,'01-64-01-00044',0,0,53.3300,53.3300,0,10,'instock',0,0.00,0,'taxable',''),(363,'01-60-17-00357',0,0,133.3300,133.3300,0,50,'instock',0,0.00,0,'taxable',''),(366,'01-60-20-00358',0,0,190.8300,190.8300,0,49,'instock',0,0.00,0,'taxable',''),(374,'01-85-01-00260',0,0,36.2500,36.2500,0,14,'instock',0,0.00,0,'taxable',''),(376,'01-60-30-00064',0,0,40.4200,40.4200,0,68,'instock',0,0.00,0,'taxable',''),(382,'01-40-17-00067',0,0,171.6700,171.6700,0,55,'instock',0,0.00,0,'taxable',''),(384,'01-40-20-00068',0,0,199.1700,199.1700,0,15,'instock',0,0.00,0,'taxable',''),(385,'01-43-08-00212',0,0,20.4200,20.4200,0,4,'instock',0,0.00,0,'taxable',''),(390,'01-43-08-00280',0,0,45.0000,45.0000,0,12,'instock',0,0.00,0,'taxable',''),(391,'01-43-20-00312',0,0,67.9200,67.9200,0,30,'instock',0,0.00,0,'taxable',''),(395,'01-43-20-00313',0,0,55.0000,55.0000,0,30,'instock',0,0.00,0,'taxable',''),(398,'02-01-01-00306',0,0,525.0000,525.0000,0,6,'instock',0,0.00,0,'taxable',''),(403,'02-05-01-00307',0,0,115.0000,115.0000,0,0,'outofstock',0,0.00,0,'taxable',''),(409,'01-22-01-00106',0,0,35.0000,35.0000,0,61,'instock',0,0.00,0,'taxable',''),(418,'01-22-05-00108',0,0,44.1700,44.1700,0,0,'outofstock',0,0.00,0,'taxable',''),(419,'01-60-35-00213',0,0,137.5000,137.5000,0,15,'instock',0,0.00,1,'taxable',''),(425,'01-60-35-00259',0,0,137.5000,137.5000,0,25,'instock',0,0.00,0,'taxable',''),(431,'01-05-90-00426',0,0,29.1700,29.1700,0,114,'instock',0,0.00,0,'taxable',''),(436,'01-21-01-00140',0,0,22.5000,22.5000,0,464,'instock',0,0.00,0,'taxable',''),(441,'01-21-01-00141',0,0,22.5000,22.5000,0,365,'instock',0,0.00,0,'taxable',''),(442,'01-21-02-00083',0,0,22.5000,22.5000,0,225,'instock',0,0.00,0,'taxable',''),(443,'01-21-02-00084',0,0,22.5000,22.5000,0,830,'instock',0,0.00,0,'taxable',''),(449,'01-80-10-00150',0,0,87.9200,87.9200,0,23,'instock',0,0.00,1,'taxable',''),(453,'01-01-02-00024',0,0,112.2000,112.2000,0,4,'instock',0,0.00,0,'taxable',''),(456,'01-01-03-00022',0,0,194.1700,194.1700,0,2,'instock',0,0.00,0,'taxable',''),(457,'01-01-05-00433',0,0,125.0000,125.0000,0,4,'instock',0,0.00,0,'taxable',''),(460,'01-02-01-00430',0,0,77.9200,77.9200,0,31,'instock',0,0.00,0,'taxable',''),(465,'01-02-01-00429',0,0,77.9200,77.9200,0,21,'instock',0,0.00,0,'taxable',''),(466,'01-10-01-00435',0,0,50.0000,50.0000,0,6,'instock',0,0.00,0,'taxable',''),(483,'01-09-01-00032',0,0,6.5000,6.5000,0,0,'outofstock',0,0.00,0,'taxable',''),(488,'01-12-01-00434',0,0,131.2500,131.2500,0,8,'instock',0,0.00,0,'taxable',''),(498,'01-01-01-00419',0,0,78.7500,78.7500,0,0,'outofstock',0,0.00,0,'taxable',''),(501,'01-01-01-00418',0,0,49.5800,49.5800,0,0,'outofstock',0,0.00,0,'taxable',''),(502,'01-01-01-00414',0,0,63.3300,63.3300,0,0,'outofstock',0,0.00,0,'taxable',''),(504,'01-01-01-00415',0,0,78.7500,78.7500,0,0,'outofstock',0,0.00,0,'taxable',''),(505,'01-03-02-00428',0,0,125.8300,125.8300,0,7,'instock',0,0.00,0,'taxable',''),(508,'01-02-03-00427',0,0,85.8300,85.8300,0,36,'instock',0,0.00,0,'taxable',''),(511,'01-07-01-00432',0,0,106.2500,106.2500,0,5,'instock',0,0.00,0,'taxable',''),(517,'01-07-01-00431',0,0,106.2500,106.2500,0,5,'instock',0,0.00,0,'taxable',''),(518,'01-05-01-00425',0,0,65.4200,65.4200,0,6,'instock',0,0.00,0,'taxable',''),(524,'01-05-01-00424',0,0,65.4200,65.4200,0,29,'instock',0,0.00,0,'taxable',''),(525,'01-05-01-00017',0,0,62.5800,62.5800,0,30,'instock',0,0.00,0,'taxable',''),(526,'01-05-01-00422',0,0,65.4200,65.4200,0,24,'instock',0,0.00,0,'taxable',''),(527,'01-05-03-00421',0,0,62.3300,62.3300,0,25,'instock',0,0.00,0,'taxable',''),(528,'01-05-01-00423',0,0,62.3300,62.3300,0,30,'instock',0,0.00,0,'taxable',''),(529,'01-05-01-00019',0,0,2.1100,2.1100,0,0,'outofstock',0,0.00,0,'taxable',''),(532,'01-64-01-00045',0,0,55.4200,55.4200,0,14,'instock',0,0.00,1,'taxable',''),(537,'01-64-01-00046',0,0,78.0700,78.0700,0,88,'instock',0,0.00,0,'taxable',''),(540,'01-25-12-00409',0,0,207.4200,207.4200,0,99,'instock',0,0.00,0,'taxable',''),(549,'01-27-01-00075',0,0,17.0800,17.0800,0,0,'outofstock',0,0.00,0,'taxable',''),(556,'01-27-01-00076',0,0,17.0800,17.0800,0,112,'instock',0,0.00,0,'taxable',''),(557,'01-27-03-00077',0,0,18.3300,18.3300,0,7,'instock',0,0.00,0,'taxable',''),(558,'01-27-03-00078',0,0,18.3300,18.3300,0,41,'instock',0,0.00,0,'taxable',''),(560,'01-27-06-00079',0,0,22.5000,22.5000,0,150,'instock',0,0.00,0,'taxable',''),(561,'01-27-06-00080',0,0,22.5000,22.5000,0,28,'instock',0,0.00,0,'taxable',''),(562,'01-27-07-00081',0,0,24.1700,24.1700,0,563,'instock',0,0.00,0,'taxable',''),(563,'01-27-07-00082',0,0,24.1700,24.1700,0,0,'outofstock',0,0.00,0,'taxable',''),(564,'01-20-07-00296',0,0,48.3300,48.3300,0,12,'instock',0,0.00,0,'taxable',''),(572,'01-20-07-00139',0,0,48.3300,48.3300,0,167,'instock',0,0.00,0,'taxable',''),(573,'01-21-22-00147',0,0,36.6700,36.6700,0,43,'instock',0,0.00,0,'taxable',''),(578,'Référence produit Logibrico : 01-21-20-00146',0,0,29.0000,29.0000,0,50,'instock',0,0.00,0,'taxable',''),(580,'01-50-05-00272',0,0,169.1700,169.1700,0,0,'outofstock',0,0.00,0,'taxable',''),(592,'01-50-05-00273',0,0,171.6700,171.6700,0,0,'outofstock',0,0.00,0,'taxable',''),(595,'01-50-05-00274',0,0,226.6700,226.6700,0,0,'outofstock',0,0.00,0,'taxable',''),(601,'01-50-05-00279',0,0,284.1700,284.1700,0,0,'outofstock',0,0.00,0,'taxable',''),(615,'01-32-01-00286',0,0,16.2500,16.2500,0,849,'instock',0,0.00,0,'taxable',''),(618,'01-32-05-00287',0,0,20.8300,20.8300,0,128,'instock',0,0.00,1,'taxable',''),(620,'01-32-05-00288',0,0,26.6700,26.6700,0,49,'instock',0,0.00,0,'taxable',''),(624,'04-01-02-00100',0,0,458.3300,458.3300,0,2,'instock',0,0.00,0,'taxable',''),(785,'01-35-05-00065',0,0,47.9200,47.9200,0,1352,'instock',0,0.00,0,'taxable',''),(792,'01-35-07-00091',0,0,40.0000,40.0000,0,174,'instock',0,0.00,0,'taxable',''),(807,'01-60-01-00206',0,0,32.0800,32.0800,0,115,'instock',0,0.00,0,'taxable',''),(813,'01-76-05-00326',0,0,58.7500,58.7500,0,63,'instock',0,0.00,1,'taxable',''),(921,'40-05-05-00283',0,0,15.0000,15.0000,0,306,'instock',0,0.00,5,'taxable',''),(925,'01-05-01-00420',0,0,68.3300,68.3300,0,30,'instock',0,0.00,0,'taxable',''),(943,'01-20-05-00338',0,0,40.0000,40.0000,0,64,'instock',0,0.00,0,'taxable',''),(944,'01-20-05-00369',0,0,40.0000,40.0000,0,107,'instock',0,0.00,0,'taxable',''),(963,'01-05-03-00018',0,0,195.8300,195.8300,0,0,'outofstock',0,0.00,0,'taxable',''),(977,'01-60-01-00290',0,0,22.0800,22.0800,0,335,'instock',0,0.00,0,'taxable',''),(979,'01-60-04-00291',0,0,22.0800,22.0800,0,364,'instock',0,0.00,0,'taxable',''),(980,'01-60-07-00292',0,0,26.6700,26.6700,0,261,'instock',0,0.00,0,'taxable',''),(981,'01-60-10-00293',0,0,31.2500,31.2500,0,228,'instock',0,0.00,0,'taxable',''),(983,'04-25-08-00447',0,0,111.2500,111.2500,0,0,'outofstock',0,0.00,0,'taxable',''),(989,'04-25-08-00448',0,0,225.4200,225.4200,0,0,'outofstock',0,0.00,0,'taxable',''),(992,'04-25-08-00449',0,0,290.8300,290.8300,0,0,'outofstock',0,0.00,0,'taxable',''),(994,'04-25-08-00450',0,0,141.6700,141.6700,0,0,'outofstock',0,0.00,0,'taxable',''),(995,'04-65-08-00445',0,0,52.5000,52.5000,0,56,'instock',0,0.00,0,'taxable',''),(997,'04-65-04-00446',0,0,62.5000,62.5000,0,50,'instock',0,0.00,0,'taxable',''),(999,'04-65-08-00451',0,0,150.0000,150.0000,0,0,'outofstock',0,0.00,0,'taxable',''),(1001,'04-55-08-00437',0,0,35.0000,35.0000,0,100,'instock',0,0.00,0,'taxable',''),(1003,'04-55-08-00438',0,0,33.3300,33.3300,0,100,'instock',0,0.00,0,'taxable',''),(1005,'04-60-01-00439',0,0,24.1700,24.1700,0,200,'instock',0,0.00,0,'taxable',''),(1007,'04-60-04-00440',0,0,24.1700,24.1700,0,50,'instock',0,0.00,0,'taxable',''),(1009,'04-60-01-00441',0,0,24.1700,24.1700,0,50,'instock',0,0.00,0,'taxable',''),(1012,'04-55-08-00443',0,0,18.3300,18.3300,0,53,'instock',0,0.00,0,'taxable',''),(1014,'04-60-06-00444',0,0,41.2500,41.2500,0,103,'instock',0,0.00,0,'taxable',''),(1039,'04-90-02-00500',0,0,18.7500,18.7500,0,50,'instock',0,0.00,0,'taxable',''),(1042,'04-90-01-00499',0,0,15.0000,15.0000,0,127,'instock',0,0.00,0,'taxable',''),(1043,'04-90-02-00501',0,0,23.3300,23.3300,0,10,'instock',0,0.00,0,'taxable',''),(1049,'04-25-08-00502',0,0,0.0000,0.0000,0,0,'outofstock',0,0.00,0,'taxable',''),(1052,'04-25-08-00502-1',0,0,0.0000,0.0000,0,0,'outofstock',0,0.00,0,'taxable',''),(1184,'02-01-01-00543',0,0,629.1700,629.1700,0,3,'instock',0,0.00,0,'taxable',''),(1193,'04-67-04-00585',0,0,21.1700,21.1700,0,10,'instock',0,0.00,0,'taxable',''),(1195,'04-70-04-00586',0,0,23.3700,23.3700,0,10,'instock',0,0.00,0,'taxable',''),(1197,'04-67-06-00608',0,0,15.8300,15.8300,0,10,'instock',0,0.00,0,'taxable',''),(1200,'04-60-09-00610',0,0,15.0000,15.0000,0,5,'instock',0,0.00,0,'taxable',''),(1202,'04-60-09-00610-1',0,0,14.7900,14.7900,0,0,'outofstock',0,0.00,0,'taxable','');

--
-- Table structure for table `wp_wc_rate_limits`
--

CREATE TABLE `wp_wc_rate_limits` (
  `rate_limit_id` bigint(20) unsigned NOT NULL AUTO_INCREMENT,
  `rate_limit_key` varchar(200) COLLATE utf8mb4_unicode_520_ci NOT NULL,
  `rate_limit_expiry` bigint(20) unsigned NOT NULL,
  `rate_limit_remaining` smallint(10) NOT NULL DEFAULT '0',
  PRIMARY KEY (`rate_limit_id`),
  UNIQUE KEY `rate_limit_key` (`rate_limit_key`(191))
) ENGINE=InnoDB DEFAULT CHARSET=utf8mb4 COLLATE=utf8mb4_unicode_520_ci;

--
-- Dumping data for table `wp_wc_rate_limits`
--


--
-- Table structure for table `wp_wc_reserved_stock`
--

CREATE TABLE `wp_wc_reserved_stock` (
  `order_id` bigint(20) NOT NULL,
  `product_id` bigint(20) NOT NULL,
  `stock_quantity` double NOT NULL DEFAULT '0',
  `timestamp` datetime NOT NULL DEFAULT '0000-00-00 00:00:00',
  `expires` datetime NOT NULL DEFAULT '0000-00-00 00:00:00',
  PRIMARY KEY (`order_id`,`product_id`)
) ENGINE=InnoDB DEFAULT CHARSET=utf8mb4 COLLATE=utf8mb4_unicode_520_ci;

--
-- Dumping data for table `wp_wc_reserved_stock`
--


--
-- Table structure for table `wp_wc_tax_rate_classes`
--

CREATE TABLE `wp_wc_tax_rate_classes` (
  `tax_rate_class_id` bigint(20) unsigned NOT NULL AUTO_INCREMENT,
  `name` varchar(200) COLLATE utf8mb4_unicode_520_ci NOT NULL DEFAULT '',
  `slug` varchar(200) COLLATE utf8mb4_unicode_520_ci NOT NULL DEFAULT '',
  PRIMARY KEY (`tax_rate_class_id`),
  UNIQUE KEY `slug` (`slug`(191))
) ENGINE=InnoDB AUTO_INCREMENT=3 DEFAULT CHARSET=utf8mb4 COLLATE=utf8mb4_unicode_520_ci;

--
-- Dumping data for table `wp_wc_tax_rate_classes`
--

INSERT INTO `wp_wc_tax_rate_classes` VALUES (1,'Taux réduit','taux-reduit'),(2,'Taux zéro','taux-zero');

--
-- Table structure for table `wp_wc_webhooks`
--

CREATE TABLE `wp_wc_webhooks` (
  `webhook_id` bigint(20) unsigned NOT NULL AUTO_INCREMENT,
  `status` varchar(200) COLLATE utf8mb4_unicode_520_ci NOT NULL,
  `name` text COLLATE utf8mb4_unicode_520_ci NOT NULL,
  `user_id` bigint(20) unsigned NOT NULL,
  `delivery_url` text COLLATE utf8mb4_unicode_520_ci NOT NULL,
  `secret` text COLLATE utf8mb4_unicode_520_ci NOT NULL,
  `topic` varchar(200) COLLATE utf8mb4_unicode_520_ci NOT NULL,
  `date_created` datetime NOT NULL DEFAULT '0000-00-00 00:00:00',
  `date_created_gmt` datetime NOT NULL DEFAULT '0000-00-00 00:00:00',
  `date_modified` datetime NOT NULL DEFAULT '0000-00-00 00:00:00',
  `date_modified_gmt` datetime NOT NULL DEFAULT '0000-00-00 00:00:00',
  `api_version` smallint(4) NOT NULL,
  `failure_count` smallint(10) NOT NULL DEFAULT '0',
  `pending_delivery` tinyint(1) NOT NULL DEFAULT '0',
  PRIMARY KEY (`webhook_id`),
  KEY `user_id` (`user_id`)
) ENGINE=InnoDB DEFAULT CHARSET=utf8mb4 COLLATE=utf8mb4_unicode_520_ci;

--
-- Dumping data for table `wp_wc_webhooks`
--


--
-- Table structure for table `wp_wcpdf_invoice_number`
--

CREATE TABLE `wp_wcpdf_invoice_number` (
  `id` int(16) NOT NULL AUTO_INCREMENT,
  `order_id` int(16) DEFAULT NULL,
  `date` datetime NOT NULL DEFAULT '1000-01-01 00:00:00',
  `calculated_number` int(16) DEFAULT NULL,
  PRIMARY KEY (`id`)
) ENGINE=InnoDB AUTO_INCREMENT=14 DEFAULT CHARSET=utf8mb4 COLLATE=utf8mb4_unicode_520_ci;

--
-- Dumping data for table `wp_wcpdf_invoice_number`
--

INSERT INTO `wp_wcpdf_invoice_number` VALUES (1,940,'2022-02-22 14:48:08',NULL),(2,940,'2022-02-22 14:48:08',NULL),(3,942,'2022-02-22 14:48:08',NULL),(4,942,'2022-02-22 14:48:08',NULL),(5,958,'2022-02-22 14:48:08',NULL),(6,958,'2022-02-22 14:48:08',NULL),(7,959,'2022-03-01 14:29:22',NULL),(8,962,'2022-03-08 14:45:46',NULL),(9,975,'2022-03-15 17:20:15',NULL),(10,1097,'2022-06-14 12:09:12',NULL),(11,1146,'2022-06-21 06:15:09',NULL),(12,1190,'2022-10-06 21:49:00',NULL),(13,1208,'2022-12-17 13:15:41',NULL);

--
-- Table structure for table `wp_woocommerce_api_keys`
--

CREATE TABLE `wp_woocommerce_api_keys` (
  `key_id` bigint(20) unsigned NOT NULL AUTO_INCREMENT,
  `user_id` bigint(20) unsigned NOT NULL,
  `description` varchar(200) COLLATE utf8mb4_unicode_520_ci DEFAULT NULL,
  `permissions` varchar(10) COLLATE utf8mb4_unicode_520_ci NOT NULL,
  `consumer_key` char(64) COLLATE utf8mb4_unicode_520_ci NOT NULL,
  `consumer_secret` char(43) COLLATE utf8mb4_unicode_520_ci NOT NULL,
  `nonces` longtext COLLATE utf8mb4_unicode_520_ci,
  `truncated_key` char(7) COLLATE utf8mb4_unicode_520_ci NOT NULL,
  `last_access` datetime DEFAULT NULL,
  PRIMARY KEY (`key_id`),
  KEY `consumer_key` (`consumer_key`),
  KEY `consumer_secret` (`consumer_secret`)
) ENGINE=InnoDB DEFAULT CHARSET=utf8mb4 COLLATE=utf8mb4_unicode_520_ci;

--
-- Dumping data for table `wp_woocommerce_api_keys`
--


--
-- Table structure for table `wp_woocommerce_attribute_taxonomies`
--

CREATE TABLE `wp_woocommerce_attribute_taxonomies` (
  `attribute_id` bigint(20) unsigned NOT NULL AUTO_INCREMENT,
  `attribute_name` varchar(200) COLLATE utf8mb4_unicode_520_ci NOT NULL,
  `attribute_label` varchar(200) COLLATE utf8mb4_unicode_520_ci DEFAULT NULL,
  `attribute_type` varchar(20) COLLATE utf8mb4_unicode_520_ci NOT NULL,
  `attribute_orderby` varchar(20) COLLATE utf8mb4_unicode_520_ci NOT NULL,
  `attribute_public` int(1) NOT NULL DEFAULT '1',
  PRIMARY KEY (`attribute_id`),
  KEY `attribute_name` (`attribute_name`(20))
) ENGINE=InnoDB DEFAULT CHARSET=utf8mb4 COLLATE=utf8mb4_unicode_520_ci;

--
-- Dumping data for table `wp_woocommerce_attribute_taxonomies`
--


--
-- Table structure for table `wp_woocommerce_downloadable_product_permissions`
--

CREATE TABLE `wp_woocommerce_downloadable_product_permissions` (
  `permission_id` bigint(20) unsigned NOT NULL AUTO_INCREMENT,
  `download_id` varchar(36) COLLATE utf8mb4_unicode_520_ci NOT NULL,
  `product_id` bigint(20) unsigned NOT NULL,
  `order_id` bigint(20) unsigned NOT NULL DEFAULT '0',
  `order_key` varchar(200) COLLATE utf8mb4_unicode_520_ci NOT NULL,
  `user_email` varchar(200) COLLATE utf8mb4_unicode_520_ci NOT NULL,
  `user_id` bigint(20) unsigned DEFAULT NULL,
  `downloads_remaining` varchar(9) COLLATE utf8mb4_unicode_520_ci DEFAULT NULL,
  `access_granted` datetime NOT NULL DEFAULT '0000-00-00 00:00:00',
  `access_expires` datetime DEFAULT NULL,
  `download_count` bigint(20) unsigned NOT NULL DEFAULT '0',
  PRIMARY KEY (`permission_id`),
  KEY `download_order_key_product` (`product_id`,`order_id`,`order_key`(16),`download_id`),
  KEY `download_order_product` (`download_id`,`order_id`,`product_id`),
  KEY `order_id` (`order_id`),
  KEY `user_order_remaining_expires` (`user_id`,`order_id`,`downloads_remaining`,`access_expires`)
) ENGINE=InnoDB DEFAULT CHARSET=utf8mb4 COLLATE=utf8mb4_unicode_520_ci;

--
-- Dumping data for table `wp_woocommerce_downloadable_product_permissions`
--


--
-- Table structure for table `wp_woocommerce_log`
--

CREATE TABLE `wp_woocommerce_log` (
  `log_id` bigint(20) unsigned NOT NULL AUTO_INCREMENT,
  `timestamp` datetime NOT NULL,
  `level` smallint(4) NOT NULL,
  `source` varchar(200) COLLATE utf8mb4_unicode_520_ci NOT NULL,
  `message` longtext COLLATE utf8mb4_unicode_520_ci NOT NULL,
  `context` longtext COLLATE utf8mb4_unicode_520_ci,
  PRIMARY KEY (`log_id`),
  KEY `level` (`level`)
) ENGINE=InnoDB DEFAULT CHARSET=utf8mb4 COLLATE=utf8mb4_unicode_520_ci;

--
-- Dumping data for table `wp_woocommerce_log`
--


--
-- Table structure for table `wp_woocommerce_order_itemmeta`
--

CREATE TABLE `wp_woocommerce_order_itemmeta` (
  `meta_id` bigint(20) unsigned NOT NULL AUTO_INCREMENT,
  `order_item_id` bigint(20) unsigned NOT NULL,
  `meta_key` varchar(255) COLLATE utf8mb4_unicode_520_ci DEFAULT NULL,
  `meta_value` longtext COLLATE utf8mb4_unicode_520_ci,
  PRIMARY KEY (`meta_id`),
  KEY `order_item_id` (`order_item_id`),
  KEY `meta_key` (`meta_key`(32))
) ENGINE=InnoDB AUTO_INCREMENT=393 DEFAULT CHARSET=utf8mb4 COLLATE=utf8mb4_unicode_520_ci;

--
-- Dumping data for table `wp_woocommerce_order_itemmeta`
--

INSERT INTO `wp_woocommerce_order_itemmeta` VALUES (122,17,'_product_id','618'),(123,17,'_variation_id','0'),(124,17,'_qty','1'),(125,17,'_tax_class',''),(126,17,'_line_subtotal','8.75'),(127,17,'_line_subtotal_tax','1.75'),(128,17,'_line_total','8.75'),(129,17,'_line_tax','1.75'),(130,17,'_line_tax_data','a:2:{s:5:\"total\";a:1:{i:2;s:4:\"1.75\";}s:8:\"subtotal\";a:1:{i:2;s:4:\"1.75\";}}'),(131,18,'method_id','free_shipping'),(132,18,'instance_id','1'),(133,18,'cost','0.00'),(134,18,'total_tax','0'),(135,18,'taxes','a:1:{s:5:\"total\";a:1:{i:2;s:0:\"\";}}'),(136,18,'Articles','Cadre Sailli avec vis 595x595 blanc &times; 1'),(137,19,'rate_id','2'),(138,19,'label','Tax'),(139,19,'compound',''),(140,19,'tax_amount','1.75'),(141,19,'shipping_tax_amount','0'),(142,19,'rate_percent','20'),(143,17,'_reduced_stock','1'),(263,38,'_product_id','921'),(264,38,'_variation_id','0'),(265,38,'_qty','1'),(266,38,'_tax_class',''),(267,38,'_line_subtotal','15'),(268,38,'_line_subtotal_tax','3'),(269,38,'_line_total','0'),(270,38,'_line_tax','0'),(271,38,'_line_tax_data','a:2:{s:5:\"total\";a:1:{i:2;s:1:\"0\";}s:8:\"subtotal\";a:1:{i:2;s:1:\"3\";}}'),(272,39,'method_id','free_shipping'),(273,39,'instance_id','1'),(274,39,'cost','0.00'),(275,39,'total_tax','0'),(276,39,'taxes','a:1:{s:5:\"total\";a:1:{i:2;s:0:\"\";}}'),(277,39,'Articles','Boite de Masque de Protection Respiratoire FFP2 - KN95 &times; 1'),(278,40,'rate_id','2'),(279,40,'label','Tax'),(280,40,'compound',''),(281,40,'tax_amount','0'),(282,40,'shipping_tax_amount','0'),(283,40,'rate_percent','20'),(284,41,'discount_amount','15'),(285,41,'discount_amount_tax','3'),(286,41,'coupon_data','a:25:{s:2:\"id\";i:939;s:4:\"code\";s:8:\"k4nr3t3e\";s:6:\"amount\";s:2:\"18\";s:6:\"status\";s:7:\"publish\";s:12:\"date_created\";O:11:\"WC_DateTime\":4:{s:13:\"\0*\0utc_offset\";i:0;s:4:\"date\";s:26:\"2022-02-15 11:47:31.000000\";s:13:\"timezone_type\";i:3;s:8:\"timezone\";s:12:\"Europe/Paris\";}s:13:\"date_modified\";O:11:\"WC_DateTime\":4:{s:13:\"\0*\0utc_offset\";i:0;s:4:\"date\";s:26:\"2022-03-15 17:18:57.000000\";s:13:\"timezone_type\";i:3;s:8:\"timezone\";s:12:\"Europe/Paris\";}s:12:\"date_expires\";N;s:13:\"discount_type\";s:13:\"fixed_product\";s:11:\"description\";s:0:\"\";s:11:\"usage_count\";i:4;s:14:\"individual_use\";b:1;s:11:\"product_ids\";a:1:{i:0;i:921;}s:20:\"excluded_product_ids\";a:0:{}s:11:\"usage_limit\";i:0;s:20:\"usage_limit_per_user\";i:0;s:22:\"limit_usage_to_x_items\";i:1;s:13:\"free_shipping\";b:0;s:18:\"product_categories\";a:0:{}s:27:\"excluded_product_categories\";a:0:{}s:18:\"exclude_sale_items\";b:1;s:14:\"minimum_amount\";s:0:\"\";s:14:\"maximum_amount\";s:0:\"\";s:18:\"email_restrictions\";a:0:{}s:7:\"virtual\";b:0;s:9:\"meta_data\";a:0:{}}'),(287,38,'_reduced_stock','1'),(288,42,'_product_id','285'),(289,42,'_variation_id','0'),(290,42,'_qty','1'),(291,42,'_tax_class',''),(292,42,'_line_subtotal','102.92'),(293,42,'_line_subtotal_tax','20.58'),(294,42,'_line_total','102.92'),(295,42,'_line_tax','20.58'),(296,42,'_line_tax_data','a:2:{s:5:\"total\";a:1:{i:2;s:5:\"20.58\";}s:8:\"subtotal\";a:1:{i:2;s:5:\"20.58\";}}'),(297,43,'method_id','free_shipping'),(298,43,'instance_id','1'),(299,43,'cost','0.00'),(300,43,'total_tax','0'),(301,43,'taxes','a:1:{s:5:\"total\";a:1:{i:2;s:0:\"\";}}'),(302,43,'Articles','Echangeur adaptabletype SAUNIER DUVAL16 Plaques Ref constructeur : 5733000 &times; 1'),(303,44,'rate_id','2'),(304,44,'label','Tax'),(305,44,'compound',''),(306,44,'tax_amount','20.58'),(307,44,'shipping_tax_amount','0'),(308,44,'rate_percent','20'),(309,42,'_reduced_stock','1'),(310,45,'_product_id','268'),(311,45,'_variation_id','0'),(312,45,'_qty','1'),(313,45,'_tax_class',''),(314,45,'_line_subtotal','95'),(315,45,'_line_subtotal_tax','19'),(316,45,'_line_total','95'),(317,45,'_line_tax','19'),(318,45,'_line_tax_data','a:2:{s:5:\"total\";a:1:{i:2;s:2:\"19\";}s:8:\"subtotal\";a:1:{i:2;s:2:\"19\";}}'),(319,46,'method_id','free_shipping'),(320,46,'instance_id','1'),(321,46,'cost','0.00'),(322,46,'total_tax','0'),(323,46,'taxes','a:1:{s:5:\"total\";a:1:{i:2;s:0:\"\";}}'),(324,46,'Articles','Echang. adaptabletype VIESSMANN12 PlaquesRef.constructeur : 7828745 &times; 1'),(325,47,'rate_id','2'),(326,47,'label','Tax'),(327,47,'compound',''),(328,47,'tax_amount','19'),(329,47,'shipping_tax_amount','0'),(330,47,'rate_percent','20'),(331,45,'_reduced_stock','0'),(332,48,'_product_id','268'),(333,48,'_variation_id','0'),(334,48,'_qty','-1'),(335,48,'_tax_class',''),(336,48,'_line_subtotal','-95'),(337,48,'_line_subtotal_tax','-19'),(338,48,'_line_total','-95'),(339,48,'_line_tax','-19'),(340,48,'_line_tax_data','a:2:{s:5:\"total\";a:1:{i:2;s:3:\"-19\";}s:8:\"subtotal\";a:1:{i:2;s:3:\"-19\";}}'),(341,48,'_refunded_item_id','45'),(342,49,'rate_id','2'),(343,49,'label','Tax'),(344,49,'compound',''),(345,49,'tax_amount','-19'),(346,49,'shipping_tax_amount','0'),(347,49,'rate_percent','20'),(348,45,'_restock_refunded_items','1'),(349,50,'_product_id','224'),(350,50,'_variation_id','0'),(351,50,'_qty','1'),(352,50,'_tax_class',''),(353,50,'_line_subtotal','77.5'),(354,50,'_line_subtotal_tax','15.5'),(355,50,'_line_total','77.5'),(356,50,'_line_tax','15.5'),(357,50,'_line_tax_data','a:2:{s:5:\"total\";a:1:{i:2;s:4:\"15.5\";}s:8:\"subtotal\";a:1:{i:2;s:4:\"15.5\";}}'),(358,51,'method_id','free_shipping'),(359,51,'instance_id','1'),(360,51,'cost','0.00'),(361,51,'total_tax','0'),(362,51,'taxes','a:1:{s:5:\"total\";a:1:{i:2;s:0:\"\";}}'),(363,51,'Articles','Echangeur de chaleur adaptable de typeCHAFFOTEAUX 16 Plaques Ref.constructeur : 61302409-01 &times; 1'),(364,52,'rate_id','2'),(365,52,'label','Tax'),(366,52,'compound',''),(367,52,'tax_amount','15.5'),(368,52,'shipping_tax_amount','0'),(369,52,'rate_percent','20'),(370,50,'_reduced_stock','1'),(371,53,'_product_id','263'),(372,53,'_variation_id','0'),(373,53,'_qty','1'),(374,53,'_tax_class',''),(375,53,'_line_subtotal','67.92'),(376,53,'_line_subtotal_tax','13.58'),(377,53,'_line_total','67.92'),(378,53,'_line_tax','13.58'),(379,53,'_line_tax_data','a:2:{s:5:\"total\";a:1:{i:2;s:6:\"13.584\";}s:8:\"subtotal\";a:1:{i:2;s:6:\"13.584\";}}'),(380,54,'method_id','free_shipping'),(381,54,'instance_id','1'),(382,54,'cost','0.00'),(383,54,'total_tax','0'),(384,54,'taxes','a:1:{s:5:\"total\";a:1:{i:2;s:0:\"\";}}'),(385,54,'Articles','Echangeur de chaleur adaptable de type CHAFFOTEAUX 16 Plaques Ref.constructeur : 65104333 &times; 1'),(386,55,'rate_id','2'),(387,55,'label','Tax'),(388,55,'compound',''),(389,55,'tax_amount','13.58'),(390,55,'shipping_tax_amount','0'),(391,55,'rate_percent','20'),(392,53,'_reduced_stock','1');

--
-- Table structure for table `wp_woocommerce_order_items`
--

CREATE TABLE `wp_woocommerce_order_items` (
  `order_item_id` bigint(20) unsigned NOT NULL AUTO_INCREMENT,
  `order_item_name` text COLLATE utf8mb4_unicode_520_ci NOT NULL,
  `order_item_type` varchar(200) COLLATE utf8mb4_unicode_520_ci NOT NULL DEFAULT '',
  `order_id` bigint(20) unsigned NOT NULL,
  PRIMARY KEY (`order_item_id`),
  KEY `order_id` (`order_id`)
) ENGINE=InnoDB AUTO_INCREMENT=56 DEFAULT CHARSET=utf8mb4 COLLATE=utf8mb4_unicode_520_ci;

--
-- Dumping data for table `wp_woocommerce_order_items`
--

INSERT INTO `wp_woocommerce_order_items` VALUES (17,'Cadre Sailli avec vis 595x595 blanc','line_item',942),(18,'Livraison gratuite','shipping',942),(19,'FR- TAX-1','tax',942),(38,'Boite de Masque de Protection Respiratoire FFP2 - KN95','line_item',975),(39,'Livraison gratuite','shipping',975),(40,'FR- TAX-1','tax',975),(41,'k4nr3t3e','coupon',975),(42,'Echangeur adaptable<br>type SAUNIER DUVAL<br>16 Plaques<br> Ref constructeur : 5733000','line_item',1097),(43,'Livraison gratuite','shipping',1097),(44,'FR- TAX-1','tax',1097),(45,'Echang. adaptable<br>type VIESSMANN<br>12 Plaques<br>Ref.constructeur : 7828745','line_item',1146),(46,'Livraison gratuite','shipping',1146),(47,'FR- TAX-1','tax',1146),(48,'Echang. adaptable<br>type VIESSMANN<br>12 Plaques<br>Ref.constructeur : 7828745','line_item',1150),(49,'FR- TAX-1','tax',1150),(50,'Echangeur de chaleur adaptable de type<br>CHAFFOTEAUX 16 Plaques<br> Ref.constructeur : 61302409-01','line_item',1190),(51,'Livraison gratuite','shipping',1190),(52,'FR- TAX-1','tax',1190),(53,'Echangeur de chaleur adaptable  de type CHAFFOTEAUX 16 Plaques<br> Ref.constructeur : 65104333','line_item',1208),(54,'Livraison gratuite','shipping',1208),(55,'FR- TAX-1','tax',1208);

--
-- Table structure for table `wp_woocommerce_payment_tokenmeta`
--

CREATE TABLE `wp_woocommerce_payment_tokenmeta` (
  `meta_id` bigint(20) unsigned NOT NULL AUTO_INCREMENT,
  `payment_token_id` bigint(20) unsigned NOT NULL,
  `meta_key` varchar(255) COLLATE utf8mb4_unicode_520_ci DEFAULT NULL,
  `meta_value` longtext COLLATE utf8mb4_unicode_520_ci,
  PRIMARY KEY (`meta_id`),
  KEY `payment_token_id` (`payment_token_id`),
  KEY `meta_key` (`meta_key`(32))
) ENGINE=InnoDB DEFAULT CHARSET=utf8mb4 COLLATE=utf8mb4_unicode_520_ci;

--
-- Dumping data for table `wp_woocommerce_payment_tokenmeta`
--


--
-- Table structure for table `wp_woocommerce_payment_tokens`
--

CREATE TABLE `wp_woocommerce_payment_tokens` (
  `token_id` bigint(20) unsigned NOT NULL AUTO_INCREMENT,
  `gateway_id` varchar(200) COLLATE utf8mb4_unicode_520_ci NOT NULL,
  `token` text COLLATE utf8mb4_unicode_520_ci NOT NULL,
  `user_id` bigint(20) unsigned NOT NULL DEFAULT '0',
  `type` varchar(200) COLLATE utf8mb4_unicode_520_ci NOT NULL,
  `is_default` tinyint(1) NOT NULL DEFAULT '0',
  PRIMARY KEY (`token_id`),
  KEY `user_id` (`user_id`)
) ENGINE=InnoDB DEFAULT CHARSET=utf8mb4 COLLATE=utf8mb4_unicode_520_ci;

--
-- Dumping data for table `wp_woocommerce_payment_tokens`
--


--
-- Table structure for table `wp_woocommerce_sessions`
--

CREATE TABLE `wp_woocommerce_sessions` (
  `session_id` bigint(20) unsigned NOT NULL AUTO_INCREMENT,
  `session_key` char(32) COLLATE utf8mb4_unicode_520_ci NOT NULL,
  `session_value` longtext COLLATE utf8mb4_unicode_520_ci NOT NULL,
  `session_expiry` bigint(20) unsigned NOT NULL,
  PRIMARY KEY (`session_id`),
  UNIQUE KEY `session_key` (`session_key`)
) ENGINE=InnoDB AUTO_INCREMENT=42308 DEFAULT CHARSET=utf8mb4 COLLATE=utf8mb4_unicode_520_ci;

--
-- Dumping data for table `wp_woocommerce_sessions`
--

INSERT INTO `wp_woocommerce_sessions` VALUES (42270,'t_fd92a5af160368fc26e7af6198e2eb','a:15:{s:4:\"ppcp\";s:364:\"O:49:\"WooCommerce\\PayPalCommerce\\Session\\SessionHandler\":4:{s:56:\"\0WooCommerce\\PayPalCommerce\\Session\\SessionHandler\0order\";N;s:58:\"\0WooCommerce\\PayPalCommerce\\Session\\SessionHandler\0bn_code\";s:0:\"\";s:77:\"\0WooCommerce\\PayPalCommerce\\Session\\SessionHandler\0insufficient_funding_tries\";i:0;s:65:\"\0WooCommerce\\PayPalCommerce\\Session\\SessionHandler\0funding_source\";N;}\";s:24:\"ppcp_fraudnet_session_id\";s:32:\"f1a7b667c417b8da7195bbbc82585f33\";s:4:\"cart\";s:916:\"a:2:{s:32:\"9a3d458322d70046f63dfd8b0153ece4\";a:11:{s:3:\"key\";s:32:\"9a3d458322d70046f63dfd8b0153ece4\";s:10:\"product_id\";i:1193;s:12:\"variation_id\";i:0;s:9:\"variation\";a:0:{}s:8:\"quantity\";i:1;s:9:\"data_hash\";s:32:\"b5c1d5ca8bae6d4896cf1807cdf763f0\";s:13:\"line_tax_data\";a:2:{s:8:\"subtotal\";a:1:{i:2;d:4.234;}s:5:\"total\";a:1:{i:2;d:4.234;}}s:13:\"line_subtotal\";d:21.17;s:17:\"line_subtotal_tax\";d:4.23;s:10:\"line_total\";d:21.17;s:8:\"line_tax\";d:4.23;}s:32:\"ae5e3ce40e0404a45ecacaaf05e5f735\";a:11:{s:3:\"key\";s:32:\"ae5e3ce40e0404a45ecacaaf05e5f735\";s:10:\"product_id\";i:1197;s:12:\"variation_id\";i:0;s:9:\"variation\";a:0:{}s:8:\"quantity\";i:1;s:9:\"data_hash\";s:32:\"b5c1d5ca8bae6d4896cf1807cdf763f0\";s:13:\"line_tax_data\";a:2:{s:8:\"subtotal\";a:1:{i:2;d:3.1660000000000004;}s:5:\"total\";a:1:{i:2;d:3.1660000000000004;}}s:13:\"line_subtotal\";d:15.83;s:17:\"line_subtotal_tax\";d:3.17;s:10:\"line_total\";d:15.83;s:8:\"line_tax\";d:3.17;}}\";s:11:\"cart_totals\";s:409:\"a:15:{s:8:\"subtotal\";s:2:\"37\";s:12:\"subtotal_tax\";d:7.4;s:14:\"shipping_total\";s:1:\"0\";s:12:\"shipping_tax\";i:0;s:14:\"shipping_taxes\";a:0:{}s:14:\"discount_total\";i:0;s:12:\"discount_tax\";i:0;s:19:\"cart_contents_total\";s:2:\"37\";s:17:\"cart_contents_tax\";d:7.4;s:19:\"cart_contents_taxes\";a:1:{i:2;d:7.4;}s:9:\"fee_total\";s:1:\"0\";s:7:\"fee_tax\";i:0;s:9:\"fee_taxes\";a:0:{}s:5:\"total\";s:5:\"44.40\";s:9:\"total_tax\";d:7.4;}\";s:15:\"applied_coupons\";s:6:\"a:0:{}\";s:22:\"coupon_discount_totals\";s:6:\"a:0:{}\";s:26:\"coupon_discount_tax_totals\";s:6:\"a:0:{}\";s:21:\"removed_cart_contents\";s:6:\"a:0:{}\";s:22:\"shipping_for_package_0\";s:505:\"a:2:{s:12:\"package_hash\";s:40:\"wc_ship_5ce0efe6ea6de48283f4cfc9443c9a0a\";s:5:\"rates\";a:1:{s:15:\"free_shipping:1\";O:16:\"WC_Shipping_Rate\":2:{s:7:\"\0*\0data\";a:6:{s:2:\"id\";s:15:\"free_shipping:1\";s:9:\"method_id\";s:13:\"free_shipping\";s:11:\"instance_id\";i:1;s:5:\"label\";s:18:\"Livraison gratuite\";s:4:\"cost\";s:4:\"0.00\";s:5:\"taxes\";a:0:{}}s:12:\"\0*\0meta_data\";a:1:{s:8:\"Articles\";s:122:\"Soupape de chauffage adaptable 3Bde type Saunier Duval &times; 1, Soupape de Sécurité adaptablede type ARISTON &times; 1\";}}}}\";s:25:\"previous_shipping_methods\";s:43:\"a:1:{i:0;a:1:{i:0;s:15:\"free_shipping:1\";}}\";s:23:\"chosen_shipping_methods\";s:33:\"a:1:{i:0;s:15:\"free_shipping:1\";}\";s:22:\"shipping_method_counts\";s:14:\"a:1:{i:0;i:1;}\";s:9:\"ppcp_fees\";s:6:\"a:0:{}\";s:10:\"wc_notices\";N;s:8:\"customer\";s:716:\"a:27:{s:2:\"id\";s:1:\"0\";s:13:\"date_modified\";s:0:\"\";s:8:\"postcode\";s:0:\"\";s:4:\"city\";s:0:\"\";s:9:\"address_1\";s:0:\"\";s:7:\"address\";s:0:\"\";s:9:\"address_2\";s:0:\"\";s:5:\"state\";s:0:\"\";s:7:\"country\";s:2:\"FR\";s:17:\"shipping_postcode\";s:0:\"\";s:13:\"shipping_city\";s:0:\"\";s:18:\"shipping_address_1\";s:0:\"\";s:16:\"shipping_address\";s:0:\"\";s:18:\"shipping_address_2\";s:0:\"\";s:14:\"shipping_state\";s:0:\"\";s:16:\"shipping_country\";s:2:\"FR\";s:13:\"is_vat_exempt\";s:0:\"\";s:19:\"calculated_shipping\";s:0:\"\";s:10:\"first_name\";s:0:\"\";s:9:\"last_name\";s:0:\"\";s:7:\"company\";s:0:\"\";s:5:\"phone\";s:0:\"\";s:5:\"email\";s:0:\"\";s:19:\"shipping_first_name\";s:0:\"\";s:18:\"shipping_last_name\";s:0:\"\";s:16:\"shipping_company\";s:0:\"\";s:14:\"shipping_phone\";s:0:\"\";}\";}',1676990065),(42272,'t_976f02b37232db242af1c6053e9588','a:15:{s:4:\"ppcp\";s:364:\"O:49:\"WooCommerce\\PayPalCommerce\\Session\\SessionHandler\":4:{s:56:\"\0WooCommerce\\PayPalCommerce\\Session\\SessionHandler\0order\";N;s:58:\"\0WooCommerce\\PayPalCommerce\\Session\\SessionHandler\0bn_code\";s:0:\"\";s:77:\"\0WooCommerce\\PayPalCommerce\\Session\\SessionHandler\0insufficient_funding_tries\";i:0;s:65:\"\0WooCommerce\\PayPalCommerce\\Session\\SessionHandler\0funding_source\";N;}\";s:24:\"ppcp_fraudnet_session_id\";s:32:\"f23fc4e9185bacb5e9ee5d0a0643a986\";s:4:\"cart\";s:428:\"a:1:{s:32:\"b8c37e33defde51cf91e1e03e51657da\";a:11:{s:3:\"key\";s:32:\"b8c37e33defde51cf91e1e03e51657da\";s:10:\"product_id\";i:1001;s:12:\"variation_id\";i:0;s:9:\"variation\";a:0:{}s:8:\"quantity\";i:1;s:9:\"data_hash\";s:32:\"b5c1d5ca8bae6d4896cf1807cdf763f0\";s:13:\"line_tax_data\";a:2:{s:8:\"subtotal\";a:1:{i:2;d:7;}s:5:\"total\";a:1:{i:2;d:7;}}s:13:\"line_subtotal\";d:35;s:17:\"line_subtotal_tax\";d:7;s:10:\"line_total\";d:35;s:8:\"line_tax\";d:7;}}\";s:11:\"cart_totals\";s:401:\"a:15:{s:8:\"subtotal\";s:2:\"35\";s:12:\"subtotal_tax\";d:7;s:14:\"shipping_total\";s:1:\"0\";s:12:\"shipping_tax\";i:0;s:14:\"shipping_taxes\";a:0:{}s:14:\"discount_total\";i:0;s:12:\"discount_tax\";i:0;s:19:\"cart_contents_total\";s:2:\"35\";s:17:\"cart_contents_tax\";d:7;s:19:\"cart_contents_taxes\";a:1:{i:2;d:7;}s:9:\"fee_total\";s:1:\"0\";s:7:\"fee_tax\";i:0;s:9:\"fee_taxes\";a:0:{}s:5:\"total\";s:5:\"42.00\";s:9:\"total_tax\";d:7;}\";s:15:\"applied_coupons\";s:6:\"a:0:{}\";s:22:\"coupon_discount_totals\";s:6:\"a:0:{}\";s:26:\"coupon_discount_tax_totals\";s:6:\"a:0:{}\";s:21:\"removed_cart_contents\";s:6:\"a:0:{}\";s:22:\"shipping_for_package_0\";s:443:\"a:2:{s:12:\"package_hash\";s:40:\"wc_ship_6e81afe2e68875d42d0993781aa66c9e\";s:5:\"rates\";a:1:{s:15:\"free_shipping:1\";O:16:\"WC_Shipping_Rate\":2:{s:7:\"\0*\0data\";a:6:{s:2:\"id\";s:15:\"free_shipping:1\";s:9:\"method_id\";s:13:\"free_shipping\";s:11:\"instance_id\";i:1;s:5:\"label\";s:18:\"Livraison gratuite\";s:4:\"cost\";s:4:\"0.00\";s:5:\"taxes\";a:0:{}}s:12:\"\0*\0meta_data\";a:1:{s:8:\"Articles\";s:61:\"Capteur de pression adaptable de type Saunier Duval &times; 1\";}}}}\";s:25:\"previous_shipping_methods\";s:43:\"a:1:{i:0;a:1:{i:0;s:15:\"free_shipping:1\";}}\";s:23:\"chosen_shipping_methods\";s:33:\"a:1:{i:0;s:15:\"free_shipping:1\";}\";s:22:\"shipping_method_counts\";s:14:\"a:1:{i:0;i:1;}\";s:9:\"ppcp_fees\";s:6:\"a:0:{}\";s:10:\"wc_notices\";N;s:8:\"customer\";s:716:\"a:27:{s:2:\"id\";s:1:\"0\";s:13:\"date_modified\";s:0:\"\";s:8:\"postcode\";s:0:\"\";s:4:\"city\";s:0:\"\";s:9:\"address_1\";s:0:\"\";s:7:\"address\";s:0:\"\";s:9:\"address_2\";s:0:\"\";s:5:\"state\";s:0:\"\";s:7:\"country\";s:2:\"FR\";s:17:\"shipping_postcode\";s:0:\"\";s:13:\"shipping_city\";s:0:\"\";s:18:\"shipping_address_1\";s:0:\"\";s:16:\"shipping_address\";s:0:\"\";s:18:\"shipping_address_2\";s:0:\"\";s:14:\"shipping_state\";s:0:\"\";s:16:\"shipping_country\";s:2:\"FR\";s:13:\"is_vat_exempt\";s:0:\"\";s:19:\"calculated_shipping\";s:0:\"\";s:10:\"first_name\";s:0:\"\";s:9:\"last_name\";s:0:\"\";s:7:\"company\";s:0:\"\";s:5:\"phone\";s:0:\"\";s:5:\"email\";s:0:\"\";s:19:\"shipping_first_name\";s:0:\"\";s:18:\"shipping_last_name\";s:0:\"\";s:16:\"shipping_company\";s:0:\"\";s:14:\"shipping_phone\";s:0:\"\";}\";}',1677055570),(42273,'t_aa39c2201dafb96c114d89e981bf83','a:15:{s:4:\"ppcp\";s:364:\"O:49:\"WooCommerce\\PayPalCommerce\\Session\\SessionHandler\":4:{s:56:\"\0WooCommerce\\PayPalCommerce\\Session\\SessionHandler\0order\";N;s:58:\"\0WooCommerce\\PayPalCommerce\\Session\\SessionHandler\0bn_code\";s:0:\"\";s:77:\"\0WooCommerce\\PayPalCommerce\\Session\\SessionHandler\0insufficient_funding_tries\";i:0;s:65:\"\0WooCommerce\\PayPalCommerce\\Session\\SessionHandler\0funding_source\";N;}\";s:24:\"ppcp_fraudnet_session_id\";s:32:\"986c6f7c477d8938ba79897f960470f2\";s:4:\"cart\";s:448:\"a:1:{s:32:\"aa68c75c4a77c87f97fb686b2f068676\";a:11:{s:3:\"key\";s:32:\"aa68c75c4a77c87f97fb686b2f068676\";s:10:\"product_id\";i:1003;s:12:\"variation_id\";i:0;s:9:\"variation\";a:0:{}s:8:\"quantity\";i:1;s:9:\"data_hash\";s:32:\"b5c1d5ca8bae6d4896cf1807cdf763f0\";s:13:\"line_tax_data\";a:2:{s:8:\"subtotal\";a:1:{i:2;d:6.666;}s:5:\"total\";a:1:{i:2;d:6.666;}}s:13:\"line_subtotal\";d:33.33;s:17:\"line_subtotal_tax\";d:6.67;s:10:\"line_total\";d:33.33;s:8:\"line_tax\";d:6.67;}}\";s:11:\"cart_totals\";s:419:\"a:15:{s:8:\"subtotal\";s:5:\"33.33\";s:12:\"subtotal_tax\";d:6.67;s:14:\"shipping_total\";s:1:\"0\";s:12:\"shipping_tax\";i:0;s:14:\"shipping_taxes\";a:0:{}s:14:\"discount_total\";i:0;s:12:\"discount_tax\";i:0;s:19:\"cart_contents_total\";s:5:\"33.33\";s:17:\"cart_contents_tax\";d:6.67;s:19:\"cart_contents_taxes\";a:1:{i:2;d:6.67;}s:9:\"fee_total\";s:1:\"0\";s:7:\"fee_tax\";i:0;s:9:\"fee_taxes\";a:0:{}s:5:\"total\";s:5:\"40.00\";s:9:\"total_tax\";d:6.67;}\";s:15:\"applied_coupons\";s:6:\"a:0:{}\";s:22:\"coupon_discount_totals\";s:6:\"a:0:{}\";s:26:\"coupon_discount_tax_totals\";s:6:\"a:0:{}\";s:21:\"removed_cart_contents\";s:6:\"a:0:{}\";s:22:\"shipping_for_package_0\";s:448:\"a:2:{s:12:\"package_hash\";s:40:\"wc_ship_0b505b164cc6e7e7a2ed6af6587a77a1\";s:5:\"rates\";a:1:{s:15:\"free_shipping:1\";O:16:\"WC_Shipping_Rate\":2:{s:7:\"\0*\0data\";a:6:{s:2:\"id\";s:15:\"free_shipping:1\";s:9:\"method_id\";s:13:\"free_shipping\";s:11:\"instance_id\";i:1;s:5:\"label\";s:18:\"Livraison gratuite\";s:4:\"cost\";s:4:\"0.00\";s:5:\"taxes\";a:0:{}}s:12:\"\0*\0meta_data\";a:1:{s:8:\"Articles\";s:66:\"Capteur de débit ISOFASTadaptable de type Saunier Duval &times; 1\";}}}}\";s:25:\"previous_shipping_methods\";s:43:\"a:1:{i:0;a:1:{i:0;s:15:\"free_shipping:1\";}}\";s:23:\"chosen_shipping_methods\";s:33:\"a:1:{i:0;s:15:\"free_shipping:1\";}\";s:22:\"shipping_method_counts\";s:14:\"a:1:{i:0;i:1;}\";s:9:\"ppcp_fees\";s:6:\"a:0:{}\";s:10:\"wc_notices\";N;s:8:\"customer\";s:716:\"a:27:{s:2:\"id\";s:1:\"0\";s:13:\"date_modified\";s:0:\"\";s:8:\"postcode\";s:0:\"\";s:4:\"city\";s:0:\"\";s:9:\"address_1\";s:0:\"\";s:7:\"address\";s:0:\"\";s:9:\"address_2\";s:0:\"\";s:5:\"state\";s:0:\"\";s:7:\"country\";s:2:\"FR\";s:17:\"shipping_postcode\";s:0:\"\";s:13:\"shipping_city\";s:0:\"\";s:18:\"shipping_address_1\";s:0:\"\";s:16:\"shipping_address\";s:0:\"\";s:18:\"shipping_address_2\";s:0:\"\";s:14:\"shipping_state\";s:0:\"\";s:16:\"shipping_country\";s:2:\"FR\";s:13:\"is_vat_exempt\";s:0:\"\";s:19:\"calculated_shipping\";s:0:\"\";s:10:\"first_name\";s:0:\"\";s:9:\"last_name\";s:0:\"\";s:7:\"company\";s:0:\"\";s:5:\"phone\";s:0:\"\";s:5:\"email\";s:0:\"\";s:19:\"shipping_first_name\";s:0:\"\";s:18:\"shipping_last_name\";s:0:\"\";s:16:\"shipping_company\";s:0:\"\";s:14:\"shipping_phone\";s:0:\"\";}\";}',1677055574),(42274,'t_0ed39b438d5a98cffae2ac3a305cd7','a:15:{s:4:\"ppcp\";s:364:\"O:49:\"WooCommerce\\PayPalCommerce\\Session\\SessionHandler\":4:{s:56:\"\0WooCommerce\\PayPalCommerce\\Session\\SessionHandler\0order\";N;s:58:\"\0WooCommerce\\PayPalCommerce\\Session\\SessionHandler\0bn_code\";s:0:\"\";s:77:\"\0WooCommerce\\PayPalCommerce\\Session\\SessionHandler\0insufficient_funding_tries\";i:0;s:65:\"\0WooCommerce\\PayPalCommerce\\Session\\SessionHandler\0funding_source\";N;}\";s:24:\"ppcp_fraudnet_session_id\";s:32:\"0adc4a73e228c3945e8e0d0ee7fa983a\";s:4:\"cart\";s:448:\"a:1:{s:32:\"2387337ba1e0b0249ba90f55b2ba2521\";a:11:{s:3:\"key\";s:32:\"2387337ba1e0b0249ba90f55b2ba2521\";s:10:\"product_id\";i:1005;s:12:\"variation_id\";i:0;s:9:\"variation\";a:0:{}s:8:\"quantity\";i:1;s:9:\"data_hash\";s:32:\"b5c1d5ca8bae6d4896cf1807cdf763f0\";s:13:\"line_tax_data\";a:2:{s:8:\"subtotal\";a:1:{i:2;d:4.834;}s:5:\"total\";a:1:{i:2;d:4.834;}}s:13:\"line_subtotal\";d:24.17;s:17:\"line_subtotal_tax\";d:4.83;s:10:\"line_total\";d:24.17;s:8:\"line_tax\";d:4.83;}}\";s:11:\"cart_totals\";s:419:\"a:15:{s:8:\"subtotal\";s:5:\"24.17\";s:12:\"subtotal_tax\";d:4.83;s:14:\"shipping_total\";s:1:\"0\";s:12:\"shipping_tax\";i:0;s:14:\"shipping_taxes\";a:0:{}s:14:\"discount_total\";i:0;s:12:\"discount_tax\";i:0;s:19:\"cart_contents_total\";s:5:\"24.17\";s:17:\"cart_contents_tax\";d:4.83;s:19:\"cart_contents_taxes\";a:1:{i:2;d:4.83;}s:9:\"fee_total\";s:1:\"0\";s:7:\"fee_tax\";i:0;s:9:\"fee_taxes\";a:0:{}s:5:\"total\";s:5:\"29.00\";s:9:\"total_tax\";d:4.83;}\";s:15:\"applied_coupons\";s:6:\"a:0:{}\";s:22:\"coupon_discount_totals\";s:6:\"a:0:{}\";s:26:\"coupon_discount_tax_totals\";s:6:\"a:0:{}\";s:21:\"removed_cart_contents\";s:6:\"a:0:{}\";s:22:\"shipping_for_package_0\";s:442:\"a:2:{s:12:\"package_hash\";s:40:\"wc_ship_c9e49a409d97011db8afd0aafe987744\";s:5:\"rates\";a:1:{s:15:\"free_shipping:1\";O:16:\"WC_Shipping_Rate\":2:{s:7:\"\0*\0data\";a:6:{s:2:\"id\";s:15:\"free_shipping:1\";s:9:\"method_id\";s:13:\"free_shipping\";s:11:\"instance_id\";i:1;s:5:\"label\";s:18:\"Livraison gratuite\";s:4:\"cost\";s:4:\"0.00\";s:5:\"taxes\";a:0:{}}s:12:\"\0*\0meta_data\";a:1:{s:8:\"Articles\";s:60:\"Sonde de Thermistanceadaptable de type CHAFFOTEAUX &times; 1\";}}}}\";s:25:\"previous_shipping_methods\";s:43:\"a:1:{i:0;a:1:{i:0;s:15:\"free_shipping:1\";}}\";s:23:\"chosen_shipping_methods\";s:33:\"a:1:{i:0;s:15:\"free_shipping:1\";}\";s:22:\"shipping_method_counts\";s:14:\"a:1:{i:0;i:1;}\";s:9:\"ppcp_fees\";s:6:\"a:0:{}\";s:10:\"wc_notices\";N;s:8:\"customer\";s:716:\"a:27:{s:2:\"id\";s:1:\"0\";s:13:\"date_modified\";s:0:\"\";s:8:\"postcode\";s:0:\"\";s:4:\"city\";s:0:\"\";s:9:\"address_1\";s:0:\"\";s:7:\"address\";s:0:\"\";s:9:\"address_2\";s:0:\"\";s:5:\"state\";s:0:\"\";s:7:\"country\";s:2:\"FR\";s:17:\"shipping_postcode\";s:0:\"\";s:13:\"shipping_city\";s:0:\"\";s:18:\"shipping_address_1\";s:0:\"\";s:16:\"shipping_address\";s:0:\"\";s:18:\"shipping_address_2\";s:0:\"\";s:14:\"shipping_state\";s:0:\"\";s:16:\"shipping_country\";s:2:\"FR\";s:13:\"is_vat_exempt\";s:0:\"\";s:19:\"calculated_shipping\";s:0:\"\";s:10:\"first_name\";s:0:\"\";s:9:\"last_name\";s:0:\"\";s:7:\"company\";s:0:\"\";s:5:\"phone\";s:0:\"\";s:5:\"email\";s:0:\"\";s:19:\"shipping_first_name\";s:0:\"\";s:18:\"shipping_last_name\";s:0:\"\";s:16:\"shipping_company\";s:0:\"\";s:14:\"shipping_phone\";s:0:\"\";}\";}',1677055584),(42275,'t_2a507e64b241994e2cfa8745108124','a:15:{s:4:\"ppcp\";s:364:\"O:49:\"WooCommerce\\PayPalCommerce\\Session\\SessionHandler\":4:{s:56:\"\0WooCommerce\\PayPalCommerce\\Session\\SessionHandler\0order\";N;s:58:\"\0WooCommerce\\PayPalCommerce\\Session\\SessionHandler\0bn_code\";s:0:\"\";s:77:\"\0WooCommerce\\PayPalCommerce\\Session\\SessionHandler\0insufficient_funding_tries\";i:0;s:65:\"\0WooCommerce\\PayPalCommerce\\Session\\SessionHandler\0funding_source\";N;}\";s:24:\"ppcp_fraudnet_session_id\";s:32:\"e7c1d858020545403c186c3d8ac93b20\";s:4:\"cart\";s:448:\"a:1:{s:32:\"d7322ed717dedf1eb4e6e52a37ea7bcd\";a:11:{s:3:\"key\";s:32:\"d7322ed717dedf1eb4e6e52a37ea7bcd\";s:10:\"product_id\";i:1007;s:12:\"variation_id\";i:0;s:9:\"variation\";a:0:{}s:8:\"quantity\";i:1;s:9:\"data_hash\";s:32:\"b5c1d5ca8bae6d4896cf1807cdf763f0\";s:13:\"line_tax_data\";a:2:{s:8:\"subtotal\";a:1:{i:2;d:4.834;}s:5:\"total\";a:1:{i:2;d:4.834;}}s:13:\"line_subtotal\";d:24.17;s:17:\"line_subtotal_tax\";d:4.83;s:10:\"line_total\";d:24.17;s:8:\"line_tax\";d:4.83;}}\";s:11:\"cart_totals\";s:419:\"a:15:{s:8:\"subtotal\";s:5:\"24.17\";s:12:\"subtotal_tax\";d:4.83;s:14:\"shipping_total\";s:1:\"0\";s:12:\"shipping_tax\";i:0;s:14:\"shipping_taxes\";a:0:{}s:14:\"discount_total\";i:0;s:12:\"discount_tax\";i:0;s:19:\"cart_contents_total\";s:5:\"24.17\";s:17:\"cart_contents_tax\";d:4.83;s:19:\"cart_contents_taxes\";a:1:{i:2;d:4.83;}s:9:\"fee_total\";s:1:\"0\";s:7:\"fee_tax\";i:0;s:9:\"fee_taxes\";a:0:{}s:5:\"total\";s:5:\"29.00\";s:9:\"total_tax\";d:4.83;}\";s:15:\"applied_coupons\";s:6:\"a:0:{}\";s:22:\"coupon_discount_totals\";s:6:\"a:0:{}\";s:26:\"coupon_discount_tax_totals\";s:6:\"a:0:{}\";s:21:\"removed_cart_contents\";s:6:\"a:0:{}\";s:22:\"shipping_for_package_0\";s:450:\"a:2:{s:12:\"package_hash\";s:40:\"wc_ship_aa8310dcd0ebccd47b77f39c98cc4b2d\";s:5:\"rates\";a:1:{s:15:\"free_shipping:1\";O:16:\"WC_Shipping_Rate\":2:{s:7:\"\0*\0data\";a:6:{s:2:\"id\";s:15:\"free_shipping:1\";s:9:\"method_id\";s:13:\"free_shipping\";s:11:\"instance_id\";i:1;s:5:\"label\";s:18:\"Livraison gratuite\";s:4:\"cost\";s:4:\"0.00\";s:5:\"taxes\";a:0:{}}s:12:\"\0*\0meta_data\";a:1:{s:8:\"Articles\";s:68:\"Sonde de température CTN ECS adaptablede type ELM Leblanc &times; 1\";}}}}\";s:25:\"previous_shipping_methods\";s:43:\"a:1:{i:0;a:1:{i:0;s:15:\"free_shipping:1\";}}\";s:23:\"chosen_shipping_methods\";s:33:\"a:1:{i:0;s:15:\"free_shipping:1\";}\";s:22:\"shipping_method_counts\";s:14:\"a:1:{i:0;i:1;}\";s:9:\"ppcp_fees\";s:6:\"a:0:{}\";s:10:\"wc_notices\";N;s:8:\"customer\";s:716:\"a:27:{s:2:\"id\";s:1:\"0\";s:13:\"date_modified\";s:0:\"\";s:8:\"postcode\";s:0:\"\";s:4:\"city\";s:0:\"\";s:9:\"address_1\";s:0:\"\";s:7:\"address\";s:0:\"\";s:9:\"address_2\";s:0:\"\";s:5:\"state\";s:0:\"\";s:7:\"country\";s:2:\"FR\";s:17:\"shipping_postcode\";s:0:\"\";s:13:\"shipping_city\";s:0:\"\";s:18:\"shipping_address_1\";s:0:\"\";s:16:\"shipping_address\";s:0:\"\";s:18:\"shipping_address_2\";s:0:\"\";s:14:\"shipping_state\";s:0:\"\";s:16:\"shipping_country\";s:2:\"FR\";s:13:\"is_vat_exempt\";s:0:\"\";s:19:\"calculated_shipping\";s:0:\"\";s:10:\"first_name\";s:0:\"\";s:9:\"last_name\";s:0:\"\";s:7:\"company\";s:0:\"\";s:5:\"phone\";s:0:\"\";s:5:\"email\";s:0:\"\";s:19:\"shipping_first_name\";s:0:\"\";s:18:\"shipping_last_name\";s:0:\"\";s:16:\"shipping_company\";s:0:\"\";s:14:\"shipping_phone\";s:0:\"\";}\";}',1677055587),(42276,'t_6fb359d30011d9a2ac8788d9314223','a:15:{s:4:\"ppcp\";s:364:\"O:49:\"WooCommerce\\PayPalCommerce\\Session\\SessionHandler\":4:{s:56:\"\0WooCommerce\\PayPalCommerce\\Session\\SessionHandler\0order\";N;s:58:\"\0WooCommerce\\PayPalCommerce\\Session\\SessionHandler\0bn_code\";s:0:\"\";s:77:\"\0WooCommerce\\PayPalCommerce\\Session\\SessionHandler\0insufficient_funding_tries\";i:0;s:65:\"\0WooCommerce\\PayPalCommerce\\Session\\SessionHandler\0funding_source\";N;}\";s:24:\"ppcp_fraudnet_session_id\";s:32:\"e2e9cf1bfd75bcd4752969347dc95e42\";s:4:\"cart\";s:474:\"a:1:{s:32:\"f33ba15effa5c10e873bf3842afb46a6\";a:11:{s:3:\"key\";s:32:\"f33ba15effa5c10e873bf3842afb46a6\";s:10:\"product_id\";i:1012;s:12:\"variation_id\";i:0;s:9:\"variation\";a:0:{}s:8:\"quantity\";i:1;s:9:\"data_hash\";s:32:\"b5c1d5ca8bae6d4896cf1807cdf763f0\";s:13:\"line_tax_data\";a:2:{s:8:\"subtotal\";a:1:{i:2;d:3.6660000000000004;}s:5:\"total\";a:1:{i:2;d:3.6660000000000004;}}s:13:\"line_subtotal\";d:18.33;s:17:\"line_subtotal_tax\";d:3.67;s:10:\"line_total\";d:18.33;s:8:\"line_tax\";d:3.67;}}\";s:11:\"cart_totals\";s:419:\"a:15:{s:8:\"subtotal\";s:5:\"18.33\";s:12:\"subtotal_tax\";d:3.67;s:14:\"shipping_total\";s:1:\"0\";s:12:\"shipping_tax\";i:0;s:14:\"shipping_taxes\";a:0:{}s:14:\"discount_total\";i:0;s:12:\"discount_tax\";i:0;s:19:\"cart_contents_total\";s:5:\"18.33\";s:17:\"cart_contents_tax\";d:3.67;s:19:\"cart_contents_taxes\";a:1:{i:2;d:3.67;}s:9:\"fee_total\";s:1:\"0\";s:7:\"fee_tax\";i:0;s:9:\"fee_taxes\";a:0:{}s:5:\"total\";s:5:\"22.00\";s:9:\"total_tax\";d:3.67;}\";s:15:\"applied_coupons\";s:6:\"a:0:{}\";s:22:\"coupon_discount_totals\";s:6:\"a:0:{}\";s:26:\"coupon_discount_tax_totals\";s:6:\"a:0:{}\";s:21:\"removed_cart_contents\";s:6:\"a:0:{}\";s:22:\"shipping_for_package_0\";s:446:\"a:2:{s:12:\"package_hash\";s:40:\"wc_ship_7ea6edc8444da7e61c7b8b105a609456\";s:5:\"rates\";a:1:{s:15:\"free_shipping:1\";O:16:\"WC_Shipping_Rate\":2:{s:7:\"\0*\0data\";a:6:{s:2:\"id\";s:15:\"free_shipping:1\";s:9:\"method_id\";s:13:\"free_shipping\";s:11:\"instance_id\";i:1;s:5:\"label\";s:18:\"Livraison gratuite\";s:4:\"cost\";s:4:\"0.00\";s:5:\"taxes\";a:0:{}}s:12:\"\0*\0meta_data\";a:1:{s:8:\"Articles\";s:64:\"Capteur de températureadaptable de type Saunier Duval &times; 1\";}}}}\";s:25:\"previous_shipping_methods\";s:43:\"a:1:{i:0;a:1:{i:0;s:15:\"free_shipping:1\";}}\";s:23:\"chosen_shipping_methods\";s:33:\"a:1:{i:0;s:15:\"free_shipping:1\";}\";s:22:\"shipping_method_counts\";s:14:\"a:1:{i:0;i:1;}\";s:9:\"ppcp_fees\";s:6:\"a:0:{}\";s:10:\"wc_notices\";N;s:8:\"customer\";s:716:\"a:27:{s:2:\"id\";s:1:\"0\";s:13:\"date_modified\";s:0:\"\";s:8:\"postcode\";s:0:\"\";s:4:\"city\";s:0:\"\";s:9:\"address_1\";s:0:\"\";s:7:\"address\";s:0:\"\";s:9:\"address_2\";s:0:\"\";s:5:\"state\";s:0:\"\";s:7:\"country\";s:2:\"FR\";s:17:\"shipping_postcode\";s:0:\"\";s:13:\"shipping_city\";s:0:\"\";s:18:\"shipping_address_1\";s:0:\"\";s:16:\"shipping_address\";s:0:\"\";s:18:\"shipping_address_2\";s:0:\"\";s:14:\"shipping_state\";s:0:\"\";s:16:\"shipping_country\";s:2:\"FR\";s:13:\"is_vat_exempt\";s:0:\"\";s:19:\"calculated_shipping\";s:0:\"\";s:10:\"first_name\";s:0:\"\";s:9:\"last_name\";s:0:\"\";s:7:\"company\";s:0:\"\";s:5:\"phone\";s:0:\"\";s:5:\"email\";s:0:\"\";s:19:\"shipping_first_name\";s:0:\"\";s:18:\"shipping_last_name\";s:0:\"\";s:16:\"shipping_company\";s:0:\"\";s:14:\"shipping_phone\";s:0:\"\";}\";}',1677055958),(42277,'t_c55b4e93a235a4fd35c09256888ab4','a:15:{s:4:\"ppcp\";s:364:\"O:49:\"WooCommerce\\PayPalCommerce\\Session\\SessionHandler\":4:{s:56:\"\0WooCommerce\\PayPalCommerce\\Session\\SessionHandler\0order\";N;s:58:\"\0WooCommerce\\PayPalCommerce\\Session\\SessionHandler\0bn_code\";s:0:\"\";s:77:\"\0WooCommerce\\PayPalCommerce\\Session\\SessionHandler\0insufficient_funding_tries\";i:0;s:65:\"\0WooCommerce\\PayPalCommerce\\Session\\SessionHandler\0funding_source\";N;}\";s:24:\"ppcp_fraudnet_session_id\";s:32:\"570274eb6a9aaac464655ee115651211\";s:4:\"cart\";s:446:\"a:1:{s:32:\"766d856ef1a6b02f93d894415e6bfa0e\";a:11:{s:3:\"key\";s:32:\"766d856ef1a6b02f93d894415e6bfa0e\";s:10:\"product_id\";i:1014;s:12:\"variation_id\";i:0;s:9:\"variation\";a:0:{}s:8:\"quantity\";i:1;s:9:\"data_hash\";s:32:\"b5c1d5ca8bae6d4896cf1807cdf763f0\";s:13:\"line_tax_data\";a:2:{s:8:\"subtotal\";a:1:{i:2;d:8.25;}s:5:\"total\";a:1:{i:2;d:8.25;}}s:13:\"line_subtotal\";d:41.25;s:17:\"line_subtotal_tax\";d:8.25;s:10:\"line_total\";d:41.25;s:8:\"line_tax\";d:8.25;}}\";s:11:\"cart_totals\";s:419:\"a:15:{s:8:\"subtotal\";s:5:\"41.25\";s:12:\"subtotal_tax\";d:8.25;s:14:\"shipping_total\";s:1:\"0\";s:12:\"shipping_tax\";i:0;s:14:\"shipping_taxes\";a:0:{}s:14:\"discount_total\";i:0;s:12:\"discount_tax\";i:0;s:19:\"cart_contents_total\";s:5:\"41.25\";s:17:\"cart_contents_tax\";d:8.25;s:19:\"cart_contents_taxes\";a:1:{i:2;d:8.25;}s:9:\"fee_total\";s:1:\"0\";s:7:\"fee_tax\";i:0;s:9:\"fee_taxes\";a:0:{}s:5:\"total\";s:5:\"49.50\";s:9:\"total_tax\";d:8.25;}\";s:15:\"applied_coupons\";s:6:\"a:0:{}\";s:22:\"coupon_discount_totals\";s:6:\"a:0:{}\";s:26:\"coupon_discount_tax_totals\";s:6:\"a:0:{}\";s:21:\"removed_cart_contents\";s:6:\"a:0:{}\";s:22:\"shipping_for_package_0\";s:445:\"a:2:{s:12:\"package_hash\";s:40:\"wc_ship_c16e7905b240753db1cf92554aaf03f2\";s:5:\"rates\";a:1:{s:15:\"free_shipping:1\";O:16:\"WC_Shipping_Rate\":2:{s:7:\"\0*\0data\";a:6:{s:2:\"id\";s:15:\"free_shipping:1\";s:9:\"method_id\";s:13:\"free_shipping\";s:11:\"instance_id\";i:1;s:5:\"label\";s:18:\"Livraison gratuite\";s:4:\"cost\";s:4:\"0.00\";s:5:\"taxes\";a:0:{}}s:12:\"\0*\0meta_data\";a:1:{s:8:\"Articles\";s:63:\"Sonde VITODENS PLUS LADENSadaptable de type Viessmann &times; 1\";}}}}\";s:25:\"previous_shipping_methods\";s:43:\"a:1:{i:0;a:1:{i:0;s:15:\"free_shipping:1\";}}\";s:23:\"chosen_shipping_methods\";s:33:\"a:1:{i:0;s:15:\"free_shipping:1\";}\";s:22:\"shipping_method_counts\";s:14:\"a:1:{i:0;i:1;}\";s:9:\"ppcp_fees\";s:6:\"a:0:{}\";s:10:\"wc_notices\";N;s:8:\"customer\";s:716:\"a:27:{s:2:\"id\";s:1:\"0\";s:13:\"date_modified\";s:0:\"\";s:8:\"postcode\";s:0:\"\";s:4:\"city\";s:0:\"\";s:9:\"address_1\";s:0:\"\";s:7:\"address\";s:0:\"\";s:9:\"address_2\";s:0:\"\";s:5:\"state\";s:0:\"\";s:7:\"country\";s:2:\"FR\";s:17:\"shipping_postcode\";s:0:\"\";s:13:\"shipping_city\";s:0:\"\";s:18:\"shipping_address_1\";s:0:\"\";s:16:\"shipping_address\";s:0:\"\";s:18:\"shipping_address_2\";s:0:\"\";s:14:\"shipping_state\";s:0:\"\";s:16:\"shipping_country\";s:2:\"FR\";s:13:\"is_vat_exempt\";s:0:\"\";s:19:\"calculated_shipping\";s:0:\"\";s:10:\"first_name\";s:0:\"\";s:9:\"last_name\";s:0:\"\";s:7:\"company\";s:0:\"\";s:5:\"phone\";s:0:\"\";s:5:\"email\";s:0:\"\";s:19:\"shipping_first_name\";s:0:\"\";s:18:\"shipping_last_name\";s:0:\"\";s:16:\"shipping_company\";s:0:\"\";s:14:\"shipping_phone\";s:0:\"\";}\";}',1677055971),(42278,'t_c9ee84c2f3c70a85a5ab45ee88d3a5','a:15:{s:4:\"ppcp\";s:364:\"O:49:\"WooCommerce\\PayPalCommerce\\Session\\SessionHandler\":4:{s:56:\"\0WooCommerce\\PayPalCommerce\\Session\\SessionHandler\0order\";N;s:58:\"\0WooCommerce\\PayPalCommerce\\Session\\SessionHandler\0bn_code\";s:0:\"\";s:77:\"\0WooCommerce\\PayPalCommerce\\Session\\SessionHandler\0insufficient_funding_tries\";i:0;s:65:\"\0WooCommerce\\PayPalCommerce\\Session\\SessionHandler\0funding_source\";N;}\";s:24:\"ppcp_fraudnet_session_id\";s:32:\"bc0da6c41332f9d4f7bc2ec50addcf0e\";s:4:\"cart\";s:428:\"a:1:{s:32:\"fe2d010308a6b3799a3d9c728ee74244\";a:11:{s:3:\"key\";s:32:\"fe2d010308a6b3799a3d9c728ee74244\";s:10:\"product_id\";i:1200;s:12:\"variation_id\";i:0;s:9:\"variation\";a:0:{}s:8:\"quantity\";i:1;s:9:\"data_hash\";s:32:\"b5c1d5ca8bae6d4896cf1807cdf763f0\";s:13:\"line_tax_data\";a:2:{s:8:\"subtotal\";a:1:{i:2;d:3;}s:5:\"total\";a:1:{i:2;d:3;}}s:13:\"line_subtotal\";d:15;s:17:\"line_subtotal_tax\";d:3;s:10:\"line_total\";d:15;s:8:\"line_tax\";d:3;}}\";s:11:\"cart_totals\";s:401:\"a:15:{s:8:\"subtotal\";s:2:\"15\";s:12:\"subtotal_tax\";d:3;s:14:\"shipping_total\";s:1:\"0\";s:12:\"shipping_tax\";i:0;s:14:\"shipping_taxes\";a:0:{}s:14:\"discount_total\";i:0;s:12:\"discount_tax\";i:0;s:19:\"cart_contents_total\";s:2:\"15\";s:17:\"cart_contents_tax\";d:3;s:19:\"cart_contents_taxes\";a:1:{i:2;d:3;}s:9:\"fee_total\";s:1:\"0\";s:7:\"fee_tax\";i:0;s:9:\"fee_taxes\";a:0:{}s:5:\"total\";s:5:\"18.00\";s:9:\"total_tax\";d:3;}\";s:15:\"applied_coupons\";s:6:\"a:0:{}\";s:22:\"coupon_discount_totals\";s:6:\"a:0:{}\";s:26:\"coupon_discount_tax_totals\";s:6:\"a:0:{}\";s:21:\"removed_cart_contents\";s:6:\"a:0:{}\";s:22:\"shipping_for_package_0\";s:451:\"a:2:{s:12:\"package_hash\";s:40:\"wc_ship_f375a3cdd3341a2b7f4666630ef1c3ea\";s:5:\"rates\";a:1:{s:15:\"free_shipping:1\";O:16:\"WC_Shipping_Rate\":2:{s:7:\"\0*\0data\";a:6:{s:2:\"id\";s:15:\"free_shipping:1\";s:9:\"method_id\";s:13:\"free_shipping\";s:11:\"instance_id\";i:1;s:5:\"label\";s:18:\"Livraison gratuite\";s:4:\"cost\";s:4:\"0.00\";s:5:\"taxes\";a:0:{}}s:12:\"\0*\0meta_data\";a:1:{s:8:\"Articles\";s:69:\"Sonde de températureimmersion ITSadaptable de type CHAPPEE &times; 1\";}}}}\";s:25:\"previous_shipping_methods\";s:43:\"a:1:{i:0;a:1:{i:0;s:15:\"free_shipping:1\";}}\";s:23:\"chosen_shipping_methods\";s:33:\"a:1:{i:0;s:15:\"free_shipping:1\";}\";s:22:\"shipping_method_counts\";s:14:\"a:1:{i:0;i:1;}\";s:9:\"ppcp_fees\";s:6:\"a:0:{}\";s:10:\"wc_notices\";N;s:8:\"customer\";s:716:\"a:27:{s:2:\"id\";s:1:\"0\";s:13:\"date_modified\";s:0:\"\";s:8:\"postcode\";s:0:\"\";s:4:\"city\";s:0:\"\";s:9:\"address_1\";s:0:\"\";s:7:\"address\";s:0:\"\";s:9:\"address_2\";s:0:\"\";s:5:\"state\";s:0:\"\";s:7:\"country\";s:2:\"FR\";s:17:\"shipping_postcode\";s:0:\"\";s:13:\"shipping_city\";s:0:\"\";s:18:\"shipping_address_1\";s:0:\"\";s:16:\"shipping_address\";s:0:\"\";s:18:\"shipping_address_2\";s:0:\"\";s:14:\"shipping_state\";s:0:\"\";s:16:\"shipping_country\";s:2:\"FR\";s:13:\"is_vat_exempt\";s:0:\"\";s:19:\"calculated_shipping\";s:0:\"\";s:10:\"first_name\";s:0:\"\";s:9:\"last_name\";s:0:\"\";s:7:\"company\";s:0:\"\";s:5:\"phone\";s:0:\"\";s:5:\"email\";s:0:\"\";s:19:\"shipping_first_name\";s:0:\"\";s:18:\"shipping_last_name\";s:0:\"\";s:16:\"shipping_company\";s:0:\"\";s:14:\"shipping_phone\";s:0:\"\";}\";}',1677055976),(42279,'t_359b357f44c74d8ddd74864946a89f','a:15:{s:4:\"ppcp\";s:364:\"O:49:\"WooCommerce\\PayPalCommerce\\Session\\SessionHandler\":4:{s:56:\"\0WooCommerce\\PayPalCommerce\\Session\\SessionHandler\0order\";N;s:58:\"\0WooCommerce\\PayPalCommerce\\Session\\SessionHandler\0bn_code\";s:0:\"\";s:77:\"\0WooCommerce\\PayPalCommerce\\Session\\SessionHandler\0insufficient_funding_tries\";i:0;s:65:\"\0WooCommerce\\PayPalCommerce\\Session\\SessionHandler\0funding_source\";N;}\";s:24:\"ppcp_fraudnet_session_id\";s:32:\"388b1cb879dad9e7a332936d0899c110\";s:4:\"cart\";s:443:\"a:1:{s:32:\"ec5aa0b7846082a2415f0902f0da88f2\";a:11:{s:3:\"key\";s:32:\"ec5aa0b7846082a2415f0902f0da88f2\";s:10:\"product_id\";i:997;s:12:\"variation_id\";i:0;s:9:\"variation\";a:0:{}s:8:\"quantity\";i:1;s:9:\"data_hash\";s:32:\"b5c1d5ca8bae6d4896cf1807cdf763f0\";s:13:\"line_tax_data\";a:2:{s:8:\"subtotal\";a:1:{i:2;d:12.5;}s:5:\"total\";a:1:{i:2;d:12.5;}}s:13:\"line_subtotal\";d:62.5;s:17:\"line_subtotal_tax\";d:12.5;s:10:\"line_total\";d:62.5;s:8:\"line_tax\";d:12.5;}}\";s:11:\"cart_totals\";s:417:\"a:15:{s:8:\"subtotal\";s:4:\"62.5\";s:12:\"subtotal_tax\";d:12.5;s:14:\"shipping_total\";s:1:\"0\";s:12:\"shipping_tax\";i:0;s:14:\"shipping_taxes\";a:0:{}s:14:\"discount_total\";i:0;s:12:\"discount_tax\";i:0;s:19:\"cart_contents_total\";s:4:\"62.5\";s:17:\"cart_contents_tax\";d:12.5;s:19:\"cart_contents_taxes\";a:1:{i:2;d:12.5;}s:9:\"fee_total\";s:1:\"0\";s:7:\"fee_tax\";i:0;s:9:\"fee_taxes\";a:0:{}s:5:\"total\";s:5:\"75.00\";s:9:\"total_tax\";d:12.5;}\";s:15:\"applied_coupons\";s:6:\"a:0:{}\";s:22:\"coupon_discount_totals\";s:6:\"a:0:{}\";s:26:\"coupon_discount_tax_totals\";s:6:\"a:0:{}\";s:21:\"removed_cart_contents\";s:6:\"a:0:{}\";s:22:\"shipping_for_package_0\";s:441:\"a:2:{s:12:\"package_hash\";s:40:\"wc_ship_249a51e7f2b35c9d7c9c6d7797785c76\";s:5:\"rates\";a:1:{s:15:\"free_shipping:1\";O:16:\"WC_Shipping_Rate\":2:{s:7:\"\0*\0data\";a:6:{s:2:\"id\";s:15:\"free_shipping:1\";s:9:\"method_id\";s:13:\"free_shipping\";s:11:\"instance_id\";i:1;s:5:\"label\";s:18:\"Livraison gratuite\";s:4:\"cost\";s:4:\"0.00\";s:5:\"taxes\";a:0:{}}s:12:\"\0*\0meta_data\";a:1:{s:8:\"Articles\";s:59:\"Moteur Vanne 3 voies Adaptablede type ELM Leblanc &times; 1\";}}}}\";s:25:\"previous_shipping_methods\";s:43:\"a:1:{i:0;a:1:{i:0;s:15:\"free_shipping:1\";}}\";s:23:\"chosen_shipping_methods\";s:33:\"a:1:{i:0;s:15:\"free_shipping:1\";}\";s:22:\"shipping_method_counts\";s:14:\"a:1:{i:0;i:1;}\";s:9:\"ppcp_fees\";s:6:\"a:0:{}\";s:10:\"wc_notices\";N;s:8:\"customer\";s:716:\"a:27:{s:2:\"id\";s:1:\"0\";s:13:\"date_modified\";s:0:\"\";s:8:\"postcode\";s:0:\"\";s:4:\"city\";s:0:\"\";s:9:\"address_1\";s:0:\"\";s:7:\"address\";s:0:\"\";s:9:\"address_2\";s:0:\"\";s:5:\"state\";s:0:\"\";s:7:\"country\";s:2:\"FR\";s:17:\"shipping_postcode\";s:0:\"\";s:13:\"shipping_city\";s:0:\"\";s:18:\"shipping_address_1\";s:0:\"\";s:16:\"shipping_address\";s:0:\"\";s:18:\"shipping_address_2\";s:0:\"\";s:14:\"shipping_state\";s:0:\"\";s:16:\"shipping_country\";s:2:\"FR\";s:13:\"is_vat_exempt\";s:0:\"\";s:19:\"calculated_shipping\";s:0:\"\";s:10:\"first_name\";s:0:\"\";s:9:\"last_name\";s:0:\"\";s:7:\"company\";s:0:\"\";s:5:\"phone\";s:0:\"\";s:5:\"email\";s:0:\"\";s:19:\"shipping_first_name\";s:0:\"\";s:18:\"shipping_last_name\";s:0:\"\";s:16:\"shipping_company\";s:0:\"\";s:14:\"shipping_phone\";s:0:\"\";}\";}',1677055979),(42280,'t_8620c539bffd858e914851acabe880','a:15:{s:4:\"ppcp\";s:364:\"O:49:\"WooCommerce\\PayPalCommerce\\Session\\SessionHandler\":4:{s:56:\"\0WooCommerce\\PayPalCommerce\\Session\\SessionHandler\0order\";N;s:58:\"\0WooCommerce\\PayPalCommerce\\Session\\SessionHandler\0bn_code\";s:0:\"\";s:77:\"\0WooCommerce\\PayPalCommerce\\Session\\SessionHandler\0insufficient_funding_tries\";i:0;s:65:\"\0WooCommerce\\PayPalCommerce\\Session\\SessionHandler\0funding_source\";N;}\";s:24:\"ppcp_fraudnet_session_id\";s:32:\"b2678a53d46ec613ecd62c895b648969\";s:4:\"cart\";s:448:\"a:1:{s:32:\"9a3d458322d70046f63dfd8b0153ece4\";a:11:{s:3:\"key\";s:32:\"9a3d458322d70046f63dfd8b0153ece4\";s:10:\"product_id\";i:1193;s:12:\"variation_id\";i:0;s:9:\"variation\";a:0:{}s:8:\"quantity\";i:1;s:9:\"data_hash\";s:32:\"b5c1d5ca8bae6d4896cf1807cdf763f0\";s:13:\"line_tax_data\";a:2:{s:8:\"subtotal\";a:1:{i:2;d:4.234;}s:5:\"total\";a:1:{i:2;d:4.234;}}s:13:\"line_subtotal\";d:21.17;s:17:\"line_subtotal_tax\";d:4.23;s:10:\"line_total\";d:21.17;s:8:\"line_tax\";d:4.23;}}\";s:11:\"cart_totals\";s:419:\"a:15:{s:8:\"subtotal\";s:5:\"21.17\";s:12:\"subtotal_tax\";d:4.23;s:14:\"shipping_total\";s:1:\"0\";s:12:\"shipping_tax\";i:0;s:14:\"shipping_taxes\";a:0:{}s:14:\"discount_total\";i:0;s:12:\"discount_tax\";i:0;s:19:\"cart_contents_total\";s:5:\"21.17\";s:17:\"cart_contents_tax\";d:4.23;s:19:\"cart_contents_taxes\";a:1:{i:2;d:4.23;}s:9:\"fee_total\";s:1:\"0\";s:7:\"fee_tax\";i:0;s:9:\"fee_taxes\";a:0:{}s:5:\"total\";s:5:\"25.40\";s:9:\"total_tax\";d:4.23;}\";s:15:\"applied_coupons\";s:6:\"a:0:{}\";s:22:\"coupon_discount_totals\";s:6:\"a:0:{}\";s:26:\"coupon_discount_tax_totals\";s:6:\"a:0:{}\";s:21:\"removed_cart_contents\";s:6:\"a:0:{}\";s:22:\"shipping_for_package_0\";s:446:\"a:2:{s:12:\"package_hash\";s:40:\"wc_ship_123001d7398495ea6bd3d7ad16d12241\";s:5:\"rates\";a:1:{s:15:\"free_shipping:1\";O:16:\"WC_Shipping_Rate\":2:{s:7:\"\0*\0data\";a:6:{s:2:\"id\";s:15:\"free_shipping:1\";s:9:\"method_id\";s:13:\"free_shipping\";s:11:\"instance_id\";i:1;s:5:\"label\";s:18:\"Livraison gratuite\";s:4:\"cost\";s:4:\"0.00\";s:5:\"taxes\";a:0:{}}s:12:\"\0*\0meta_data\";a:1:{s:8:\"Articles\";s:64:\"Soupape de chauffage adaptable 3Bde type Saunier Duval &times; 1\";}}}}\";s:25:\"previous_shipping_methods\";s:43:\"a:1:{i:0;a:1:{i:0;s:15:\"free_shipping:1\";}}\";s:23:\"chosen_shipping_methods\";s:33:\"a:1:{i:0;s:15:\"free_shipping:1\";}\";s:22:\"shipping_method_counts\";s:14:\"a:1:{i:0;i:1;}\";s:9:\"ppcp_fees\";s:6:\"a:0:{}\";s:10:\"wc_notices\";N;s:8:\"customer\";s:716:\"a:27:{s:2:\"id\";s:1:\"0\";s:13:\"date_modified\";s:0:\"\";s:8:\"postcode\";s:0:\"\";s:4:\"city\";s:0:\"\";s:9:\"address_1\";s:0:\"\";s:7:\"address\";s:0:\"\";s:9:\"address_2\";s:0:\"\";s:5:\"state\";s:0:\"\";s:7:\"country\";s:2:\"FR\";s:17:\"shipping_postcode\";s:0:\"\";s:13:\"shipping_city\";s:0:\"\";s:18:\"shipping_address_1\";s:0:\"\";s:16:\"shipping_address\";s:0:\"\";s:18:\"shipping_address_2\";s:0:\"\";s:14:\"shipping_state\";s:0:\"\";s:16:\"shipping_country\";s:2:\"FR\";s:13:\"is_vat_exempt\";s:0:\"\";s:19:\"calculated_shipping\";s:0:\"\";s:10:\"first_name\";s:0:\"\";s:9:\"last_name\";s:0:\"\";s:7:\"company\";s:0:\"\";s:5:\"phone\";s:0:\"\";s:5:\"email\";s:0:\"\";s:19:\"shipping_first_name\";s:0:\"\";s:18:\"shipping_last_name\";s:0:\"\";s:16:\"shipping_company\";s:0:\"\";s:14:\"shipping_phone\";s:0:\"\";}\";}',1677055983),(42281,'t_4c709792289de7c53e2e78b75a6906','a:15:{s:4:\"ppcp\";s:364:\"O:49:\"WooCommerce\\PayPalCommerce\\Session\\SessionHandler\":4:{s:56:\"\0WooCommerce\\PayPalCommerce\\Session\\SessionHandler\0order\";N;s:58:\"\0WooCommerce\\PayPalCommerce\\Session\\SessionHandler\0bn_code\";s:0:\"\";s:77:\"\0WooCommerce\\PayPalCommerce\\Session\\SessionHandler\0insufficient_funding_tries\";i:0;s:65:\"\0WooCommerce\\PayPalCommerce\\Session\\SessionHandler\0funding_source\";N;}\";s:24:\"ppcp_fraudnet_session_id\";s:32:\"8125536bb5de24f35301a002a2bac929\";s:4:\"cart\";s:474:\"a:1:{s:32:\"ae5e3ce40e0404a45ecacaaf05e5f735\";a:11:{s:3:\"key\";s:32:\"ae5e3ce40e0404a45ecacaaf05e5f735\";s:10:\"product_id\";i:1197;s:12:\"variation_id\";i:0;s:9:\"variation\";a:0:{}s:8:\"quantity\";i:1;s:9:\"data_hash\";s:32:\"b5c1d5ca8bae6d4896cf1807cdf763f0\";s:13:\"line_tax_data\";a:2:{s:8:\"subtotal\";a:1:{i:2;d:3.1660000000000004;}s:5:\"total\";a:1:{i:2;d:3.1660000000000004;}}s:13:\"line_subtotal\";d:15.83;s:17:\"line_subtotal_tax\";d:3.17;s:10:\"line_total\";d:15.83;s:8:\"line_tax\";d:3.17;}}\";s:11:\"cart_totals\";s:419:\"a:15:{s:8:\"subtotal\";s:5:\"15.83\";s:12:\"subtotal_tax\";d:3.17;s:14:\"shipping_total\";s:1:\"0\";s:12:\"shipping_tax\";i:0;s:14:\"shipping_taxes\";a:0:{}s:14:\"discount_total\";i:0;s:12:\"discount_tax\";i:0;s:19:\"cart_contents_total\";s:5:\"15.83\";s:17:\"cart_contents_tax\";d:3.17;s:19:\"cart_contents_taxes\";a:1:{i:2;d:3.17;}s:9:\"fee_total\";s:1:\"0\";s:7:\"fee_tax\";i:0;s:9:\"fee_taxes\";a:0:{}s:5:\"total\";s:5:\"19.00\";s:9:\"total_tax\";d:3.17;}\";s:15:\"applied_coupons\";s:6:\"a:0:{}\";s:22:\"coupon_discount_totals\";s:6:\"a:0:{}\";s:26:\"coupon_discount_tax_totals\";s:6:\"a:0:{}\";s:21:\"removed_cart_contents\";s:6:\"a:0:{}\";s:22:\"shipping_for_package_0\";s:438:\"a:2:{s:12:\"package_hash\";s:40:\"wc_ship_a8d850a54108b474d45610f8abebc052\";s:5:\"rates\";a:1:{s:15:\"free_shipping:1\";O:16:\"WC_Shipping_Rate\":2:{s:7:\"\0*\0data\";a:6:{s:2:\"id\";s:15:\"free_shipping:1\";s:9:\"method_id\";s:13:\"free_shipping\";s:11:\"instance_id\";i:1;s:5:\"label\";s:18:\"Livraison gratuite\";s:4:\"cost\";s:4:\"0.00\";s:5:\"taxes\";a:0:{}}s:12:\"\0*\0meta_data\";a:1:{s:8:\"Articles\";s:56:\"Soupape de Sécurité adaptablede type ARISTON &times; 1\";}}}}\";s:25:\"previous_shipping_methods\";s:43:\"a:1:{i:0;a:1:{i:0;s:15:\"free_shipping:1\";}}\";s:23:\"chosen_shipping_methods\";s:33:\"a:1:{i:0;s:15:\"free_shipping:1\";}\";s:22:\"shipping_method_counts\";s:14:\"a:1:{i:0;i:1;}\";s:9:\"ppcp_fees\";s:6:\"a:0:{}\";s:10:\"wc_notices\";N;s:8:\"customer\";s:716:\"a:27:{s:2:\"id\";s:1:\"0\";s:13:\"date_modified\";s:0:\"\";s:8:\"postcode\";s:0:\"\";s:4:\"city\";s:0:\"\";s:9:\"address_1\";s:0:\"\";s:7:\"address\";s:0:\"\";s:9:\"address_2\";s:0:\"\";s:5:\"state\";s:0:\"\";s:7:\"country\";s:2:\"FR\";s:17:\"shipping_postcode\";s:0:\"\";s:13:\"shipping_city\";s:0:\"\";s:18:\"shipping_address_1\";s:0:\"\";s:16:\"shipping_address\";s:0:\"\";s:18:\"shipping_address_2\";s:0:\"\";s:14:\"shipping_state\";s:0:\"\";s:16:\"shipping_country\";s:2:\"FR\";s:13:\"is_vat_exempt\";s:0:\"\";s:19:\"calculated_shipping\";s:0:\"\";s:10:\"first_name\";s:0:\"\";s:9:\"last_name\";s:0:\"\";s:7:\"company\";s:0:\"\";s:5:\"phone\";s:0:\"\";s:5:\"email\";s:0:\"\";s:19:\"shipping_first_name\";s:0:\"\";s:18:\"shipping_last_name\";s:0:\"\";s:16:\"shipping_company\";s:0:\"\";s:14:\"shipping_phone\";s:0:\"\";}\";}',1677055989),(42282,'t_6c3744c7d255b7789cecd0447cde60','a:15:{s:4:\"ppcp\";s:364:\"O:49:\"WooCommerce\\PayPalCommerce\\Session\\SessionHandler\":4:{s:56:\"\0WooCommerce\\PayPalCommerce\\Session\\SessionHandler\0order\";N;s:58:\"\0WooCommerce\\PayPalCommerce\\Session\\SessionHandler\0bn_code\";s:0:\"\";s:77:\"\0WooCommerce\\PayPalCommerce\\Session\\SessionHandler\0insufficient_funding_tries\";i:0;s:65:\"\0WooCommerce\\PayPalCommerce\\Session\\SessionHandler\0funding_source\";N;}\";s:24:\"ppcp_fraudnet_session_id\";s:32:\"29efad629d1b6af75b909a672159164c\";s:4:\"cart\";s:448:\"a:1:{s:32:\"2387337ba1e0b0249ba90f55b2ba2521\";a:11:{s:3:\"key\";s:32:\"2387337ba1e0b0249ba90f55b2ba2521\";s:10:\"product_id\";i:1005;s:12:\"variation_id\";i:0;s:9:\"variation\";a:0:{}s:8:\"quantity\";i:1;s:9:\"data_hash\";s:32:\"b5c1d5ca8bae6d4896cf1807cdf763f0\";s:13:\"line_tax_data\";a:2:{s:8:\"subtotal\";a:1:{i:2;d:4.834;}s:5:\"total\";a:1:{i:2;d:4.834;}}s:13:\"line_subtotal\";d:24.17;s:17:\"line_subtotal_tax\";d:4.83;s:10:\"line_total\";d:24.17;s:8:\"line_tax\";d:4.83;}}\";s:11:\"cart_totals\";s:419:\"a:15:{s:8:\"subtotal\";s:5:\"24.17\";s:12:\"subtotal_tax\";d:4.83;s:14:\"shipping_total\";s:1:\"0\";s:12:\"shipping_tax\";i:0;s:14:\"shipping_taxes\";a:0:{}s:14:\"discount_total\";i:0;s:12:\"discount_tax\";i:0;s:19:\"cart_contents_total\";s:5:\"24.17\";s:17:\"cart_contents_tax\";d:4.83;s:19:\"cart_contents_taxes\";a:1:{i:2;d:4.83;}s:9:\"fee_total\";s:1:\"0\";s:7:\"fee_tax\";i:0;s:9:\"fee_taxes\";a:0:{}s:5:\"total\";s:5:\"29.00\";s:9:\"total_tax\";d:4.83;}\";s:15:\"applied_coupons\";s:6:\"a:0:{}\";s:22:\"coupon_discount_totals\";s:6:\"a:0:{}\";s:26:\"coupon_discount_tax_totals\";s:6:\"a:0:{}\";s:21:\"removed_cart_contents\";s:6:\"a:0:{}\";s:22:\"shipping_for_package_0\";s:442:\"a:2:{s:12:\"package_hash\";s:40:\"wc_ship_c9e49a409d97011db8afd0aafe987744\";s:5:\"rates\";a:1:{s:15:\"free_shipping:1\";O:16:\"WC_Shipping_Rate\":2:{s:7:\"\0*\0data\";a:6:{s:2:\"id\";s:15:\"free_shipping:1\";s:9:\"method_id\";s:13:\"free_shipping\";s:11:\"instance_id\";i:1;s:5:\"label\";s:18:\"Livraison gratuite\";s:4:\"cost\";s:4:\"0.00\";s:5:\"taxes\";a:0:{}}s:12:\"\0*\0meta_data\";a:1:{s:8:\"Articles\";s:60:\"Sonde de Thermistanceadaptable de type CHAFFOTEAUX &times; 1\";}}}}\";s:25:\"previous_shipping_methods\";s:43:\"a:1:{i:0;a:1:{i:0;s:15:\"free_shipping:1\";}}\";s:23:\"chosen_shipping_methods\";s:33:\"a:1:{i:0;s:15:\"free_shipping:1\";}\";s:22:\"shipping_method_counts\";s:14:\"a:1:{i:0;i:1;}\";s:9:\"ppcp_fees\";s:6:\"a:0:{}\";s:10:\"wc_notices\";N;s:8:\"customer\";s:716:\"a:27:{s:2:\"id\";s:1:\"0\";s:13:\"date_modified\";s:0:\"\";s:8:\"postcode\";s:0:\"\";s:4:\"city\";s:0:\"\";s:9:\"address_1\";s:0:\"\";s:7:\"address\";s:0:\"\";s:9:\"address_2\";s:0:\"\";s:5:\"state\";s:0:\"\";s:7:\"country\";s:2:\"FR\";s:17:\"shipping_postcode\";s:0:\"\";s:13:\"shipping_city\";s:0:\"\";s:18:\"shipping_address_1\";s:0:\"\";s:16:\"shipping_address\";s:0:\"\";s:18:\"shipping_address_2\";s:0:\"\";s:14:\"shipping_state\";s:0:\"\";s:16:\"shipping_country\";s:2:\"FR\";s:13:\"is_vat_exempt\";s:0:\"\";s:19:\"calculated_shipping\";s:0:\"\";s:10:\"first_name\";s:0:\"\";s:9:\"last_name\";s:0:\"\";s:7:\"company\";s:0:\"\";s:5:\"phone\";s:0:\"\";s:5:\"email\";s:0:\"\";s:19:\"shipping_first_name\";s:0:\"\";s:18:\"shipping_last_name\";s:0:\"\";s:16:\"shipping_company\";s:0:\"\";s:14:\"shipping_phone\";s:0:\"\";}\";}',1677056024),(42283,'t_b8753093b427b7577c7f6b6e842746','a:15:{s:4:\"ppcp\";s:364:\"O:49:\"WooCommerce\\PayPalCommerce\\Session\\SessionHandler\":4:{s:56:\"\0WooCommerce\\PayPalCommerce\\Session\\SessionHandler\0order\";N;s:58:\"\0WooCommerce\\PayPalCommerce\\Session\\SessionHandler\0bn_code\";s:0:\"\";s:77:\"\0WooCommerce\\PayPalCommerce\\Session\\SessionHandler\0insufficient_funding_tries\";i:0;s:65:\"\0WooCommerce\\PayPalCommerce\\Session\\SessionHandler\0funding_source\";N;}\";s:24:\"ppcp_fraudnet_session_id\";s:32:\"ec0d5ffb7699cf9dba66591dc3fa213c\";s:4:\"cart\";s:448:\"a:1:{s:32:\"d7322ed717dedf1eb4e6e52a37ea7bcd\";a:11:{s:3:\"key\";s:32:\"d7322ed717dedf1eb4e6e52a37ea7bcd\";s:10:\"product_id\";i:1007;s:12:\"variation_id\";i:0;s:9:\"variation\";a:0:{}s:8:\"quantity\";i:1;s:9:\"data_hash\";s:32:\"b5c1d5ca8bae6d4896cf1807cdf763f0\";s:13:\"line_tax_data\";a:2:{s:8:\"subtotal\";a:1:{i:2;d:4.834;}s:5:\"total\";a:1:{i:2;d:4.834;}}s:13:\"line_subtotal\";d:24.17;s:17:\"line_subtotal_tax\";d:4.83;s:10:\"line_total\";d:24.17;s:8:\"line_tax\";d:4.83;}}\";s:11:\"cart_totals\";s:419:\"a:15:{s:8:\"subtotal\";s:5:\"24.17\";s:12:\"subtotal_tax\";d:4.83;s:14:\"shipping_total\";s:1:\"0\";s:12:\"shipping_tax\";i:0;s:14:\"shipping_taxes\";a:0:{}s:14:\"discount_total\";i:0;s:12:\"discount_tax\";i:0;s:19:\"cart_contents_total\";s:5:\"24.17\";s:17:\"cart_contents_tax\";d:4.83;s:19:\"cart_contents_taxes\";a:1:{i:2;d:4.83;}s:9:\"fee_total\";s:1:\"0\";s:7:\"fee_tax\";i:0;s:9:\"fee_taxes\";a:0:{}s:5:\"total\";s:5:\"29.00\";s:9:\"total_tax\";d:4.83;}\";s:15:\"applied_coupons\";s:6:\"a:0:{}\";s:22:\"coupon_discount_totals\";s:6:\"a:0:{}\";s:26:\"coupon_discount_tax_totals\";s:6:\"a:0:{}\";s:21:\"removed_cart_contents\";s:6:\"a:0:{}\";s:22:\"shipping_for_package_0\";s:450:\"a:2:{s:12:\"package_hash\";s:40:\"wc_ship_aa8310dcd0ebccd47b77f39c98cc4b2d\";s:5:\"rates\";a:1:{s:15:\"free_shipping:1\";O:16:\"WC_Shipping_Rate\":2:{s:7:\"\0*\0data\";a:6:{s:2:\"id\";s:15:\"free_shipping:1\";s:9:\"method_id\";s:13:\"free_shipping\";s:11:\"instance_id\";i:1;s:5:\"label\";s:18:\"Livraison gratuite\";s:4:\"cost\";s:4:\"0.00\";s:5:\"taxes\";a:0:{}}s:12:\"\0*\0meta_data\";a:1:{s:8:\"Articles\";s:68:\"Sonde de température CTN ECS adaptablede type ELM Leblanc &times; 1\";}}}}\";s:25:\"previous_shipping_methods\";s:43:\"a:1:{i:0;a:1:{i:0;s:15:\"free_shipping:1\";}}\";s:23:\"chosen_shipping_methods\";s:33:\"a:1:{i:0;s:15:\"free_shipping:1\";}\";s:22:\"shipping_method_counts\";s:14:\"a:1:{i:0;i:1;}\";s:9:\"ppcp_fees\";s:6:\"a:0:{}\";s:10:\"wc_notices\";N;s:8:\"customer\";s:716:\"a:27:{s:2:\"id\";s:1:\"0\";s:13:\"date_modified\";s:0:\"\";s:8:\"postcode\";s:0:\"\";s:4:\"city\";s:0:\"\";s:9:\"address_1\";s:0:\"\";s:7:\"address\";s:0:\"\";s:9:\"address_2\";s:0:\"\";s:5:\"state\";s:0:\"\";s:7:\"country\";s:2:\"FR\";s:17:\"shipping_postcode\";s:0:\"\";s:13:\"shipping_city\";s:0:\"\";s:18:\"shipping_address_1\";s:0:\"\";s:16:\"shipping_address\";s:0:\"\";s:18:\"shipping_address_2\";s:0:\"\";s:14:\"shipping_state\";s:0:\"\";s:16:\"shipping_country\";s:2:\"FR\";s:13:\"is_vat_exempt\";s:0:\"\";s:19:\"calculated_shipping\";s:0:\"\";s:10:\"first_name\";s:0:\"\";s:9:\"last_name\";s:0:\"\";s:7:\"company\";s:0:\"\";s:5:\"phone\";s:0:\"\";s:5:\"email\";s:0:\"\";s:19:\"shipping_first_name\";s:0:\"\";s:18:\"shipping_last_name\";s:0:\"\";s:16:\"shipping_company\";s:0:\"\";s:14:\"shipping_phone\";s:0:\"\";}\";}',1677056027),(42284,'t_e4b170583a9dd07c35ac3d965e5433','a:15:{s:4:\"ppcp\";s:364:\"O:49:\"WooCommerce\\PayPalCommerce\\Session\\SessionHandler\":4:{s:56:\"\0WooCommerce\\PayPalCommerce\\Session\\SessionHandler\0order\";N;s:58:\"\0WooCommerce\\PayPalCommerce\\Session\\SessionHandler\0bn_code\";s:0:\"\";s:77:\"\0WooCommerce\\PayPalCommerce\\Session\\SessionHandler\0insufficient_funding_tries\";i:0;s:65:\"\0WooCommerce\\PayPalCommerce\\Session\\SessionHandler\0funding_source\";N;}\";s:24:\"ppcp_fraudnet_session_id\";s:32:\"af8ebc18ba43ffea5d0c048b1b51111d\";s:4:\"cart\";s:428:\"a:1:{s:32:\"fe2d010308a6b3799a3d9c728ee74244\";a:11:{s:3:\"key\";s:32:\"fe2d010308a6b3799a3d9c728ee74244\";s:10:\"product_id\";i:1200;s:12:\"variation_id\";i:0;s:9:\"variation\";a:0:{}s:8:\"quantity\";i:1;s:9:\"data_hash\";s:32:\"b5c1d5ca8bae6d4896cf1807cdf763f0\";s:13:\"line_tax_data\";a:2:{s:8:\"subtotal\";a:1:{i:2;d:3;}s:5:\"total\";a:1:{i:2;d:3;}}s:13:\"line_subtotal\";d:15;s:17:\"line_subtotal_tax\";d:3;s:10:\"line_total\";d:15;s:8:\"line_tax\";d:3;}}\";s:11:\"cart_totals\";s:401:\"a:15:{s:8:\"subtotal\";s:2:\"15\";s:12:\"subtotal_tax\";d:3;s:14:\"shipping_total\";s:1:\"0\";s:12:\"shipping_tax\";i:0;s:14:\"shipping_taxes\";a:0:{}s:14:\"discount_total\";i:0;s:12:\"discount_tax\";i:0;s:19:\"cart_contents_total\";s:2:\"15\";s:17:\"cart_contents_tax\";d:3;s:19:\"cart_contents_taxes\";a:1:{i:2;d:3;}s:9:\"fee_total\";s:1:\"0\";s:7:\"fee_tax\";i:0;s:9:\"fee_taxes\";a:0:{}s:5:\"total\";s:5:\"18.00\";s:9:\"total_tax\";d:3;}\";s:15:\"applied_coupons\";s:6:\"a:0:{}\";s:22:\"coupon_discount_totals\";s:6:\"a:0:{}\";s:26:\"coupon_discount_tax_totals\";s:6:\"a:0:{}\";s:21:\"removed_cart_contents\";s:6:\"a:0:{}\";s:22:\"shipping_for_package_0\";s:451:\"a:2:{s:12:\"package_hash\";s:40:\"wc_ship_f375a3cdd3341a2b7f4666630ef1c3ea\";s:5:\"rates\";a:1:{s:15:\"free_shipping:1\";O:16:\"WC_Shipping_Rate\":2:{s:7:\"\0*\0data\";a:6:{s:2:\"id\";s:15:\"free_shipping:1\";s:9:\"method_id\";s:13:\"free_shipping\";s:11:\"instance_id\";i:1;s:5:\"label\";s:18:\"Livraison gratuite\";s:4:\"cost\";s:4:\"0.00\";s:5:\"taxes\";a:0:{}}s:12:\"\0*\0meta_data\";a:1:{s:8:\"Articles\";s:69:\"Sonde de températureimmersion ITSadaptable de type CHAPPEE &times; 1\";}}}}\";s:25:\"previous_shipping_methods\";s:43:\"a:1:{i:0;a:1:{i:0;s:15:\"free_shipping:1\";}}\";s:23:\"chosen_shipping_methods\";s:33:\"a:1:{i:0;s:15:\"free_shipping:1\";}\";s:22:\"shipping_method_counts\";s:14:\"a:1:{i:0;i:1;}\";s:9:\"ppcp_fees\";s:6:\"a:0:{}\";s:10:\"wc_notices\";N;s:8:\"customer\";s:716:\"a:27:{s:2:\"id\";s:1:\"0\";s:13:\"date_modified\";s:0:\"\";s:8:\"postcode\";s:0:\"\";s:4:\"city\";s:0:\"\";s:9:\"address_1\";s:0:\"\";s:7:\"address\";s:0:\"\";s:9:\"address_2\";s:0:\"\";s:5:\"state\";s:0:\"\";s:7:\"country\";s:2:\"FR\";s:17:\"shipping_postcode\";s:0:\"\";s:13:\"shipping_city\";s:0:\"\";s:18:\"shipping_address_1\";s:0:\"\";s:16:\"shipping_address\";s:0:\"\";s:18:\"shipping_address_2\";s:0:\"\";s:14:\"shipping_state\";s:0:\"\";s:16:\"shipping_country\";s:2:\"FR\";s:13:\"is_vat_exempt\";s:0:\"\";s:19:\"calculated_shipping\";s:0:\"\";s:10:\"first_name\";s:0:\"\";s:9:\"last_name\";s:0:\"\";s:7:\"company\";s:0:\"\";s:5:\"phone\";s:0:\"\";s:5:\"email\";s:0:\"\";s:19:\"shipping_first_name\";s:0:\"\";s:18:\"shipping_last_name\";s:0:\"\";s:16:\"shipping_company\";s:0:\"\";s:14:\"shipping_phone\";s:0:\"\";}\";}',1677056031),(42285,'t_e025bef2d808f5ac87705fdc274dbf','a:15:{s:4:\"ppcp\";s:364:\"O:49:\"WooCommerce\\PayPalCommerce\\Session\\SessionHandler\":4:{s:56:\"\0WooCommerce\\PayPalCommerce\\Session\\SessionHandler\0order\";N;s:58:\"\0WooCommerce\\PayPalCommerce\\Session\\SessionHandler\0bn_code\";s:0:\"\";s:77:\"\0WooCommerce\\PayPalCommerce\\Session\\SessionHandler\0insufficient_funding_tries\";i:0;s:65:\"\0WooCommerce\\PayPalCommerce\\Session\\SessionHandler\0funding_source\";N;}\";s:24:\"ppcp_fraudnet_session_id\";s:32:\"1b76d93156779193a486a70b8fcb1c05\";s:4:\"cart\";s:448:\"a:1:{s:32:\"2387337ba1e0b0249ba90f55b2ba2521\";a:11:{s:3:\"key\";s:32:\"2387337ba1e0b0249ba90f55b2ba2521\";s:10:\"product_id\";i:1005;s:12:\"variation_id\";i:0;s:9:\"variation\";a:0:{}s:8:\"quantity\";i:1;s:9:\"data_hash\";s:32:\"b5c1d5ca8bae6d4896cf1807cdf763f0\";s:13:\"line_tax_data\";a:2:{s:8:\"subtotal\";a:1:{i:2;d:4.834;}s:5:\"total\";a:1:{i:2;d:4.834;}}s:13:\"line_subtotal\";d:24.17;s:17:\"line_subtotal_tax\";d:4.83;s:10:\"line_total\";d:24.17;s:8:\"line_tax\";d:4.83;}}\";s:11:\"cart_totals\";s:419:\"a:15:{s:8:\"subtotal\";s:5:\"24.17\";s:12:\"subtotal_tax\";d:4.83;s:14:\"shipping_total\";s:1:\"0\";s:12:\"shipping_tax\";i:0;s:14:\"shipping_taxes\";a:0:{}s:14:\"discount_total\";i:0;s:12:\"discount_tax\";i:0;s:19:\"cart_contents_total\";s:5:\"24.17\";s:17:\"cart_contents_tax\";d:4.83;s:19:\"cart_contents_taxes\";a:1:{i:2;d:4.83;}s:9:\"fee_total\";s:1:\"0\";s:7:\"fee_tax\";i:0;s:9:\"fee_taxes\";a:0:{}s:5:\"total\";s:5:\"29.00\";s:9:\"total_tax\";d:4.83;}\";s:15:\"applied_coupons\";s:6:\"a:0:{}\";s:22:\"coupon_discount_totals\";s:6:\"a:0:{}\";s:26:\"coupon_discount_tax_totals\";s:6:\"a:0:{}\";s:21:\"removed_cart_contents\";s:6:\"a:0:{}\";s:22:\"shipping_for_package_0\";s:442:\"a:2:{s:12:\"package_hash\";s:40:\"wc_ship_c9e49a409d97011db8afd0aafe987744\";s:5:\"rates\";a:1:{s:15:\"free_shipping:1\";O:16:\"WC_Shipping_Rate\":2:{s:7:\"\0*\0data\";a:6:{s:2:\"id\";s:15:\"free_shipping:1\";s:9:\"method_id\";s:13:\"free_shipping\";s:11:\"instance_id\";i:1;s:5:\"label\";s:18:\"Livraison gratuite\";s:4:\"cost\";s:4:\"0.00\";s:5:\"taxes\";a:0:{}}s:12:\"\0*\0meta_data\";a:1:{s:8:\"Articles\";s:60:\"Sonde de Thermistanceadaptable de type CHAFFOTEAUX &times; 1\";}}}}\";s:25:\"previous_shipping_methods\";s:43:\"a:1:{i:0;a:1:{i:0;s:15:\"free_shipping:1\";}}\";s:23:\"chosen_shipping_methods\";s:33:\"a:1:{i:0;s:15:\"free_shipping:1\";}\";s:22:\"shipping_method_counts\";s:14:\"a:1:{i:0;i:1;}\";s:9:\"ppcp_fees\";s:6:\"a:0:{}\";s:10:\"wc_notices\";N;s:8:\"customer\";s:716:\"a:27:{s:2:\"id\";s:1:\"0\";s:13:\"date_modified\";s:0:\"\";s:8:\"postcode\";s:0:\"\";s:4:\"city\";s:0:\"\";s:9:\"address_1\";s:0:\"\";s:7:\"address\";s:0:\"\";s:9:\"address_2\";s:0:\"\";s:5:\"state\";s:0:\"\";s:7:\"country\";s:2:\"FR\";s:17:\"shipping_postcode\";s:0:\"\";s:13:\"shipping_city\";s:0:\"\";s:18:\"shipping_address_1\";s:0:\"\";s:16:\"shipping_address\";s:0:\"\";s:18:\"shipping_address_2\";s:0:\"\";s:14:\"shipping_state\";s:0:\"\";s:16:\"shipping_country\";s:2:\"FR\";s:13:\"is_vat_exempt\";s:0:\"\";s:19:\"calculated_shipping\";s:0:\"\";s:10:\"first_name\";s:0:\"\";s:9:\"last_name\";s:0:\"\";s:7:\"company\";s:0:\"\";s:5:\"phone\";s:0:\"\";s:5:\"email\";s:0:\"\";s:19:\"shipping_first_name\";s:0:\"\";s:18:\"shipping_last_name\";s:0:\"\";s:16:\"shipping_company\";s:0:\"\";s:14:\"shipping_phone\";s:0:\"\";}\";}',1677056035),(42286,'t_48e58b6e8b8c58e5d221ac9a418fed','a:15:{s:4:\"ppcp\";s:364:\"O:49:\"WooCommerce\\PayPalCommerce\\Session\\SessionHandler\":4:{s:56:\"\0WooCommerce\\PayPalCommerce\\Session\\SessionHandler\0order\";N;s:58:\"\0WooCommerce\\PayPalCommerce\\Session\\SessionHandler\0bn_code\";s:0:\"\";s:77:\"\0WooCommerce\\PayPalCommerce\\Session\\SessionHandler\0insufficient_funding_tries\";i:0;s:65:\"\0WooCommerce\\PayPalCommerce\\Session\\SessionHandler\0funding_source\";N;}\";s:24:\"ppcp_fraudnet_session_id\";s:32:\"e639adb84d3513001a92577f951daa0b\";s:4:\"cart\";s:448:\"a:1:{s:32:\"31b3b31a1c2f8a370206f111127c0dbd\";a:11:{s:3:\"key\";s:32:\"31b3b31a1c2f8a370206f111127c0dbd\";s:10:\"product_id\";i:1009;s:12:\"variation_id\";i:0;s:9:\"variation\";a:0:{}s:8:\"quantity\";i:1;s:9:\"data_hash\";s:32:\"b5c1d5ca8bae6d4896cf1807cdf763f0\";s:13:\"line_tax_data\";a:2:{s:8:\"subtotal\";a:1:{i:2;d:4.834;}s:5:\"total\";a:1:{i:2;d:4.834;}}s:13:\"line_subtotal\";d:24.17;s:17:\"line_subtotal_tax\";d:4.83;s:10:\"line_total\";d:24.17;s:8:\"line_tax\";d:4.83;}}\";s:11:\"cart_totals\";s:419:\"a:15:{s:8:\"subtotal\";s:5:\"24.17\";s:12:\"subtotal_tax\";d:4.83;s:14:\"shipping_total\";s:1:\"0\";s:12:\"shipping_tax\";i:0;s:14:\"shipping_taxes\";a:0:{}s:14:\"discount_total\";i:0;s:12:\"discount_tax\";i:0;s:19:\"cart_contents_total\";s:5:\"24.17\";s:17:\"cart_contents_tax\";d:4.83;s:19:\"cart_contents_taxes\";a:1:{i:2;d:4.83;}s:9:\"fee_total\";s:1:\"0\";s:7:\"fee_tax\";i:0;s:9:\"fee_taxes\";a:0:{}s:5:\"total\";s:5:\"29.00\";s:9:\"total_tax\";d:4.83;}\";s:15:\"applied_coupons\";s:6:\"a:0:{}\";s:22:\"coupon_discount_totals\";s:6:\"a:0:{}\";s:26:\"coupon_discount_tax_totals\";s:6:\"a:0:{}\";s:21:\"removed_cart_contents\";s:6:\"a:0:{}\";s:22:\"shipping_for_package_0\";s:454:\"a:2:{s:12:\"package_hash\";s:40:\"wc_ship_1e2eb3fb443bda7a2299847d9d463642\";s:5:\"rates\";a:1:{s:15:\"free_shipping:1\";O:16:\"WC_Shipping_Rate\":2:{s:7:\"\0*\0data\";a:6:{s:2:\"id\";s:15:\"free_shipping:1\";s:9:\"method_id\";s:13:\"free_shipping\";s:11:\"instance_id\";i:1;s:5:\"label\";s:18:\"Livraison gratuite\";s:4:\"cost\";s:4:\"0.00\";s:5:\"taxes\";a:0:{}}s:12:\"\0*\0meta_data\";a:1:{s:8:\"Articles\";s:72:\"Sonde de Thermistance MIRA GREEN adaptable de type CHAFFOTEAUX &times; 1\";}}}}\";s:25:\"previous_shipping_methods\";s:43:\"a:1:{i:0;a:1:{i:0;s:15:\"free_shipping:1\";}}\";s:23:\"chosen_shipping_methods\";s:33:\"a:1:{i:0;s:15:\"free_shipping:1\";}\";s:22:\"shipping_method_counts\";s:14:\"a:1:{i:0;i:1;}\";s:9:\"ppcp_fees\";s:6:\"a:0:{}\";s:10:\"wc_notices\";N;s:8:\"customer\";s:716:\"a:27:{s:2:\"id\";s:1:\"0\";s:13:\"date_modified\";s:0:\"\";s:8:\"postcode\";s:0:\"\";s:4:\"city\";s:0:\"\";s:9:\"address_1\";s:0:\"\";s:7:\"address\";s:0:\"\";s:9:\"address_2\";s:0:\"\";s:5:\"state\";s:0:\"\";s:7:\"country\";s:2:\"FR\";s:17:\"shipping_postcode\";s:0:\"\";s:13:\"shipping_city\";s:0:\"\";s:18:\"shipping_address_1\";s:0:\"\";s:16:\"shipping_address\";s:0:\"\";s:18:\"shipping_address_2\";s:0:\"\";s:14:\"shipping_state\";s:0:\"\";s:16:\"shipping_country\";s:2:\"FR\";s:13:\"is_vat_exempt\";s:0:\"\";s:19:\"calculated_shipping\";s:0:\"\";s:10:\"first_name\";s:0:\"\";s:9:\"last_name\";s:0:\"\";s:7:\"company\";s:0:\"\";s:5:\"phone\";s:0:\"\";s:5:\"email\";s:0:\"\";s:19:\"shipping_first_name\";s:0:\"\";s:18:\"shipping_last_name\";s:0:\"\";s:16:\"shipping_company\";s:0:\"\";s:14:\"shipping_phone\";s:0:\"\";}\";}',1677056042),(42287,'t_02e64a66a0397aa9b03a6bd1846a6e','a:15:{s:4:\"ppcp\";s:364:\"O:49:\"WooCommerce\\PayPalCommerce\\Session\\SessionHandler\":4:{s:56:\"\0WooCommerce\\PayPalCommerce\\Session\\SessionHandler\0order\";N;s:58:\"\0WooCommerce\\PayPalCommerce\\Session\\SessionHandler\0bn_code\";s:0:\"\";s:77:\"\0WooCommerce\\PayPalCommerce\\Session\\SessionHandler\0insufficient_funding_tries\";i:0;s:65:\"\0WooCommerce\\PayPalCommerce\\Session\\SessionHandler\0funding_source\";N;}\";s:24:\"ppcp_fraudnet_session_id\";s:32:\"438e7db91cb790155a7603fae4876022\";s:4:\"cart\";s:446:\"a:1:{s:32:\"766d856ef1a6b02f93d894415e6bfa0e\";a:11:{s:3:\"key\";s:32:\"766d856ef1a6b02f93d894415e6bfa0e\";s:10:\"product_id\";i:1014;s:12:\"variation_id\";i:0;s:9:\"variation\";a:0:{}s:8:\"quantity\";i:1;s:9:\"data_hash\";s:32:\"b5c1d5ca8bae6d4896cf1807cdf763f0\";s:13:\"line_tax_data\";a:2:{s:8:\"subtotal\";a:1:{i:2;d:8.25;}s:5:\"total\";a:1:{i:2;d:8.25;}}s:13:\"line_subtotal\";d:41.25;s:17:\"line_subtotal_tax\";d:8.25;s:10:\"line_total\";d:41.25;s:8:\"line_tax\";d:8.25;}}\";s:11:\"cart_totals\";s:419:\"a:15:{s:8:\"subtotal\";s:5:\"41.25\";s:12:\"subtotal_tax\";d:8.25;s:14:\"shipping_total\";s:1:\"0\";s:12:\"shipping_tax\";i:0;s:14:\"shipping_taxes\";a:0:{}s:14:\"discount_total\";i:0;s:12:\"discount_tax\";i:0;s:19:\"cart_contents_total\";s:5:\"41.25\";s:17:\"cart_contents_tax\";d:8.25;s:19:\"cart_contents_taxes\";a:1:{i:2;d:8.25;}s:9:\"fee_total\";s:1:\"0\";s:7:\"fee_tax\";i:0;s:9:\"fee_taxes\";a:0:{}s:5:\"total\";s:5:\"49.50\";s:9:\"total_tax\";d:8.25;}\";s:15:\"applied_coupons\";s:6:\"a:0:{}\";s:22:\"coupon_discount_totals\";s:6:\"a:0:{}\";s:26:\"coupon_discount_tax_totals\";s:6:\"a:0:{}\";s:21:\"removed_cart_contents\";s:6:\"a:0:{}\";s:22:\"shipping_for_package_0\";s:445:\"a:2:{s:12:\"package_hash\";s:40:\"wc_ship_c16e7905b240753db1cf92554aaf03f2\";s:5:\"rates\";a:1:{s:15:\"free_shipping:1\";O:16:\"WC_Shipping_Rate\":2:{s:7:\"\0*\0data\";a:6:{s:2:\"id\";s:15:\"free_shipping:1\";s:9:\"method_id\";s:13:\"free_shipping\";s:11:\"instance_id\";i:1;s:5:\"label\";s:18:\"Livraison gratuite\";s:4:\"cost\";s:4:\"0.00\";s:5:\"taxes\";a:0:{}}s:12:\"\0*\0meta_data\";a:1:{s:8:\"Articles\";s:63:\"Sonde VITODENS PLUS LADENSadaptable de type Viessmann &times; 1\";}}}}\";s:25:\"previous_shipping_methods\";s:43:\"a:1:{i:0;a:1:{i:0;s:15:\"free_shipping:1\";}}\";s:23:\"chosen_shipping_methods\";s:33:\"a:1:{i:0;s:15:\"free_shipping:1\";}\";s:22:\"shipping_method_counts\";s:14:\"a:1:{i:0;i:1;}\";s:9:\"ppcp_fees\";s:6:\"a:0:{}\";s:10:\"wc_notices\";N;s:8:\"customer\";s:716:\"a:27:{s:2:\"id\";s:1:\"0\";s:13:\"date_modified\";s:0:\"\";s:8:\"postcode\";s:0:\"\";s:4:\"city\";s:0:\"\";s:9:\"address_1\";s:0:\"\";s:7:\"address\";s:0:\"\";s:9:\"address_2\";s:0:\"\";s:5:\"state\";s:0:\"\";s:7:\"country\";s:2:\"FR\";s:17:\"shipping_postcode\";s:0:\"\";s:13:\"shipping_city\";s:0:\"\";s:18:\"shipping_address_1\";s:0:\"\";s:16:\"shipping_address\";s:0:\"\";s:18:\"shipping_address_2\";s:0:\"\";s:14:\"shipping_state\";s:0:\"\";s:16:\"shipping_country\";s:2:\"FR\";s:13:\"is_vat_exempt\";s:0:\"\";s:19:\"calculated_shipping\";s:0:\"\";s:10:\"first_name\";s:0:\"\";s:9:\"last_name\";s:0:\"\";s:7:\"company\";s:0:\"\";s:5:\"phone\";s:0:\"\";s:5:\"email\";s:0:\"\";s:19:\"shipping_first_name\";s:0:\"\";s:18:\"shipping_last_name\";s:0:\"\";s:16:\"shipping_company\";s:0:\"\";s:14:\"shipping_phone\";s:0:\"\";}\";}',1677056047),(42288,'t_a041ba6f2b5d3d163e075893511639','a:15:{s:4:\"ppcp\";s:364:\"O:49:\"WooCommerce\\PayPalCommerce\\Session\\SessionHandler\":4:{s:56:\"\0WooCommerce\\PayPalCommerce\\Session\\SessionHandler\0order\";N;s:58:\"\0WooCommerce\\PayPalCommerce\\Session\\SessionHandler\0bn_code\";s:0:\"\";s:77:\"\0WooCommerce\\PayPalCommerce\\Session\\SessionHandler\0insufficient_funding_tries\";i:0;s:65:\"\0WooCommerce\\PayPalCommerce\\Session\\SessionHandler\0funding_source\";N;}\";s:24:\"ppcp_fraudnet_session_id\";s:32:\"d20934d1c993c13ac1bd3e2cf2dabd3e\";s:4:\"cart\";s:474:\"a:1:{s:32:\"ae5e3ce40e0404a45ecacaaf05e5f735\";a:11:{s:3:\"key\";s:32:\"ae5e3ce40e0404a45ecacaaf05e5f735\";s:10:\"product_id\";i:1197;s:12:\"variation_id\";i:0;s:9:\"variation\";a:0:{}s:8:\"quantity\";i:1;s:9:\"data_hash\";s:32:\"b5c1d5ca8bae6d4896cf1807cdf763f0\";s:13:\"line_tax_data\";a:2:{s:8:\"subtotal\";a:1:{i:2;d:3.1660000000000004;}s:5:\"total\";a:1:{i:2;d:3.1660000000000004;}}s:13:\"line_subtotal\";d:15.83;s:17:\"line_subtotal_tax\";d:3.17;s:10:\"line_total\";d:15.83;s:8:\"line_tax\";d:3.17;}}\";s:11:\"cart_totals\";s:419:\"a:15:{s:8:\"subtotal\";s:5:\"15.83\";s:12:\"subtotal_tax\";d:3.17;s:14:\"shipping_total\";s:1:\"0\";s:12:\"shipping_tax\";i:0;s:14:\"shipping_taxes\";a:0:{}s:14:\"discount_total\";i:0;s:12:\"discount_tax\";i:0;s:19:\"cart_contents_total\";s:5:\"15.83\";s:17:\"cart_contents_tax\";d:3.17;s:19:\"cart_contents_taxes\";a:1:{i:2;d:3.17;}s:9:\"fee_total\";s:1:\"0\";s:7:\"fee_tax\";i:0;s:9:\"fee_taxes\";a:0:{}s:5:\"total\";s:5:\"19.00\";s:9:\"total_tax\";d:3.17;}\";s:15:\"applied_coupons\";s:6:\"a:0:{}\";s:22:\"coupon_discount_totals\";s:6:\"a:0:{}\";s:26:\"coupon_discount_tax_totals\";s:6:\"a:0:{}\";s:21:\"removed_cart_contents\";s:6:\"a:0:{}\";s:22:\"shipping_for_package_0\";s:438:\"a:2:{s:12:\"package_hash\";s:40:\"wc_ship_a8d850a54108b474d45610f8abebc052\";s:5:\"rates\";a:1:{s:15:\"free_shipping:1\";O:16:\"WC_Shipping_Rate\":2:{s:7:\"\0*\0data\";a:6:{s:2:\"id\";s:15:\"free_shipping:1\";s:9:\"method_id\";s:13:\"free_shipping\";s:11:\"instance_id\";i:1;s:5:\"label\";s:18:\"Livraison gratuite\";s:4:\"cost\";s:4:\"0.00\";s:5:\"taxes\";a:0:{}}s:12:\"\0*\0meta_data\";a:1:{s:8:\"Articles\";s:56:\"Soupape de Sécurité adaptablede type ARISTON &times; 1\";}}}}\";s:25:\"previous_shipping_methods\";s:43:\"a:1:{i:0;a:1:{i:0;s:15:\"free_shipping:1\";}}\";s:23:\"chosen_shipping_methods\";s:33:\"a:1:{i:0;s:15:\"free_shipping:1\";}\";s:22:\"shipping_method_counts\";s:14:\"a:1:{i:0;i:1;}\";s:9:\"ppcp_fees\";s:6:\"a:0:{}\";s:10:\"wc_notices\";N;s:8:\"customer\";s:716:\"a:27:{s:2:\"id\";s:1:\"0\";s:13:\"date_modified\";s:0:\"\";s:8:\"postcode\";s:0:\"\";s:4:\"city\";s:0:\"\";s:9:\"address_1\";s:0:\"\";s:7:\"address\";s:0:\"\";s:9:\"address_2\";s:0:\"\";s:5:\"state\";s:0:\"\";s:7:\"country\";s:2:\"FR\";s:17:\"shipping_postcode\";s:0:\"\";s:13:\"shipping_city\";s:0:\"\";s:18:\"shipping_address_1\";s:0:\"\";s:16:\"shipping_address\";s:0:\"\";s:18:\"shipping_address_2\";s:0:\"\";s:14:\"shipping_state\";s:0:\"\";s:16:\"shipping_country\";s:2:\"FR\";s:13:\"is_vat_exempt\";s:0:\"\";s:19:\"calculated_shipping\";s:0:\"\";s:10:\"first_name\";s:0:\"\";s:9:\"last_name\";s:0:\"\";s:7:\"company\";s:0:\"\";s:5:\"phone\";s:0:\"\";s:5:\"email\";s:0:\"\";s:19:\"shipping_first_name\";s:0:\"\";s:18:\"shipping_last_name\";s:0:\"\";s:16:\"shipping_company\";s:0:\"\";s:14:\"shipping_phone\";s:0:\"\";}\";}',1677056054),(42289,'t_b6d20c7c1a36181a58b06f7a07e8d6','a:15:{s:4:\"ppcp\";s:364:\"O:49:\"WooCommerce\\PayPalCommerce\\Session\\SessionHandler\":4:{s:56:\"\0WooCommerce\\PayPalCommerce\\Session\\SessionHandler\0order\";N;s:58:\"\0WooCommerce\\PayPalCommerce\\Session\\SessionHandler\0bn_code\";s:0:\"\";s:77:\"\0WooCommerce\\PayPalCommerce\\Session\\SessionHandler\0insufficient_funding_tries\";i:0;s:65:\"\0WooCommerce\\PayPalCommerce\\Session\\SessionHandler\0funding_source\";N;}\";s:24:\"ppcp_fraudnet_session_id\";s:32:\"950274f3caed9f66df52808019dd79c6\";s:4:\"cart\";s:448:\"a:1:{s:32:\"2387337ba1e0b0249ba90f55b2ba2521\";a:11:{s:3:\"key\";s:32:\"2387337ba1e0b0249ba90f55b2ba2521\";s:10:\"product_id\";i:1005;s:12:\"variation_id\";i:0;s:9:\"variation\";a:0:{}s:8:\"quantity\";i:1;s:9:\"data_hash\";s:32:\"b5c1d5ca8bae6d4896cf1807cdf763f0\";s:13:\"line_tax_data\";a:2:{s:8:\"subtotal\";a:1:{i:2;d:4.834;}s:5:\"total\";a:1:{i:2;d:4.834;}}s:13:\"line_subtotal\";d:24.17;s:17:\"line_subtotal_tax\";d:4.83;s:10:\"line_total\";d:24.17;s:8:\"line_tax\";d:4.83;}}\";s:11:\"cart_totals\";s:419:\"a:15:{s:8:\"subtotal\";s:5:\"24.17\";s:12:\"subtotal_tax\";d:4.83;s:14:\"shipping_total\";s:1:\"0\";s:12:\"shipping_tax\";i:0;s:14:\"shipping_taxes\";a:0:{}s:14:\"discount_total\";i:0;s:12:\"discount_tax\";i:0;s:19:\"cart_contents_total\";s:5:\"24.17\";s:17:\"cart_contents_tax\";d:4.83;s:19:\"cart_contents_taxes\";a:1:{i:2;d:4.83;}s:9:\"fee_total\";s:1:\"0\";s:7:\"fee_tax\";i:0;s:9:\"fee_taxes\";a:0:{}s:5:\"total\";s:5:\"29.00\";s:9:\"total_tax\";d:4.83;}\";s:15:\"applied_coupons\";s:6:\"a:0:{}\";s:22:\"coupon_discount_totals\";s:6:\"a:0:{}\";s:26:\"coupon_discount_tax_totals\";s:6:\"a:0:{}\";s:21:\"removed_cart_contents\";s:6:\"a:0:{}\";s:22:\"shipping_for_package_0\";s:442:\"a:2:{s:12:\"package_hash\";s:40:\"wc_ship_c9e49a409d97011db8afd0aafe987744\";s:5:\"rates\";a:1:{s:15:\"free_shipping:1\";O:16:\"WC_Shipping_Rate\":2:{s:7:\"\0*\0data\";a:6:{s:2:\"id\";s:15:\"free_shipping:1\";s:9:\"method_id\";s:13:\"free_shipping\";s:11:\"instance_id\";i:1;s:5:\"label\";s:18:\"Livraison gratuite\";s:4:\"cost\";s:4:\"0.00\";s:5:\"taxes\";a:0:{}}s:12:\"\0*\0meta_data\";a:1:{s:8:\"Articles\";s:60:\"Sonde de Thermistanceadaptable de type CHAFFOTEAUX &times; 1\";}}}}\";s:25:\"previous_shipping_methods\";s:43:\"a:1:{i:0;a:1:{i:0;s:15:\"free_shipping:1\";}}\";s:23:\"chosen_shipping_methods\";s:33:\"a:1:{i:0;s:15:\"free_shipping:1\";}\";s:22:\"shipping_method_counts\";s:14:\"a:1:{i:0;i:1;}\";s:9:\"ppcp_fees\";s:6:\"a:0:{}\";s:10:\"wc_notices\";N;s:8:\"customer\";s:716:\"a:27:{s:2:\"id\";s:1:\"0\";s:13:\"date_modified\";s:0:\"\";s:8:\"postcode\";s:0:\"\";s:4:\"city\";s:0:\"\";s:9:\"address_1\";s:0:\"\";s:7:\"address\";s:0:\"\";s:9:\"address_2\";s:0:\"\";s:5:\"state\";s:0:\"\";s:7:\"country\";s:2:\"FR\";s:17:\"shipping_postcode\";s:0:\"\";s:13:\"shipping_city\";s:0:\"\";s:18:\"shipping_address_1\";s:0:\"\";s:16:\"shipping_address\";s:0:\"\";s:18:\"shipping_address_2\";s:0:\"\";s:14:\"shipping_state\";s:0:\"\";s:16:\"shipping_country\";s:2:\"FR\";s:13:\"is_vat_exempt\";s:0:\"\";s:19:\"calculated_shipping\";s:0:\"\";s:10:\"first_name\";s:0:\"\";s:9:\"last_name\";s:0:\"\";s:7:\"company\";s:0:\"\";s:5:\"phone\";s:0:\"\";s:5:\"email\";s:0:\"\";s:19:\"shipping_first_name\";s:0:\"\";s:18:\"shipping_last_name\";s:0:\"\";s:16:\"shipping_company\";s:0:\"\";s:14:\"shipping_phone\";s:0:\"\";}\";}',1677056059),(42290,'t_23e76a25bd3a345f0437120218ed2e','a:15:{s:4:\"ppcp\";s:364:\"O:49:\"WooCommerce\\PayPalCommerce\\Session\\SessionHandler\":4:{s:56:\"\0WooCommerce\\PayPalCommerce\\Session\\SessionHandler\0order\";N;s:58:\"\0WooCommerce\\PayPalCommerce\\Session\\SessionHandler\0bn_code\";s:0:\"\";s:77:\"\0WooCommerce\\PayPalCommerce\\Session\\SessionHandler\0insufficient_funding_tries\";i:0;s:65:\"\0WooCommerce\\PayPalCommerce\\Session\\SessionHandler\0funding_source\";N;}\";s:24:\"ppcp_fraudnet_session_id\";s:32:\"c24d2494c84e1af2d0907bf718d6317f\";s:4:\"cart\";s:448:\"a:1:{s:32:\"9a3d458322d70046f63dfd8b0153ece4\";a:11:{s:3:\"key\";s:32:\"9a3d458322d70046f63dfd8b0153ece4\";s:10:\"product_id\";i:1193;s:12:\"variation_id\";i:0;s:9:\"variation\";a:0:{}s:8:\"quantity\";i:1;s:9:\"data_hash\";s:32:\"b5c1d5ca8bae6d4896cf1807cdf763f0\";s:13:\"line_tax_data\";a:2:{s:8:\"subtotal\";a:1:{i:2;d:4.234;}s:5:\"total\";a:1:{i:2;d:4.234;}}s:13:\"line_subtotal\";d:21.17;s:17:\"line_subtotal_tax\";d:4.23;s:10:\"line_total\";d:21.17;s:8:\"line_tax\";d:4.23;}}\";s:11:\"cart_totals\";s:419:\"a:15:{s:8:\"subtotal\";s:5:\"21.17\";s:12:\"subtotal_tax\";d:4.23;s:14:\"shipping_total\";s:1:\"0\";s:12:\"shipping_tax\";i:0;s:14:\"shipping_taxes\";a:0:{}s:14:\"discount_total\";i:0;s:12:\"discount_tax\";i:0;s:19:\"cart_contents_total\";s:5:\"21.17\";s:17:\"cart_contents_tax\";d:4.23;s:19:\"cart_contents_taxes\";a:1:{i:2;d:4.23;}s:9:\"fee_total\";s:1:\"0\";s:7:\"fee_tax\";i:0;s:9:\"fee_taxes\";a:0:{}s:5:\"total\";s:5:\"25.40\";s:9:\"total_tax\";d:4.23;}\";s:15:\"applied_coupons\";s:6:\"a:0:{}\";s:22:\"coupon_discount_totals\";s:6:\"a:0:{}\";s:26:\"coupon_discount_tax_totals\";s:6:\"a:0:{}\";s:21:\"removed_cart_contents\";s:6:\"a:0:{}\";s:22:\"shipping_for_package_0\";s:446:\"a:2:{s:12:\"package_hash\";s:40:\"wc_ship_123001d7398495ea6bd3d7ad16d12241\";s:5:\"rates\";a:1:{s:15:\"free_shipping:1\";O:16:\"WC_Shipping_Rate\":2:{s:7:\"\0*\0data\";a:6:{s:2:\"id\";s:15:\"free_shipping:1\";s:9:\"method_id\";s:13:\"free_shipping\";s:11:\"instance_id\";i:1;s:5:\"label\";s:18:\"Livraison gratuite\";s:4:\"cost\";s:4:\"0.00\";s:5:\"taxes\";a:0:{}}s:12:\"\0*\0meta_data\";a:1:{s:8:\"Articles\";s:64:\"Soupape de chauffage adaptable 3Bde type Saunier Duval &times; 1\";}}}}\";s:25:\"previous_shipping_methods\";s:43:\"a:1:{i:0;a:1:{i:0;s:15:\"free_shipping:1\";}}\";s:23:\"chosen_shipping_methods\";s:33:\"a:1:{i:0;s:15:\"free_shipping:1\";}\";s:22:\"shipping_method_counts\";s:14:\"a:1:{i:0;i:1;}\";s:9:\"ppcp_fees\";s:6:\"a:0:{}\";s:10:\"wc_notices\";N;s:8:\"customer\";s:716:\"a:27:{s:2:\"id\";s:1:\"0\";s:13:\"date_modified\";s:0:\"\";s:8:\"postcode\";s:0:\"\";s:4:\"city\";s:0:\"\";s:9:\"address_1\";s:0:\"\";s:7:\"address\";s:0:\"\";s:9:\"address_2\";s:0:\"\";s:5:\"state\";s:0:\"\";s:7:\"country\";s:2:\"FR\";s:17:\"shipping_postcode\";s:0:\"\";s:13:\"shipping_city\";s:0:\"\";s:18:\"shipping_address_1\";s:0:\"\";s:16:\"shipping_address\";s:0:\"\";s:18:\"shipping_address_2\";s:0:\"\";s:14:\"shipping_state\";s:0:\"\";s:16:\"shipping_country\";s:2:\"FR\";s:13:\"is_vat_exempt\";s:0:\"\";s:19:\"calculated_shipping\";s:0:\"\";s:10:\"first_name\";s:0:\"\";s:9:\"last_name\";s:0:\"\";s:7:\"company\";s:0:\"\";s:5:\"phone\";s:0:\"\";s:5:\"email\";s:0:\"\";s:19:\"shipping_first_name\";s:0:\"\";s:18:\"shipping_last_name\";s:0:\"\";s:16:\"shipping_company\";s:0:\"\";s:14:\"shipping_phone\";s:0:\"\";}\";}',1677056064),(42291,'t_39973cf97b2c8b80348f8bdd8570de','a:15:{s:4:\"ppcp\";s:364:\"O:49:\"WooCommerce\\PayPalCommerce\\Session\\SessionHandler\":4:{s:56:\"\0WooCommerce\\PayPalCommerce\\Session\\SessionHandler\0order\";N;s:58:\"\0WooCommerce\\PayPalCommerce\\Session\\SessionHandler\0bn_code\";s:0:\"\";s:77:\"\0WooCommerce\\PayPalCommerce\\Session\\SessionHandler\0insufficient_funding_tries\";i:0;s:65:\"\0WooCommerce\\PayPalCommerce\\Session\\SessionHandler\0funding_source\";N;}\";s:24:\"ppcp_fraudnet_session_id\";s:32:\"631885f68ee43f7bd3b04a284ba72fe4\";s:4:\"cart\";s:474:\"a:1:{s:32:\"ae5e3ce40e0404a45ecacaaf05e5f735\";a:11:{s:3:\"key\";s:32:\"ae5e3ce40e0404a45ecacaaf05e5f735\";s:10:\"product_id\";i:1197;s:12:\"variation_id\";i:0;s:9:\"variation\";a:0:{}s:8:\"quantity\";i:1;s:9:\"data_hash\";s:32:\"b5c1d5ca8bae6d4896cf1807cdf763f0\";s:13:\"line_tax_data\";a:2:{s:8:\"subtotal\";a:1:{i:2;d:3.1660000000000004;}s:5:\"total\";a:1:{i:2;d:3.1660000000000004;}}s:13:\"line_subtotal\";d:15.83;s:17:\"line_subtotal_tax\";d:3.17;s:10:\"line_total\";d:15.83;s:8:\"line_tax\";d:3.17;}}\";s:11:\"cart_totals\";s:419:\"a:15:{s:8:\"subtotal\";s:5:\"15.83\";s:12:\"subtotal_tax\";d:3.17;s:14:\"shipping_total\";s:1:\"0\";s:12:\"shipping_tax\";i:0;s:14:\"shipping_taxes\";a:0:{}s:14:\"discount_total\";i:0;s:12:\"discount_tax\";i:0;s:19:\"cart_contents_total\";s:5:\"15.83\";s:17:\"cart_contents_tax\";d:3.17;s:19:\"cart_contents_taxes\";a:1:{i:2;d:3.17;}s:9:\"fee_total\";s:1:\"0\";s:7:\"fee_tax\";i:0;s:9:\"fee_taxes\";a:0:{}s:5:\"total\";s:5:\"19.00\";s:9:\"total_tax\";d:3.17;}\";s:15:\"applied_coupons\";s:6:\"a:0:{}\";s:22:\"coupon_discount_totals\";s:6:\"a:0:{}\";s:26:\"coupon_discount_tax_totals\";s:6:\"a:0:{}\";s:21:\"removed_cart_contents\";s:6:\"a:0:{}\";s:22:\"shipping_for_package_0\";s:438:\"a:2:{s:12:\"package_hash\";s:40:\"wc_ship_a8d850a54108b474d45610f8abebc052\";s:5:\"rates\";a:1:{s:15:\"free_shipping:1\";O:16:\"WC_Shipping_Rate\":2:{s:7:\"\0*\0data\";a:6:{s:2:\"id\";s:15:\"free_shipping:1\";s:9:\"method_id\";s:13:\"free_shipping\";s:11:\"instance_id\";i:1;s:5:\"label\";s:18:\"Livraison gratuite\";s:4:\"cost\";s:4:\"0.00\";s:5:\"taxes\";a:0:{}}s:12:\"\0*\0meta_data\";a:1:{s:8:\"Articles\";s:56:\"Soupape de Sécurité adaptablede type ARISTON &times; 1\";}}}}\";s:25:\"previous_shipping_methods\";s:43:\"a:1:{i:0;a:1:{i:0;s:15:\"free_shipping:1\";}}\";s:23:\"chosen_shipping_methods\";s:33:\"a:1:{i:0;s:15:\"free_shipping:1\";}\";s:22:\"shipping_method_counts\";s:14:\"a:1:{i:0;i:1;}\";s:9:\"ppcp_fees\";s:6:\"a:0:{}\";s:10:\"wc_notices\";N;s:8:\"customer\";s:716:\"a:27:{s:2:\"id\";s:1:\"0\";s:13:\"date_modified\";s:0:\"\";s:8:\"postcode\";s:0:\"\";s:4:\"city\";s:0:\"\";s:9:\"address_1\";s:0:\"\";s:7:\"address\";s:0:\"\";s:9:\"address_2\";s:0:\"\";s:5:\"state\";s:0:\"\";s:7:\"country\";s:2:\"FR\";s:17:\"shipping_postcode\";s:0:\"\";s:13:\"shipping_city\";s:0:\"\";s:18:\"shipping_address_1\";s:0:\"\";s:16:\"shipping_address\";s:0:\"\";s:18:\"shipping_address_2\";s:0:\"\";s:14:\"shipping_state\";s:0:\"\";s:16:\"shipping_country\";s:2:\"FR\";s:13:\"is_vat_exempt\";s:0:\"\";s:19:\"calculated_shipping\";s:0:\"\";s:10:\"first_name\";s:0:\"\";s:9:\"last_name\";s:0:\"\";s:7:\"company\";s:0:\"\";s:5:\"phone\";s:0:\"\";s:5:\"email\";s:0:\"\";s:19:\"shipping_first_name\";s:0:\"\";s:18:\"shipping_last_name\";s:0:\"\";s:16:\"shipping_company\";s:0:\"\";s:14:\"shipping_phone\";s:0:\"\";}\";}',1677056073),(42292,'t_d42c168efd45b60ec2fe47a08eab08','a:15:{s:4:\"ppcp\";s:364:\"O:49:\"WooCommerce\\PayPalCommerce\\Session\\SessionHandler\":4:{s:56:\"\0WooCommerce\\PayPalCommerce\\Session\\SessionHandler\0order\";N;s:58:\"\0WooCommerce\\PayPalCommerce\\Session\\SessionHandler\0bn_code\";s:0:\"\";s:77:\"\0WooCommerce\\PayPalCommerce\\Session\\SessionHandler\0insufficient_funding_tries\";i:0;s:65:\"\0WooCommerce\\PayPalCommerce\\Session\\SessionHandler\0funding_source\";N;}\";s:24:\"ppcp_fraudnet_session_id\";s:32:\"1a3a2fa71f55c212a3eba42286a3e9b3\";s:4:\"cart\";s:444:\"a:1:{s:32:\"766d856ef1a6b02f93d894415e6bfa0e\";a:11:{s:3:\"key\";s:32:\"766d856ef1a6b02f93d894415e6bfa0e\";s:10:\"product_id\";i:1014;s:12:\"variation_id\";i:0;s:9:\"variation\";a:0:{}s:8:\"quantity\";i:2;s:9:\"data_hash\";s:32:\"b5c1d5ca8bae6d4896cf1807cdf763f0\";s:13:\"line_tax_data\";a:2:{s:8:\"subtotal\";a:1:{i:2;d:16.5;}s:5:\"total\";a:1:{i:2;d:16.5;}}s:13:\"line_subtotal\";d:82.5;s:17:\"line_subtotal_tax\";d:16.5;s:10:\"line_total\";d:82.5;s:8:\"line_tax\";d:16.5;}}\";s:11:\"cart_totals\";s:417:\"a:15:{s:8:\"subtotal\";s:4:\"82.5\";s:12:\"subtotal_tax\";d:16.5;s:14:\"shipping_total\";s:1:\"0\";s:12:\"shipping_tax\";i:0;s:14:\"shipping_taxes\";a:0:{}s:14:\"discount_total\";i:0;s:12:\"discount_tax\";i:0;s:19:\"cart_contents_total\";s:4:\"82.5\";s:17:\"cart_contents_tax\";d:16.5;s:19:\"cart_contents_taxes\";a:1:{i:2;d:16.5;}s:9:\"fee_total\";s:1:\"0\";s:7:\"fee_tax\";i:0;s:9:\"fee_taxes\";a:0:{}s:5:\"total\";s:5:\"99.00\";s:9:\"total_tax\";d:16.5;}\";s:15:\"applied_coupons\";s:6:\"a:0:{}\";s:22:\"coupon_discount_totals\";s:6:\"a:0:{}\";s:26:\"coupon_discount_tax_totals\";s:6:\"a:0:{}\";s:21:\"removed_cart_contents\";s:6:\"a:0:{}\";s:22:\"shipping_for_package_0\";s:445:\"a:2:{s:12:\"package_hash\";s:40:\"wc_ship_406627165998ada0385faaf4dec88dba\";s:5:\"rates\";a:1:{s:15:\"free_shipping:1\";O:16:\"WC_Shipping_Rate\":2:{s:7:\"\0*\0data\";a:6:{s:2:\"id\";s:15:\"free_shipping:1\";s:9:\"method_id\";s:13:\"free_shipping\";s:11:\"instance_id\";i:1;s:5:\"label\";s:18:\"Livraison gratuite\";s:4:\"cost\";s:4:\"0.00\";s:5:\"taxes\";a:0:{}}s:12:\"\0*\0meta_data\";a:1:{s:8:\"Articles\";s:63:\"Sonde VITODENS PLUS LADENSadaptable de type Viessmann &times; 2\";}}}}\";s:25:\"previous_shipping_methods\";s:43:\"a:1:{i:0;a:1:{i:0;s:15:\"free_shipping:1\";}}\";s:23:\"chosen_shipping_methods\";s:33:\"a:1:{i:0;s:15:\"free_shipping:1\";}\";s:22:\"shipping_method_counts\";s:14:\"a:1:{i:0;i:1;}\";s:9:\"ppcp_fees\";s:6:\"a:0:{}\";s:10:\"wc_notices\";N;s:8:\"customer\";s:716:\"a:27:{s:2:\"id\";s:1:\"0\";s:13:\"date_modified\";s:0:\"\";s:8:\"postcode\";s:0:\"\";s:4:\"city\";s:0:\"\";s:9:\"address_1\";s:0:\"\";s:7:\"address\";s:0:\"\";s:9:\"address_2\";s:0:\"\";s:5:\"state\";s:0:\"\";s:7:\"country\";s:2:\"FR\";s:17:\"shipping_postcode\";s:0:\"\";s:13:\"shipping_city\";s:0:\"\";s:18:\"shipping_address_1\";s:0:\"\";s:16:\"shipping_address\";s:0:\"\";s:18:\"shipping_address_2\";s:0:\"\";s:14:\"shipping_state\";s:0:\"\";s:16:\"shipping_country\";s:2:\"FR\";s:13:\"is_vat_exempt\";s:0:\"\";s:19:\"calculated_shipping\";s:0:\"\";s:10:\"first_name\";s:0:\"\";s:9:\"last_name\";s:0:\"\";s:7:\"company\";s:0:\"\";s:5:\"phone\";s:0:\"\";s:5:\"email\";s:0:\"\";s:19:\"shipping_first_name\";s:0:\"\";s:18:\"shipping_last_name\";s:0:\"\";s:16:\"shipping_company\";s:0:\"\";s:14:\"shipping_phone\";s:0:\"\";}\";}',1677105360),(42294,'t_a116f2304f84b802054e0b507776de','a:15:{s:4:\"ppcp\";s:364:\"O:49:\"WooCommerce\\PayPalCommerce\\Session\\SessionHandler\":4:{s:56:\"\0WooCommerce\\PayPalCommerce\\Session\\SessionHandler\0order\";N;s:58:\"\0WooCommerce\\PayPalCommerce\\Session\\SessionHandler\0bn_code\";s:0:\"\";s:77:\"\0WooCommerce\\PayPalCommerce\\Session\\SessionHandler\0insufficient_funding_tries\";i:0;s:65:\"\0WooCommerce\\PayPalCommerce\\Session\\SessionHandler\0funding_source\";N;}\";s:24:\"ppcp_fraudnet_session_id\";s:32:\"1b7ac5797e5981ac69e7ddfb14945d8a\";s:4:\"cart\";s:448:\"a:1:{s:32:\"9a3d458322d70046f63dfd8b0153ece4\";a:11:{s:3:\"key\";s:32:\"9a3d458322d70046f63dfd8b0153ece4\";s:10:\"product_id\";i:1193;s:12:\"variation_id\";i:0;s:9:\"variation\";a:0:{}s:8:\"quantity\";i:1;s:9:\"data_hash\";s:32:\"b5c1d5ca8bae6d4896cf1807cdf763f0\";s:13:\"line_tax_data\";a:2:{s:8:\"subtotal\";a:1:{i:2;d:4.234;}s:5:\"total\";a:1:{i:2;d:4.234;}}s:13:\"line_subtotal\";d:21.17;s:17:\"line_subtotal_tax\";d:4.23;s:10:\"line_total\";d:21.17;s:8:\"line_tax\";d:4.23;}}\";s:11:\"cart_totals\";s:419:\"a:15:{s:8:\"subtotal\";s:5:\"21.17\";s:12:\"subtotal_tax\";d:4.23;s:14:\"shipping_total\";s:1:\"0\";s:12:\"shipping_tax\";i:0;s:14:\"shipping_taxes\";a:0:{}s:14:\"discount_total\";i:0;s:12:\"discount_tax\";i:0;s:19:\"cart_contents_total\";s:5:\"21.17\";s:17:\"cart_contents_tax\";d:4.23;s:19:\"cart_contents_taxes\";a:1:{i:2;d:4.23;}s:9:\"fee_total\";s:1:\"0\";s:7:\"fee_tax\";i:0;s:9:\"fee_taxes\";a:0:{}s:5:\"total\";s:5:\"25.40\";s:9:\"total_tax\";d:4.23;}\";s:15:\"applied_coupons\";s:6:\"a:0:{}\";s:22:\"coupon_discount_totals\";s:6:\"a:0:{}\";s:26:\"coupon_discount_tax_totals\";s:6:\"a:0:{}\";s:21:\"removed_cart_contents\";s:6:\"a:0:{}\";s:22:\"shipping_for_package_0\";s:446:\"a:2:{s:12:\"package_hash\";s:40:\"wc_ship_123001d7398495ea6bd3d7ad16d12241\";s:5:\"rates\";a:1:{s:15:\"free_shipping:1\";O:16:\"WC_Shipping_Rate\":2:{s:7:\"\0*\0data\";a:6:{s:2:\"id\";s:15:\"free_shipping:1\";s:9:\"method_id\";s:13:\"free_shipping\";s:11:\"instance_id\";i:1;s:5:\"label\";s:18:\"Livraison gratuite\";s:4:\"cost\";s:4:\"0.00\";s:5:\"taxes\";a:0:{}}s:12:\"\0*\0meta_data\";a:1:{s:8:\"Articles\";s:64:\"Soupape de chauffage adaptable 3Bde type Saunier Duval &times; 1\";}}}}\";s:25:\"previous_shipping_methods\";s:43:\"a:1:{i:0;a:1:{i:0;s:15:\"free_shipping:1\";}}\";s:23:\"chosen_shipping_methods\";s:33:\"a:1:{i:0;s:15:\"free_shipping:1\";}\";s:22:\"shipping_method_counts\";s:14:\"a:1:{i:0;i:1;}\";s:9:\"ppcp_fees\";s:6:\"a:0:{}\";s:10:\"wc_notices\";N;s:8:\"customer\";s:716:\"a:27:{s:2:\"id\";s:1:\"0\";s:13:\"date_modified\";s:0:\"\";s:8:\"postcode\";s:0:\"\";s:4:\"city\";s:0:\"\";s:9:\"address_1\";s:0:\"\";s:7:\"address\";s:0:\"\";s:9:\"address_2\";s:0:\"\";s:5:\"state\";s:0:\"\";s:7:\"country\";s:2:\"FR\";s:17:\"shipping_postcode\";s:0:\"\";s:13:\"shipping_city\";s:0:\"\";s:18:\"shipping_address_1\";s:0:\"\";s:16:\"shipping_address\";s:0:\"\";s:18:\"shipping_address_2\";s:0:\"\";s:14:\"shipping_state\";s:0:\"\";s:16:\"shipping_country\";s:2:\"FR\";s:13:\"is_vat_exempt\";s:0:\"\";s:19:\"calculated_shipping\";s:0:\"\";s:10:\"first_name\";s:0:\"\";s:9:\"last_name\";s:0:\"\";s:7:\"company\";s:0:\"\";s:5:\"phone\";s:0:\"\";s:5:\"email\";s:0:\"\";s:19:\"shipping_first_name\";s:0:\"\";s:18:\"shipping_last_name\";s:0:\"\";s:16:\"shipping_company\";s:0:\"\";s:14:\"shipping_phone\";s:0:\"\";}\";}',1677109865),(42295,'t_1b32e5ec3d1c5a5e5f8cb1ab67e9f7','a:15:{s:4:\"ppcp\";s:364:\"O:49:\"WooCommerce\\PayPalCommerce\\Session\\SessionHandler\":4:{s:56:\"\0WooCommerce\\PayPalCommerce\\Session\\SessionHandler\0order\";N;s:58:\"\0WooCommerce\\PayPalCommerce\\Session\\SessionHandler\0bn_code\";s:0:\"\";s:77:\"\0WooCommerce\\PayPalCommerce\\Session\\SessionHandler\0insufficient_funding_tries\";i:0;s:65:\"\0WooCommerce\\PayPalCommerce\\Session\\SessionHandler\0funding_source\";N;}\";s:24:\"ppcp_fraudnet_session_id\";s:32:\"d91d0ccde6b71fb28d9b11051c8b946e\";s:4:\"cart\";s:474:\"a:1:{s:32:\"ae5e3ce40e0404a45ecacaaf05e5f735\";a:11:{s:3:\"key\";s:32:\"ae5e3ce40e0404a45ecacaaf05e5f735\";s:10:\"product_id\";i:1197;s:12:\"variation_id\";i:0;s:9:\"variation\";a:0:{}s:8:\"quantity\";i:1;s:9:\"data_hash\";s:32:\"b5c1d5ca8bae6d4896cf1807cdf763f0\";s:13:\"line_tax_data\";a:2:{s:8:\"subtotal\";a:1:{i:2;d:3.1660000000000004;}s:5:\"total\";a:1:{i:2;d:3.1660000000000004;}}s:13:\"line_subtotal\";d:15.83;s:17:\"line_subtotal_tax\";d:3.17;s:10:\"line_total\";d:15.83;s:8:\"line_tax\";d:3.17;}}\";s:11:\"cart_totals\";s:419:\"a:15:{s:8:\"subtotal\";s:5:\"15.83\";s:12:\"subtotal_tax\";d:3.17;s:14:\"shipping_total\";s:1:\"0\";s:12:\"shipping_tax\";i:0;s:14:\"shipping_taxes\";a:0:{}s:14:\"discount_total\";i:0;s:12:\"discount_tax\";i:0;s:19:\"cart_contents_total\";s:5:\"15.83\";s:17:\"cart_contents_tax\";d:3.17;s:19:\"cart_contents_taxes\";a:1:{i:2;d:3.17;}s:9:\"fee_total\";s:1:\"0\";s:7:\"fee_tax\";i:0;s:9:\"fee_taxes\";a:0:{}s:5:\"total\";s:5:\"19.00\";s:9:\"total_tax\";d:3.17;}\";s:15:\"applied_coupons\";s:6:\"a:0:{}\";s:22:\"coupon_discount_totals\";s:6:\"a:0:{}\";s:26:\"coupon_discount_tax_totals\";s:6:\"a:0:{}\";s:21:\"removed_cart_contents\";s:6:\"a:0:{}\";s:22:\"shipping_for_package_0\";s:438:\"a:2:{s:12:\"package_hash\";s:40:\"wc_ship_a8d850a54108b474d45610f8abebc052\";s:5:\"rates\";a:1:{s:15:\"free_shipping:1\";O:16:\"WC_Shipping_Rate\":2:{s:7:\"\0*\0data\";a:6:{s:2:\"id\";s:15:\"free_shipping:1\";s:9:\"method_id\";s:13:\"free_shipping\";s:11:\"instance_id\";i:1;s:5:\"label\";s:18:\"Livraison gratuite\";s:4:\"cost\";s:4:\"0.00\";s:5:\"taxes\";a:0:{}}s:12:\"\0*\0meta_data\";a:1:{s:8:\"Articles\";s:56:\"Soupape de Sécurité adaptablede type ARISTON &times; 1\";}}}}\";s:25:\"previous_shipping_methods\";s:43:\"a:1:{i:0;a:1:{i:0;s:15:\"free_shipping:1\";}}\";s:23:\"chosen_shipping_methods\";s:33:\"a:1:{i:0;s:15:\"free_shipping:1\";}\";s:22:\"shipping_method_counts\";s:14:\"a:1:{i:0;i:1;}\";s:9:\"ppcp_fees\";s:6:\"a:0:{}\";s:10:\"wc_notices\";N;s:8:\"customer\";s:716:\"a:27:{s:2:\"id\";s:1:\"0\";s:13:\"date_modified\";s:0:\"\";s:8:\"postcode\";s:0:\"\";s:4:\"city\";s:0:\"\";s:9:\"address_1\";s:0:\"\";s:7:\"address\";s:0:\"\";s:9:\"address_2\";s:0:\"\";s:5:\"state\";s:0:\"\";s:7:\"country\";s:2:\"FR\";s:17:\"shipping_postcode\";s:0:\"\";s:13:\"shipping_city\";s:0:\"\";s:18:\"shipping_address_1\";s:0:\"\";s:16:\"shipping_address\";s:0:\"\";s:18:\"shipping_address_2\";s:0:\"\";s:14:\"shipping_state\";s:0:\"\";s:16:\"shipping_country\";s:2:\"FR\";s:13:\"is_vat_exempt\";s:0:\"\";s:19:\"calculated_shipping\";s:0:\"\";s:10:\"first_name\";s:0:\"\";s:9:\"last_name\";s:0:\"\";s:7:\"company\";s:0:\"\";s:5:\"phone\";s:0:\"\";s:5:\"email\";s:0:\"\";s:19:\"shipping_first_name\";s:0:\"\";s:18:\"shipping_last_name\";s:0:\"\";s:16:\"shipping_company\";s:0:\"\";s:14:\"shipping_phone\";s:0:\"\";}\";}',1677109868),(42296,'t_108c10d64a4fedd98d2066d49c85b6','a:15:{s:4:\"ppcp\";s:364:\"O:49:\"WooCommerce\\PayPalCommerce\\Session\\SessionHandler\":4:{s:56:\"\0WooCommerce\\PayPalCommerce\\Session\\SessionHandler\0order\";N;s:58:\"\0WooCommerce\\PayPalCommerce\\Session\\SessionHandler\0bn_code\";s:0:\"\";s:77:\"\0WooCommerce\\PayPalCommerce\\Session\\SessionHandler\0insufficient_funding_tries\";i:0;s:65:\"\0WooCommerce\\PayPalCommerce\\Session\\SessionHandler\0funding_source\";N;}\";s:24:\"ppcp_fraudnet_session_id\";s:32:\"30811415e7b0ef5ced85fa3c9d04f630\";s:4:\"cart\";s:448:\"a:1:{s:32:\"d7322ed717dedf1eb4e6e52a37ea7bcd\";a:11:{s:3:\"key\";s:32:\"d7322ed717dedf1eb4e6e52a37ea7bcd\";s:10:\"product_id\";i:1007;s:12:\"variation_id\";i:0;s:9:\"variation\";a:0:{}s:8:\"quantity\";i:1;s:9:\"data_hash\";s:32:\"b5c1d5ca8bae6d4896cf1807cdf763f0\";s:13:\"line_tax_data\";a:2:{s:8:\"subtotal\";a:1:{i:2;d:4.834;}s:5:\"total\";a:1:{i:2;d:4.834;}}s:13:\"line_subtotal\";d:24.17;s:17:\"line_subtotal_tax\";d:4.83;s:10:\"line_total\";d:24.17;s:8:\"line_tax\";d:4.83;}}\";s:11:\"cart_totals\";s:419:\"a:15:{s:8:\"subtotal\";s:5:\"24.17\";s:12:\"subtotal_tax\";d:4.83;s:14:\"shipping_total\";s:1:\"0\";s:12:\"shipping_tax\";i:0;s:14:\"shipping_taxes\";a:0:{}s:14:\"discount_total\";i:0;s:12:\"discount_tax\";i:0;s:19:\"cart_contents_total\";s:5:\"24.17\";s:17:\"cart_contents_tax\";d:4.83;s:19:\"cart_contents_taxes\";a:1:{i:2;d:4.83;}s:9:\"fee_total\";s:1:\"0\";s:7:\"fee_tax\";i:0;s:9:\"fee_taxes\";a:0:{}s:5:\"total\";s:5:\"29.00\";s:9:\"total_tax\";d:4.83;}\";s:15:\"applied_coupons\";s:6:\"a:0:{}\";s:22:\"coupon_discount_totals\";s:6:\"a:0:{}\";s:26:\"coupon_discount_tax_totals\";s:6:\"a:0:{}\";s:21:\"removed_cart_contents\";s:6:\"a:0:{}\";s:22:\"shipping_for_package_0\";s:450:\"a:2:{s:12:\"package_hash\";s:40:\"wc_ship_aa8310dcd0ebccd47b77f39c98cc4b2d\";s:5:\"rates\";a:1:{s:15:\"free_shipping:1\";O:16:\"WC_Shipping_Rate\":2:{s:7:\"\0*\0data\";a:6:{s:2:\"id\";s:15:\"free_shipping:1\";s:9:\"method_id\";s:13:\"free_shipping\";s:11:\"instance_id\";i:1;s:5:\"label\";s:18:\"Livraison gratuite\";s:4:\"cost\";s:4:\"0.00\";s:5:\"taxes\";a:0:{}}s:12:\"\0*\0meta_data\";a:1:{s:8:\"Articles\";s:68:\"Sonde de température CTN ECS adaptablede type ELM Leblanc &times; 1\";}}}}\";s:25:\"previous_shipping_methods\";s:43:\"a:1:{i:0;a:1:{i:0;s:15:\"free_shipping:1\";}}\";s:23:\"chosen_shipping_methods\";s:33:\"a:1:{i:0;s:15:\"free_shipping:1\";}\";s:22:\"shipping_method_counts\";s:14:\"a:1:{i:0;i:1;}\";s:9:\"ppcp_fees\";s:6:\"a:0:{}\";s:10:\"wc_notices\";N;s:8:\"customer\";s:716:\"a:27:{s:2:\"id\";s:1:\"0\";s:13:\"date_modified\";s:0:\"\";s:8:\"postcode\";s:0:\"\";s:4:\"city\";s:0:\"\";s:9:\"address_1\";s:0:\"\";s:7:\"address\";s:0:\"\";s:9:\"address_2\";s:0:\"\";s:5:\"state\";s:0:\"\";s:7:\"country\";s:2:\"FR\";s:17:\"shipping_postcode\";s:0:\"\";s:13:\"shipping_city\";s:0:\"\";s:18:\"shipping_address_1\";s:0:\"\";s:16:\"shipping_address\";s:0:\"\";s:18:\"shipping_address_2\";s:0:\"\";s:14:\"shipping_state\";s:0:\"\";s:16:\"shipping_country\";s:2:\"FR\";s:13:\"is_vat_exempt\";s:0:\"\";s:19:\"calculated_shipping\";s:0:\"\";s:10:\"first_name\";s:0:\"\";s:9:\"last_name\";s:0:\"\";s:7:\"company\";s:0:\"\";s:5:\"phone\";s:0:\"\";s:5:\"email\";s:0:\"\";s:19:\"shipping_first_name\";s:0:\"\";s:18:\"shipping_last_name\";s:0:\"\";s:16:\"shipping_company\";s:0:\"\";s:14:\"shipping_phone\";s:0:\"\";}\";}',1677109871),(42297,'t_0bb589c18892e169e587ac02a38fa2','a:15:{s:4:\"ppcp\";s:364:\"O:49:\"WooCommerce\\PayPalCommerce\\Session\\SessionHandler\":4:{s:56:\"\0WooCommerce\\PayPalCommerce\\Session\\SessionHandler\0order\";N;s:58:\"\0WooCommerce\\PayPalCommerce\\Session\\SessionHandler\0bn_code\";s:0:\"\";s:77:\"\0WooCommerce\\PayPalCommerce\\Session\\SessionHandler\0insufficient_funding_tries\";i:0;s:65:\"\0WooCommerce\\PayPalCommerce\\Session\\SessionHandler\0funding_source\";N;}\";s:24:\"ppcp_fraudnet_session_id\";s:32:\"68690bd1213f028557274d59629cfb3f\";s:4:\"cart\";s:448:\"a:1:{s:32:\"9a3d458322d70046f63dfd8b0153ece4\";a:11:{s:3:\"key\";s:32:\"9a3d458322d70046f63dfd8b0153ece4\";s:10:\"product_id\";i:1193;s:12:\"variation_id\";i:0;s:9:\"variation\";a:0:{}s:8:\"quantity\";i:1;s:9:\"data_hash\";s:32:\"b5c1d5ca8bae6d4896cf1807cdf763f0\";s:13:\"line_tax_data\";a:2:{s:8:\"subtotal\";a:1:{i:2;d:4.234;}s:5:\"total\";a:1:{i:2;d:4.234;}}s:13:\"line_subtotal\";d:21.17;s:17:\"line_subtotal_tax\";d:4.23;s:10:\"line_total\";d:21.17;s:8:\"line_tax\";d:4.23;}}\";s:11:\"cart_totals\";s:419:\"a:15:{s:8:\"subtotal\";s:5:\"21.17\";s:12:\"subtotal_tax\";d:4.23;s:14:\"shipping_total\";s:1:\"0\";s:12:\"shipping_tax\";i:0;s:14:\"shipping_taxes\";a:0:{}s:14:\"discount_total\";i:0;s:12:\"discount_tax\";i:0;s:19:\"cart_contents_total\";s:5:\"21.17\";s:17:\"cart_contents_tax\";d:4.23;s:19:\"cart_contents_taxes\";a:1:{i:2;d:4.23;}s:9:\"fee_total\";s:1:\"0\";s:7:\"fee_tax\";i:0;s:9:\"fee_taxes\";a:0:{}s:5:\"total\";s:5:\"25.40\";s:9:\"total_tax\";d:4.23;}\";s:15:\"applied_coupons\";s:6:\"a:0:{}\";s:22:\"coupon_discount_totals\";s:6:\"a:0:{}\";s:26:\"coupon_discount_tax_totals\";s:6:\"a:0:{}\";s:21:\"removed_cart_contents\";s:6:\"a:0:{}\";s:22:\"shipping_for_package_0\";s:446:\"a:2:{s:12:\"package_hash\";s:40:\"wc_ship_123001d7398495ea6bd3d7ad16d12241\";s:5:\"rates\";a:1:{s:15:\"free_shipping:1\";O:16:\"WC_Shipping_Rate\":2:{s:7:\"\0*\0data\";a:6:{s:2:\"id\";s:15:\"free_shipping:1\";s:9:\"method_id\";s:13:\"free_shipping\";s:11:\"instance_id\";i:1;s:5:\"label\";s:18:\"Livraison gratuite\";s:4:\"cost\";s:4:\"0.00\";s:5:\"taxes\";a:0:{}}s:12:\"\0*\0meta_data\";a:1:{s:8:\"Articles\";s:64:\"Soupape de chauffage adaptable 3Bde type Saunier Duval &times; 1\";}}}}\";s:25:\"previous_shipping_methods\";s:43:\"a:1:{i:0;a:1:{i:0;s:15:\"free_shipping:1\";}}\";s:23:\"chosen_shipping_methods\";s:33:\"a:1:{i:0;s:15:\"free_shipping:1\";}\";s:22:\"shipping_method_counts\";s:14:\"a:1:{i:0;i:1;}\";s:9:\"ppcp_fees\";s:6:\"a:0:{}\";s:10:\"wc_notices\";N;s:8:\"customer\";s:716:\"a:27:{s:2:\"id\";s:1:\"0\";s:13:\"date_modified\";s:0:\"\";s:8:\"postcode\";s:0:\"\";s:4:\"city\";s:0:\"\";s:9:\"address_1\";s:0:\"\";s:7:\"address\";s:0:\"\";s:9:\"address_2\";s:0:\"\";s:5:\"state\";s:0:\"\";s:7:\"country\";s:2:\"FR\";s:17:\"shipping_postcode\";s:0:\"\";s:13:\"shipping_city\";s:0:\"\";s:18:\"shipping_address_1\";s:0:\"\";s:16:\"shipping_address\";s:0:\"\";s:18:\"shipping_address_2\";s:0:\"\";s:14:\"shipping_state\";s:0:\"\";s:16:\"shipping_country\";s:2:\"FR\";s:13:\"is_vat_exempt\";s:0:\"\";s:19:\"calculated_shipping\";s:0:\"\";s:10:\"first_name\";s:0:\"\";s:9:\"last_name\";s:0:\"\";s:7:\"company\";s:0:\"\";s:5:\"phone\";s:0:\"\";s:5:\"email\";s:0:\"\";s:19:\"shipping_first_name\";s:0:\"\";s:18:\"shipping_last_name\";s:0:\"\";s:16:\"shipping_company\";s:0:\"\";s:14:\"shipping_phone\";s:0:\"\";}\";}',1677109875),(42298,'t_83fbadb1b5dc816489e5f219f4b791','a:15:{s:4:\"ppcp\";s:364:\"O:49:\"WooCommerce\\PayPalCommerce\\Session\\SessionHandler\":4:{s:56:\"\0WooCommerce\\PayPalCommerce\\Session\\SessionHandler\0order\";N;s:58:\"\0WooCommerce\\PayPalCommerce\\Session\\SessionHandler\0bn_code\";s:0:\"\";s:77:\"\0WooCommerce\\PayPalCommerce\\Session\\SessionHandler\0insufficient_funding_tries\";i:0;s:65:\"\0WooCommerce\\PayPalCommerce\\Session\\SessionHandler\0funding_source\";N;}\";s:24:\"ppcp_fraudnet_session_id\";s:32:\"4dba8dd3748d952cc8160186a1c4c0f8\";s:4:\"cart\";s:428:\"a:1:{s:32:\"fe2d010308a6b3799a3d9c728ee74244\";a:11:{s:3:\"key\";s:32:\"fe2d010308a6b3799a3d9c728ee74244\";s:10:\"product_id\";i:1200;s:12:\"variation_id\";i:0;s:9:\"variation\";a:0:{}s:8:\"quantity\";i:1;s:9:\"data_hash\";s:32:\"b5c1d5ca8bae6d4896cf1807cdf763f0\";s:13:\"line_tax_data\";a:2:{s:8:\"subtotal\";a:1:{i:2;d:3;}s:5:\"total\";a:1:{i:2;d:3;}}s:13:\"line_subtotal\";d:15;s:17:\"line_subtotal_tax\";d:3;s:10:\"line_total\";d:15;s:8:\"line_tax\";d:3;}}\";s:11:\"cart_totals\";s:401:\"a:15:{s:8:\"subtotal\";s:2:\"15\";s:12:\"subtotal_tax\";d:3;s:14:\"shipping_total\";s:1:\"0\";s:12:\"shipping_tax\";i:0;s:14:\"shipping_taxes\";a:0:{}s:14:\"discount_total\";i:0;s:12:\"discount_tax\";i:0;s:19:\"cart_contents_total\";s:2:\"15\";s:17:\"cart_contents_tax\";d:3;s:19:\"cart_contents_taxes\";a:1:{i:2;d:3;}s:9:\"fee_total\";s:1:\"0\";s:7:\"fee_tax\";i:0;s:9:\"fee_taxes\";a:0:{}s:5:\"total\";s:5:\"18.00\";s:9:\"total_tax\";d:3;}\";s:15:\"applied_coupons\";s:6:\"a:0:{}\";s:22:\"coupon_discount_totals\";s:6:\"a:0:{}\";s:26:\"coupon_discount_tax_totals\";s:6:\"a:0:{}\";s:21:\"removed_cart_contents\";s:6:\"a:0:{}\";s:22:\"shipping_for_package_0\";s:451:\"a:2:{s:12:\"package_hash\";s:40:\"wc_ship_f375a3cdd3341a2b7f4666630ef1c3ea\";s:5:\"rates\";a:1:{s:15:\"free_shipping:1\";O:16:\"WC_Shipping_Rate\":2:{s:7:\"\0*\0data\";a:6:{s:2:\"id\";s:15:\"free_shipping:1\";s:9:\"method_id\";s:13:\"free_shipping\";s:11:\"instance_id\";i:1;s:5:\"label\";s:18:\"Livraison gratuite\";s:4:\"cost\";s:4:\"0.00\";s:5:\"taxes\";a:0:{}}s:12:\"\0*\0meta_data\";a:1:{s:8:\"Articles\";s:69:\"Sonde de températureimmersion ITSadaptable de type CHAPPEE &times; 1\";}}}}\";s:25:\"previous_shipping_methods\";s:43:\"a:1:{i:0;a:1:{i:0;s:15:\"free_shipping:1\";}}\";s:23:\"chosen_shipping_methods\";s:33:\"a:1:{i:0;s:15:\"free_shipping:1\";}\";s:22:\"shipping_method_counts\";s:14:\"a:1:{i:0;i:1;}\";s:9:\"ppcp_fees\";s:6:\"a:0:{}\";s:10:\"wc_notices\";N;s:8:\"customer\";s:716:\"a:27:{s:2:\"id\";s:1:\"0\";s:13:\"date_modified\";s:0:\"\";s:8:\"postcode\";s:0:\"\";s:4:\"city\";s:0:\"\";s:9:\"address_1\";s:0:\"\";s:7:\"address\";s:0:\"\";s:9:\"address_2\";s:0:\"\";s:5:\"state\";s:0:\"\";s:7:\"country\";s:2:\"FR\";s:17:\"shipping_postcode\";s:0:\"\";s:13:\"shipping_city\";s:0:\"\";s:18:\"shipping_address_1\";s:0:\"\";s:16:\"shipping_address\";s:0:\"\";s:18:\"shipping_address_2\";s:0:\"\";s:14:\"shipping_state\";s:0:\"\";s:16:\"shipping_country\";s:2:\"FR\";s:13:\"is_vat_exempt\";s:0:\"\";s:19:\"calculated_shipping\";s:0:\"\";s:10:\"first_name\";s:0:\"\";s:9:\"last_name\";s:0:\"\";s:7:\"company\";s:0:\"\";s:5:\"phone\";s:0:\"\";s:5:\"email\";s:0:\"\";s:19:\"shipping_first_name\";s:0:\"\";s:18:\"shipping_last_name\";s:0:\"\";s:16:\"shipping_company\";s:0:\"\";s:14:\"shipping_phone\";s:0:\"\";}\";}',1677109878),(42299,'t_4f8f3e1e3e8867a11d6f9c04e6bb2f','a:15:{s:4:\"ppcp\";s:364:\"O:49:\"WooCommerce\\PayPalCommerce\\Session\\SessionHandler\":4:{s:56:\"\0WooCommerce\\PayPalCommerce\\Session\\SessionHandler\0order\";N;s:58:\"\0WooCommerce\\PayPalCommerce\\Session\\SessionHandler\0bn_code\";s:0:\"\";s:77:\"\0WooCommerce\\PayPalCommerce\\Session\\SessionHandler\0insufficient_funding_tries\";i:0;s:65:\"\0WooCommerce\\PayPalCommerce\\Session\\SessionHandler\0funding_source\";N;}\";s:24:\"ppcp_fraudnet_session_id\";s:32:\"bc4f6613d2763fc04345e008ce775e24\";s:4:\"cart\";s:448:\"a:1:{s:32:\"d7322ed717dedf1eb4e6e52a37ea7bcd\";a:11:{s:3:\"key\";s:32:\"d7322ed717dedf1eb4e6e52a37ea7bcd\";s:10:\"product_id\";i:1007;s:12:\"variation_id\";i:0;s:9:\"variation\";a:0:{}s:8:\"quantity\";i:1;s:9:\"data_hash\";s:32:\"b5c1d5ca8bae6d4896cf1807cdf763f0\";s:13:\"line_tax_data\";a:2:{s:8:\"subtotal\";a:1:{i:2;d:4.834;}s:5:\"total\";a:1:{i:2;d:4.834;}}s:13:\"line_subtotal\";d:24.17;s:17:\"line_subtotal_tax\";d:4.83;s:10:\"line_total\";d:24.17;s:8:\"line_tax\";d:4.83;}}\";s:11:\"cart_totals\";s:419:\"a:15:{s:8:\"subtotal\";s:5:\"24.17\";s:12:\"subtotal_tax\";d:4.83;s:14:\"shipping_total\";s:1:\"0\";s:12:\"shipping_tax\";i:0;s:14:\"shipping_taxes\";a:0:{}s:14:\"discount_total\";i:0;s:12:\"discount_tax\";i:0;s:19:\"cart_contents_total\";s:5:\"24.17\";s:17:\"cart_contents_tax\";d:4.83;s:19:\"cart_contents_taxes\";a:1:{i:2;d:4.83;}s:9:\"fee_total\";s:1:\"0\";s:7:\"fee_tax\";i:0;s:9:\"fee_taxes\";a:0:{}s:5:\"total\";s:5:\"29.00\";s:9:\"total_tax\";d:4.83;}\";s:15:\"applied_coupons\";s:6:\"a:0:{}\";s:22:\"coupon_discount_totals\";s:6:\"a:0:{}\";s:26:\"coupon_discount_tax_totals\";s:6:\"a:0:{}\";s:21:\"removed_cart_contents\";s:6:\"a:0:{}\";s:22:\"shipping_for_package_0\";s:450:\"a:2:{s:12:\"package_hash\";s:40:\"wc_ship_aa8310dcd0ebccd47b77f39c98cc4b2d\";s:5:\"rates\";a:1:{s:15:\"free_shipping:1\";O:16:\"WC_Shipping_Rate\":2:{s:7:\"\0*\0data\";a:6:{s:2:\"id\";s:15:\"free_shipping:1\";s:9:\"method_id\";s:13:\"free_shipping\";s:11:\"instance_id\";i:1;s:5:\"label\";s:18:\"Livraison gratuite\";s:4:\"cost\";s:4:\"0.00\";s:5:\"taxes\";a:0:{}}s:12:\"\0*\0meta_data\";a:1:{s:8:\"Articles\";s:68:\"Sonde de température CTN ECS adaptablede type ELM Leblanc &times; 1\";}}}}\";s:25:\"previous_shipping_methods\";s:43:\"a:1:{i:0;a:1:{i:0;s:15:\"free_shipping:1\";}}\";s:23:\"chosen_shipping_methods\";s:33:\"a:1:{i:0;s:15:\"free_shipping:1\";}\";s:22:\"shipping_method_counts\";s:14:\"a:1:{i:0;i:1;}\";s:9:\"ppcp_fees\";s:6:\"a:0:{}\";s:10:\"wc_notices\";N;s:8:\"customer\";s:716:\"a:27:{s:2:\"id\";s:1:\"0\";s:13:\"date_modified\";s:0:\"\";s:8:\"postcode\";s:0:\"\";s:4:\"city\";s:0:\"\";s:9:\"address_1\";s:0:\"\";s:7:\"address\";s:0:\"\";s:9:\"address_2\";s:0:\"\";s:5:\"state\";s:0:\"\";s:7:\"country\";s:2:\"FR\";s:17:\"shipping_postcode\";s:0:\"\";s:13:\"shipping_city\";s:0:\"\";s:18:\"shipping_address_1\";s:0:\"\";s:16:\"shipping_address\";s:0:\"\";s:18:\"shipping_address_2\";s:0:\"\";s:14:\"shipping_state\";s:0:\"\";s:16:\"shipping_country\";s:2:\"FR\";s:13:\"is_vat_exempt\";s:0:\"\";s:19:\"calculated_shipping\";s:0:\"\";s:10:\"first_name\";s:0:\"\";s:9:\"last_name\";s:0:\"\";s:7:\"company\";s:0:\"\";s:5:\"phone\";s:0:\"\";s:5:\"email\";s:0:\"\";s:19:\"shipping_first_name\";s:0:\"\";s:18:\"shipping_last_name\";s:0:\"\";s:16:\"shipping_company\";s:0:\"\";s:14:\"shipping_phone\";s:0:\"\";}\";}',1677109880),(42300,'t_193c3c7aee24be7884a6b4b312c047','a:15:{s:4:\"ppcp\";s:364:\"O:49:\"WooCommerce\\PayPalCommerce\\Session\\SessionHandler\":4:{s:56:\"\0WooCommerce\\PayPalCommerce\\Session\\SessionHandler\0order\";N;s:58:\"\0WooCommerce\\PayPalCommerce\\Session\\SessionHandler\0bn_code\";s:0:\"\";s:77:\"\0WooCommerce\\PayPalCommerce\\Session\\SessionHandler\0insufficient_funding_tries\";i:0;s:65:\"\0WooCommerce\\PayPalCommerce\\Session\\SessionHandler\0funding_source\";N;}\";s:24:\"ppcp_fraudnet_session_id\";s:32:\"c663156ed38183941f564c14588bbde7\";s:4:\"cart\";s:428:\"a:1:{s:32:\"fe2d010308a6b3799a3d9c728ee74244\";a:11:{s:3:\"key\";s:32:\"fe2d010308a6b3799a3d9c728ee74244\";s:10:\"product_id\";i:1200;s:12:\"variation_id\";i:0;s:9:\"variation\";a:0:{}s:8:\"quantity\";i:1;s:9:\"data_hash\";s:32:\"b5c1d5ca8bae6d4896cf1807cdf763f0\";s:13:\"line_tax_data\";a:2:{s:8:\"subtotal\";a:1:{i:2;d:3;}s:5:\"total\";a:1:{i:2;d:3;}}s:13:\"line_subtotal\";d:15;s:17:\"line_subtotal_tax\";d:3;s:10:\"line_total\";d:15;s:8:\"line_tax\";d:3;}}\";s:11:\"cart_totals\";s:401:\"a:15:{s:8:\"subtotal\";s:2:\"15\";s:12:\"subtotal_tax\";d:3;s:14:\"shipping_total\";s:1:\"0\";s:12:\"shipping_tax\";i:0;s:14:\"shipping_taxes\";a:0:{}s:14:\"discount_total\";i:0;s:12:\"discount_tax\";i:0;s:19:\"cart_contents_total\";s:2:\"15\";s:17:\"cart_contents_tax\";d:3;s:19:\"cart_contents_taxes\";a:1:{i:2;d:3;}s:9:\"fee_total\";s:1:\"0\";s:7:\"fee_tax\";i:0;s:9:\"fee_taxes\";a:0:{}s:5:\"total\";s:5:\"18.00\";s:9:\"total_tax\";d:3;}\";s:15:\"applied_coupons\";s:6:\"a:0:{}\";s:22:\"coupon_discount_totals\";s:6:\"a:0:{}\";s:26:\"coupon_discount_tax_totals\";s:6:\"a:0:{}\";s:21:\"removed_cart_contents\";s:6:\"a:0:{}\";s:22:\"shipping_for_package_0\";s:451:\"a:2:{s:12:\"package_hash\";s:40:\"wc_ship_f375a3cdd3341a2b7f4666630ef1c3ea\";s:5:\"rates\";a:1:{s:15:\"free_shipping:1\";O:16:\"WC_Shipping_Rate\":2:{s:7:\"\0*\0data\";a:6:{s:2:\"id\";s:15:\"free_shipping:1\";s:9:\"method_id\";s:13:\"free_shipping\";s:11:\"instance_id\";i:1;s:5:\"label\";s:18:\"Livraison gratuite\";s:4:\"cost\";s:4:\"0.00\";s:5:\"taxes\";a:0:{}}s:12:\"\0*\0meta_data\";a:1:{s:8:\"Articles\";s:69:\"Sonde de températureimmersion ITSadaptable de type CHAPPEE &times; 1\";}}}}\";s:25:\"previous_shipping_methods\";s:43:\"a:1:{i:0;a:1:{i:0;s:15:\"free_shipping:1\";}}\";s:23:\"chosen_shipping_methods\";s:33:\"a:1:{i:0;s:15:\"free_shipping:1\";}\";s:22:\"shipping_method_counts\";s:14:\"a:1:{i:0;i:1;}\";s:9:\"ppcp_fees\";s:6:\"a:0:{}\";s:10:\"wc_notices\";N;s:8:\"customer\";s:716:\"a:27:{s:2:\"id\";s:1:\"0\";s:13:\"date_modified\";s:0:\"\";s:8:\"postcode\";s:0:\"\";s:4:\"city\";s:0:\"\";s:9:\"address_1\";s:0:\"\";s:7:\"address\";s:0:\"\";s:9:\"address_2\";s:0:\"\";s:5:\"state\";s:0:\"\";s:7:\"country\";s:2:\"FR\";s:17:\"shipping_postcode\";s:0:\"\";s:13:\"shipping_city\";s:0:\"\";s:18:\"shipping_address_1\";s:0:\"\";s:16:\"shipping_address\";s:0:\"\";s:18:\"shipping_address_2\";s:0:\"\";s:14:\"shipping_state\";s:0:\"\";s:16:\"shipping_country\";s:2:\"FR\";s:13:\"is_vat_exempt\";s:0:\"\";s:19:\"calculated_shipping\";s:0:\"\";s:10:\"first_name\";s:0:\"\";s:9:\"last_name\";s:0:\"\";s:7:\"company\";s:0:\"\";s:5:\"phone\";s:0:\"\";s:5:\"email\";s:0:\"\";s:19:\"shipping_first_name\";s:0:\"\";s:18:\"shipping_last_name\";s:0:\"\";s:16:\"shipping_company\";s:0:\"\";s:14:\"shipping_phone\";s:0:\"\";}\";}',1677109884),(42301,'t_c23e16e8c568e1784c46d3d63fc02f','a:15:{s:4:\"ppcp\";s:364:\"O:49:\"WooCommerce\\PayPalCommerce\\Session\\SessionHandler\":4:{s:56:\"\0WooCommerce\\PayPalCommerce\\Session\\SessionHandler\0order\";N;s:58:\"\0WooCommerce\\PayPalCommerce\\Session\\SessionHandler\0bn_code\";s:0:\"\";s:77:\"\0WooCommerce\\PayPalCommerce\\Session\\SessionHandler\0insufficient_funding_tries\";i:0;s:65:\"\0WooCommerce\\PayPalCommerce\\Session\\SessionHandler\0funding_source\";N;}\";s:24:\"ppcp_fraudnet_session_id\";s:32:\"102886bd89a292d84ad063de24bbce8c\";s:4:\"cart\";s:428:\"a:1:{s:32:\"b8c37e33defde51cf91e1e03e51657da\";a:11:{s:3:\"key\";s:32:\"b8c37e33defde51cf91e1e03e51657da\";s:10:\"product_id\";i:1001;s:12:\"variation_id\";i:0;s:9:\"variation\";a:0:{}s:8:\"quantity\";i:1;s:9:\"data_hash\";s:32:\"b5c1d5ca8bae6d4896cf1807cdf763f0\";s:13:\"line_tax_data\";a:2:{s:8:\"subtotal\";a:1:{i:2;d:7;}s:5:\"total\";a:1:{i:2;d:7;}}s:13:\"line_subtotal\";d:35;s:17:\"line_subtotal_tax\";d:7;s:10:\"line_total\";d:35;s:8:\"line_tax\";d:7;}}\";s:11:\"cart_totals\";s:401:\"a:15:{s:8:\"subtotal\";s:2:\"35\";s:12:\"subtotal_tax\";d:7;s:14:\"shipping_total\";s:1:\"0\";s:12:\"shipping_tax\";i:0;s:14:\"shipping_taxes\";a:0:{}s:14:\"discount_total\";i:0;s:12:\"discount_tax\";i:0;s:19:\"cart_contents_total\";s:2:\"35\";s:17:\"cart_contents_tax\";d:7;s:19:\"cart_contents_taxes\";a:1:{i:2;d:7;}s:9:\"fee_total\";s:1:\"0\";s:7:\"fee_tax\";i:0;s:9:\"fee_taxes\";a:0:{}s:5:\"total\";s:5:\"42.00\";s:9:\"total_tax\";d:7;}\";s:15:\"applied_coupons\";s:6:\"a:0:{}\";s:22:\"coupon_discount_totals\";s:6:\"a:0:{}\";s:26:\"coupon_discount_tax_totals\";s:6:\"a:0:{}\";s:21:\"removed_cart_contents\";s:6:\"a:0:{}\";s:22:\"shipping_for_package_0\";s:443:\"a:2:{s:12:\"package_hash\";s:40:\"wc_ship_6e81afe2e68875d42d0993781aa66c9e\";s:5:\"rates\";a:1:{s:15:\"free_shipping:1\";O:16:\"WC_Shipping_Rate\":2:{s:7:\"\0*\0data\";a:6:{s:2:\"id\";s:15:\"free_shipping:1\";s:9:\"method_id\";s:13:\"free_shipping\";s:11:\"instance_id\";i:1;s:5:\"label\";s:18:\"Livraison gratuite\";s:4:\"cost\";s:4:\"0.00\";s:5:\"taxes\";a:0:{}}s:12:\"\0*\0meta_data\";a:1:{s:8:\"Articles\";s:61:\"Capteur de pression adaptable de type Saunier Duval &times; 1\";}}}}\";s:25:\"previous_shipping_methods\";s:43:\"a:1:{i:0;a:1:{i:0;s:15:\"free_shipping:1\";}}\";s:23:\"chosen_shipping_methods\";s:33:\"a:1:{i:0;s:15:\"free_shipping:1\";}\";s:22:\"shipping_method_counts\";s:14:\"a:1:{i:0;i:1;}\";s:9:\"ppcp_fees\";s:6:\"a:0:{}\";s:10:\"wc_notices\";N;s:8:\"customer\";s:716:\"a:27:{s:2:\"id\";s:1:\"0\";s:13:\"date_modified\";s:0:\"\";s:8:\"postcode\";s:0:\"\";s:4:\"city\";s:0:\"\";s:9:\"address_1\";s:0:\"\";s:7:\"address\";s:0:\"\";s:9:\"address_2\";s:0:\"\";s:5:\"state\";s:0:\"\";s:7:\"country\";s:2:\"FR\";s:17:\"shipping_postcode\";s:0:\"\";s:13:\"shipping_city\";s:0:\"\";s:18:\"shipping_address_1\";s:0:\"\";s:16:\"shipping_address\";s:0:\"\";s:18:\"shipping_address_2\";s:0:\"\";s:14:\"shipping_state\";s:0:\"\";s:16:\"shipping_country\";s:2:\"FR\";s:13:\"is_vat_exempt\";s:0:\"\";s:19:\"calculated_shipping\";s:0:\"\";s:10:\"first_name\";s:0:\"\";s:9:\"last_name\";s:0:\"\";s:7:\"company\";s:0:\"\";s:5:\"phone\";s:0:\"\";s:5:\"email\";s:0:\"\";s:19:\"shipping_first_name\";s:0:\"\";s:18:\"shipping_last_name\";s:0:\"\";s:16:\"shipping_company\";s:0:\"\";s:14:\"shipping_phone\";s:0:\"\";}\";}',1677109886),(42302,'t_01eaacfed395cf692c81939a598e79','a:15:{s:4:\"ppcp\";s:364:\"O:49:\"WooCommerce\\PayPalCommerce\\Session\\SessionHandler\":4:{s:56:\"\0WooCommerce\\PayPalCommerce\\Session\\SessionHandler\0order\";N;s:58:\"\0WooCommerce\\PayPalCommerce\\Session\\SessionHandler\0bn_code\";s:0:\"\";s:77:\"\0WooCommerce\\PayPalCommerce\\Session\\SessionHandler\0insufficient_funding_tries\";i:0;s:65:\"\0WooCommerce\\PayPalCommerce\\Session\\SessionHandler\0funding_source\";N;}\";s:24:\"ppcp_fraudnet_session_id\";s:32:\"104b36b4eb20dff776dabcb0a01b8ba1\";s:4:\"cart\";s:448:\"a:1:{s:32:\"aa68c75c4a77c87f97fb686b2f068676\";a:11:{s:3:\"key\";s:32:\"aa68c75c4a77c87f97fb686b2f068676\";s:10:\"product_id\";i:1003;s:12:\"variation_id\";i:0;s:9:\"variation\";a:0:{}s:8:\"quantity\";i:1;s:9:\"data_hash\";s:32:\"b5c1d5ca8bae6d4896cf1807cdf763f0\";s:13:\"line_tax_data\";a:2:{s:8:\"subtotal\";a:1:{i:2;d:6.666;}s:5:\"total\";a:1:{i:2;d:6.666;}}s:13:\"line_subtotal\";d:33.33;s:17:\"line_subtotal_tax\";d:6.67;s:10:\"line_total\";d:33.33;s:8:\"line_tax\";d:6.67;}}\";s:11:\"cart_totals\";s:419:\"a:15:{s:8:\"subtotal\";s:5:\"33.33\";s:12:\"subtotal_tax\";d:6.67;s:14:\"shipping_total\";s:1:\"0\";s:12:\"shipping_tax\";i:0;s:14:\"shipping_taxes\";a:0:{}s:14:\"discount_total\";i:0;s:12:\"discount_tax\";i:0;s:19:\"cart_contents_total\";s:5:\"33.33\";s:17:\"cart_contents_tax\";d:6.67;s:19:\"cart_contents_taxes\";a:1:{i:2;d:6.67;}s:9:\"fee_total\";s:1:\"0\";s:7:\"fee_tax\";i:0;s:9:\"fee_taxes\";a:0:{}s:5:\"total\";s:5:\"40.00\";s:9:\"total_tax\";d:6.67;}\";s:15:\"applied_coupons\";s:6:\"a:0:{}\";s:22:\"coupon_discount_totals\";s:6:\"a:0:{}\";s:26:\"coupon_discount_tax_totals\";s:6:\"a:0:{}\";s:21:\"removed_cart_contents\";s:6:\"a:0:{}\";s:22:\"shipping_for_package_0\";s:448:\"a:2:{s:12:\"package_hash\";s:40:\"wc_ship_0b505b164cc6e7e7a2ed6af6587a77a1\";s:5:\"rates\";a:1:{s:15:\"free_shipping:1\";O:16:\"WC_Shipping_Rate\":2:{s:7:\"\0*\0data\";a:6:{s:2:\"id\";s:15:\"free_shipping:1\";s:9:\"method_id\";s:13:\"free_shipping\";s:11:\"instance_id\";i:1;s:5:\"label\";s:18:\"Livraison gratuite\";s:4:\"cost\";s:4:\"0.00\";s:5:\"taxes\";a:0:{}}s:12:\"\0*\0meta_data\";a:1:{s:8:\"Articles\";s:66:\"Capteur de débit ISOFASTadaptable de type Saunier Duval &times; 1\";}}}}\";s:25:\"previous_shipping_methods\";s:43:\"a:1:{i:0;a:1:{i:0;s:15:\"free_shipping:1\";}}\";s:23:\"chosen_shipping_methods\";s:33:\"a:1:{i:0;s:15:\"free_shipping:1\";}\";s:22:\"shipping_method_counts\";s:14:\"a:1:{i:0;i:1;}\";s:9:\"ppcp_fees\";s:6:\"a:0:{}\";s:10:\"wc_notices\";N;s:8:\"customer\";s:716:\"a:27:{s:2:\"id\";s:1:\"0\";s:13:\"date_modified\";s:0:\"\";s:8:\"postcode\";s:0:\"\";s:4:\"city\";s:0:\"\";s:9:\"address_1\";s:0:\"\";s:7:\"address\";s:0:\"\";s:9:\"address_2\";s:0:\"\";s:5:\"state\";s:0:\"\";s:7:\"country\";s:2:\"FR\";s:17:\"shipping_postcode\";s:0:\"\";s:13:\"shipping_city\";s:0:\"\";s:18:\"shipping_address_1\";s:0:\"\";s:16:\"shipping_address\";s:0:\"\";s:18:\"shipping_address_2\";s:0:\"\";s:14:\"shipping_state\";s:0:\"\";s:16:\"shipping_country\";s:2:\"FR\";s:13:\"is_vat_exempt\";s:0:\"\";s:19:\"calculated_shipping\";s:0:\"\";s:10:\"first_name\";s:0:\"\";s:9:\"last_name\";s:0:\"\";s:7:\"company\";s:0:\"\";s:5:\"phone\";s:0:\"\";s:5:\"email\";s:0:\"\";s:19:\"shipping_first_name\";s:0:\"\";s:18:\"shipping_last_name\";s:0:\"\";s:16:\"shipping_company\";s:0:\"\";s:14:\"shipping_phone\";s:0:\"\";}\";}',1677109889),(42303,'t_d65c97e31a0fa6f3f8993af31c9902','a:15:{s:4:\"ppcp\";s:364:\"O:49:\"WooCommerce\\PayPalCommerce\\Session\\SessionHandler\":4:{s:56:\"\0WooCommerce\\PayPalCommerce\\Session\\SessionHandler\0order\";N;s:58:\"\0WooCommerce\\PayPalCommerce\\Session\\SessionHandler\0bn_code\";s:0:\"\";s:77:\"\0WooCommerce\\PayPalCommerce\\Session\\SessionHandler\0insufficient_funding_tries\";i:0;s:65:\"\0WooCommerce\\PayPalCommerce\\Session\\SessionHandler\0funding_source\";N;}\";s:24:\"ppcp_fraudnet_session_id\";s:32:\"50a45096025d778f12e4d9b2d25f1440\";s:4:\"cart\";s:446:\"a:1:{s:32:\"766d856ef1a6b02f93d894415e6bfa0e\";a:11:{s:3:\"key\";s:32:\"766d856ef1a6b02f93d894415e6bfa0e\";s:10:\"product_id\";i:1014;s:12:\"variation_id\";i:0;s:9:\"variation\";a:0:{}s:8:\"quantity\";i:1;s:9:\"data_hash\";s:32:\"b5c1d5ca8bae6d4896cf1807cdf763f0\";s:13:\"line_tax_data\";a:2:{s:8:\"subtotal\";a:1:{i:2;d:8.25;}s:5:\"total\";a:1:{i:2;d:8.25;}}s:13:\"line_subtotal\";d:41.25;s:17:\"line_subtotal_tax\";d:8.25;s:10:\"line_total\";d:41.25;s:8:\"line_tax\";d:8.25;}}\";s:11:\"cart_totals\";s:419:\"a:15:{s:8:\"subtotal\";s:5:\"41.25\";s:12:\"subtotal_tax\";d:8.25;s:14:\"shipping_total\";s:1:\"0\";s:12:\"shipping_tax\";i:0;s:14:\"shipping_taxes\";a:0:{}s:14:\"discount_total\";i:0;s:12:\"discount_tax\";i:0;s:19:\"cart_contents_total\";s:5:\"41.25\";s:17:\"cart_contents_tax\";d:8.25;s:19:\"cart_contents_taxes\";a:1:{i:2;d:8.25;}s:9:\"fee_total\";s:1:\"0\";s:7:\"fee_tax\";i:0;s:9:\"fee_taxes\";a:0:{}s:5:\"total\";s:5:\"49.50\";s:9:\"total_tax\";d:8.25;}\";s:15:\"applied_coupons\";s:6:\"a:0:{}\";s:22:\"coupon_discount_totals\";s:6:\"a:0:{}\";s:26:\"coupon_discount_tax_totals\";s:6:\"a:0:{}\";s:21:\"removed_cart_contents\";s:6:\"a:0:{}\";s:22:\"shipping_for_package_0\";s:445:\"a:2:{s:12:\"package_hash\";s:40:\"wc_ship_c16e7905b240753db1cf92554aaf03f2\";s:5:\"rates\";a:1:{s:15:\"free_shipping:1\";O:16:\"WC_Shipping_Rate\":2:{s:7:\"\0*\0data\";a:6:{s:2:\"id\";s:15:\"free_shipping:1\";s:9:\"method_id\";s:13:\"free_shipping\";s:11:\"instance_id\";i:1;s:5:\"label\";s:18:\"Livraison gratuite\";s:4:\"cost\";s:4:\"0.00\";s:5:\"taxes\";a:0:{}}s:12:\"\0*\0meta_data\";a:1:{s:8:\"Articles\";s:63:\"Sonde VITODENS PLUS LADENSadaptable de type Viessmann &times; 1\";}}}}\";s:25:\"previous_shipping_methods\";s:43:\"a:1:{i:0;a:1:{i:0;s:15:\"free_shipping:1\";}}\";s:23:\"chosen_shipping_methods\";s:33:\"a:1:{i:0;s:15:\"free_shipping:1\";}\";s:22:\"shipping_method_counts\";s:14:\"a:1:{i:0;i:1;}\";s:9:\"ppcp_fees\";s:6:\"a:0:{}\";s:10:\"wc_notices\";N;s:8:\"customer\";s:716:\"a:27:{s:2:\"id\";s:1:\"0\";s:13:\"date_modified\";s:0:\"\";s:8:\"postcode\";s:0:\"\";s:4:\"city\";s:0:\"\";s:9:\"address_1\";s:0:\"\";s:7:\"address\";s:0:\"\";s:9:\"address_2\";s:0:\"\";s:5:\"state\";s:0:\"\";s:7:\"country\";s:2:\"FR\";s:17:\"shipping_postcode\";s:0:\"\";s:13:\"shipping_city\";s:0:\"\";s:18:\"shipping_address_1\";s:0:\"\";s:16:\"shipping_address\";s:0:\"\";s:18:\"shipping_address_2\";s:0:\"\";s:14:\"shipping_state\";s:0:\"\";s:16:\"shipping_country\";s:2:\"FR\";s:13:\"is_vat_exempt\";s:0:\"\";s:19:\"calculated_shipping\";s:0:\"\";s:10:\"first_name\";s:0:\"\";s:9:\"last_name\";s:0:\"\";s:7:\"company\";s:0:\"\";s:5:\"phone\";s:0:\"\";s:5:\"email\";s:0:\"\";s:19:\"shipping_first_name\";s:0:\"\";s:18:\"shipping_last_name\";s:0:\"\";s:16:\"shipping_company\";s:0:\"\";s:14:\"shipping_phone\";s:0:\"\";}\";}',1677109893),(42304,'t_f0308f437d4e285a5bdc73502b6d7a','a:15:{s:4:\"ppcp\";s:364:\"O:49:\"WooCommerce\\PayPalCommerce\\Session\\SessionHandler\":4:{s:56:\"\0WooCommerce\\PayPalCommerce\\Session\\SessionHandler\0order\";N;s:58:\"\0WooCommerce\\PayPalCommerce\\Session\\SessionHandler\0bn_code\";s:0:\"\";s:77:\"\0WooCommerce\\PayPalCommerce\\Session\\SessionHandler\0insufficient_funding_tries\";i:0;s:65:\"\0WooCommerce\\PayPalCommerce\\Session\\SessionHandler\0funding_source\";N;}\";s:24:\"ppcp_fraudnet_session_id\";s:32:\"3b744710570128a36b4dc2cd8dd2037c\";s:4:\"cart\";s:443:\"a:1:{s:32:\"2bcab9d935d219641434683dd9d18a03\";a:11:{s:3:\"key\";s:32:\"2bcab9d935d219641434683dd9d18a03\";s:10:\"product_id\";i:995;s:12:\"variation_id\";i:0;s:9:\"variation\";a:0:{}s:8:\"quantity\";i:1;s:9:\"data_hash\";s:32:\"b5c1d5ca8bae6d4896cf1807cdf763f0\";s:13:\"line_tax_data\";a:2:{s:8:\"subtotal\";a:1:{i:2;d:10.5;}s:5:\"total\";a:1:{i:2;d:10.5;}}s:13:\"line_subtotal\";d:52.5;s:17:\"line_subtotal_tax\";d:10.5;s:10:\"line_total\";d:52.5;s:8:\"line_tax\";d:10.5;}}\";s:11:\"cart_totals\";s:417:\"a:15:{s:8:\"subtotal\";s:4:\"52.5\";s:12:\"subtotal_tax\";d:10.5;s:14:\"shipping_total\";s:1:\"0\";s:12:\"shipping_tax\";i:0;s:14:\"shipping_taxes\";a:0:{}s:14:\"discount_total\";i:0;s:12:\"discount_tax\";i:0;s:19:\"cart_contents_total\";s:4:\"52.5\";s:17:\"cart_contents_tax\";d:10.5;s:19:\"cart_contents_taxes\";a:1:{i:2;d:10.5;}s:9:\"fee_total\";s:1:\"0\";s:7:\"fee_tax\";i:0;s:9:\"fee_taxes\";a:0:{}s:5:\"total\";s:5:\"63.00\";s:9:\"total_tax\";d:10.5;}\";s:15:\"applied_coupons\";s:6:\"a:0:{}\";s:22:\"coupon_discount_totals\";s:6:\"a:0:{}\";s:26:\"coupon_discount_tax_totals\";s:6:\"a:0:{}\";s:21:\"removed_cart_contents\";s:6:\"a:0:{}\";s:22:\"shipping_for_package_0\";s:436:\"a:2:{s:12:\"package_hash\";s:40:\"wc_ship_8a789b27488ee215e30b5d9872a84f4f\";s:5:\"rates\";a:1:{s:15:\"free_shipping:1\";O:16:\"WC_Shipping_Rate\":2:{s:7:\"\0*\0data\";a:6:{s:2:\"id\";s:15:\"free_shipping:1\";s:9:\"method_id\";s:13:\"free_shipping\";s:11:\"instance_id\";i:1;s:5:\"label\";s:18:\"Livraison gratuite\";s:4:\"cost\";s:4:\"0.00\";s:5:\"taxes\";a:0:{}}s:12:\"\0*\0meta_data\";a:1:{s:8:\"Articles\";s:54:\"Vanne 3 voies Adaptable de typeSaunier Duval &times; 1\";}}}}\";s:25:\"previous_shipping_methods\";s:43:\"a:1:{i:0;a:1:{i:0;s:15:\"free_shipping:1\";}}\";s:23:\"chosen_shipping_methods\";s:33:\"a:1:{i:0;s:15:\"free_shipping:1\";}\";s:22:\"shipping_method_counts\";s:14:\"a:1:{i:0;i:1;}\";s:9:\"ppcp_fees\";s:6:\"a:0:{}\";s:10:\"wc_notices\";N;s:8:\"customer\";s:716:\"a:27:{s:2:\"id\";s:1:\"0\";s:13:\"date_modified\";s:0:\"\";s:8:\"postcode\";s:0:\"\";s:4:\"city\";s:0:\"\";s:9:\"address_1\";s:0:\"\";s:7:\"address\";s:0:\"\";s:9:\"address_2\";s:0:\"\";s:5:\"state\";s:0:\"\";s:7:\"country\";s:2:\"FR\";s:17:\"shipping_postcode\";s:0:\"\";s:13:\"shipping_city\";s:0:\"\";s:18:\"shipping_address_1\";s:0:\"\";s:16:\"shipping_address\";s:0:\"\";s:18:\"shipping_address_2\";s:0:\"\";s:14:\"shipping_state\";s:0:\"\";s:16:\"shipping_country\";s:2:\"FR\";s:13:\"is_vat_exempt\";s:0:\"\";s:19:\"calculated_shipping\";s:0:\"\";s:10:\"first_name\";s:0:\"\";s:9:\"last_name\";s:0:\"\";s:7:\"company\";s:0:\"\";s:5:\"phone\";s:0:\"\";s:5:\"email\";s:0:\"\";s:19:\"shipping_first_name\";s:0:\"\";s:18:\"shipping_last_name\";s:0:\"\";s:16:\"shipping_company\";s:0:\"\";s:14:\"shipping_phone\";s:0:\"\";}\";}',1677109899),(42305,'t_49df03c1e7c92c1dcde4116e4bdd4c','a:15:{s:4:\"ppcp\";s:364:\"O:49:\"WooCommerce\\PayPalCommerce\\Session\\SessionHandler\":4:{s:56:\"\0WooCommerce\\PayPalCommerce\\Session\\SessionHandler\0order\";N;s:58:\"\0WooCommerce\\PayPalCommerce\\Session\\SessionHandler\0bn_code\";s:0:\"\";s:77:\"\0WooCommerce\\PayPalCommerce\\Session\\SessionHandler\0insufficient_funding_tries\";i:0;s:65:\"\0WooCommerce\\PayPalCommerce\\Session\\SessionHandler\0funding_source\";N;}\";s:24:\"ppcp_fraudnet_session_id\";s:32:\"5666427320241f13f66ab2396e44fa6c\";s:4:\"cart\";s:446:\"a:1:{s:32:\"27ed0fb950b856b06e1273989422e7d3\";a:11:{s:3:\"key\";s:32:\"27ed0fb950b856b06e1273989422e7d3\";s:10:\"product_id\";i:1039;s:12:\"variation_id\";i:0;s:9:\"variation\";a:0:{}s:8:\"quantity\";i:1;s:9:\"data_hash\";s:32:\"b5c1d5ca8bae6d4896cf1807cdf763f0\";s:13:\"line_tax_data\";a:2:{s:8:\"subtotal\";a:1:{i:2;d:3.75;}s:5:\"total\";a:1:{i:2;d:3.75;}}s:13:\"line_subtotal\";d:18.75;s:17:\"line_subtotal_tax\";d:3.75;s:10:\"line_total\";d:18.75;s:8:\"line_tax\";d:3.75;}}\";s:11:\"cart_totals\";s:419:\"a:15:{s:8:\"subtotal\";s:5:\"18.75\";s:12:\"subtotal_tax\";d:3.75;s:14:\"shipping_total\";s:1:\"0\";s:12:\"shipping_tax\";i:0;s:14:\"shipping_taxes\";a:0:{}s:14:\"discount_total\";i:0;s:12:\"discount_tax\";i:0;s:19:\"cart_contents_total\";s:5:\"18.75\";s:17:\"cart_contents_tax\";d:3.75;s:19:\"cart_contents_taxes\";a:1:{i:2;d:3.75;}s:9:\"fee_total\";s:1:\"0\";s:7:\"fee_tax\";i:0;s:9:\"fee_taxes\";a:0:{}s:5:\"total\";s:5:\"22.50\";s:9:\"total_tax\";d:3.75;}\";s:15:\"applied_coupons\";s:6:\"a:0:{}\";s:22:\"coupon_discount_totals\";s:6:\"a:0:{}\";s:26:\"coupon_discount_tax_totals\";s:6:\"a:0:{}\";s:21:\"removed_cart_contents\";s:6:\"a:0:{}\";s:22:\"shipping_for_package_0\";s:425:\"a:2:{s:12:\"package_hash\";s:40:\"wc_ship_d724313658209c2905a68d90208349df\";s:5:\"rates\";a:1:{s:15:\"free_shipping:1\";O:16:\"WC_Shipping_Rate\":2:{s:7:\"\0*\0data\";a:6:{s:2:\"id\";s:15:\"free_shipping:1\";s:9:\"method_id\";s:13:\"free_shipping\";s:11:\"instance_id\";i:1;s:5:\"label\";s:18:\"Livraison gratuite\";s:4:\"cost\";s:4:\"0.00\";s:5:\"taxes\";a:0:{}}s:12:\"\0*\0meta_data\";a:1:{s:8:\"Articles\";s:43:\"Purgeur Adaptablede type Vaillant &times; 1\";}}}}\";s:25:\"previous_shipping_methods\";s:43:\"a:1:{i:0;a:1:{i:0;s:15:\"free_shipping:1\";}}\";s:23:\"chosen_shipping_methods\";s:33:\"a:1:{i:0;s:15:\"free_shipping:1\";}\";s:22:\"shipping_method_counts\";s:14:\"a:1:{i:0;i:1;}\";s:9:\"ppcp_fees\";s:6:\"a:0:{}\";s:10:\"wc_notices\";N;s:8:\"customer\";s:716:\"a:27:{s:2:\"id\";s:1:\"0\";s:13:\"date_modified\";s:0:\"\";s:8:\"postcode\";s:0:\"\";s:4:\"city\";s:0:\"\";s:9:\"address_1\";s:0:\"\";s:7:\"address\";s:0:\"\";s:9:\"address_2\";s:0:\"\";s:5:\"state\";s:0:\"\";s:7:\"country\";s:2:\"FR\";s:17:\"shipping_postcode\";s:0:\"\";s:13:\"shipping_city\";s:0:\"\";s:18:\"shipping_address_1\";s:0:\"\";s:16:\"shipping_address\";s:0:\"\";s:18:\"shipping_address_2\";s:0:\"\";s:14:\"shipping_state\";s:0:\"\";s:16:\"shipping_country\";s:2:\"FR\";s:13:\"is_vat_exempt\";s:0:\"\";s:19:\"calculated_shipping\";s:0:\"\";s:10:\"first_name\";s:0:\"\";s:9:\"last_name\";s:0:\"\";s:7:\"company\";s:0:\"\";s:5:\"phone\";s:0:\"\";s:5:\"email\";s:0:\"\";s:19:\"shipping_first_name\";s:0:\"\";s:18:\"shipping_last_name\";s:0:\"\";s:16:\"shipping_company\";s:0:\"\";s:14:\"shipping_phone\";s:0:\"\";}\";}',1677138199),(42306,'t_e6b811eb72087f215fa131a11eb949','a:15:{s:4:\"ppcp\";s:364:\"O:49:\"WooCommerce\\PayPalCommerce\\Session\\SessionHandler\":4:{s:56:\"\0WooCommerce\\PayPalCommerce\\Session\\SessionHandler\0order\";N;s:58:\"\0WooCommerce\\PayPalCommerce\\Session\\SessionHandler\0bn_code\";s:0:\"\";s:77:\"\0WooCommerce\\PayPalCommerce\\Session\\SessionHandler\0insufficient_funding_tries\";i:0;s:65:\"\0WooCommerce\\PayPalCommerce\\Session\\SessionHandler\0funding_source\";N;}\";s:24:\"ppcp_fraudnet_session_id\";s:32:\"542a3670f96cae6c69b9fedb9370af4e\";s:4:\"cart\";s:443:\"a:1:{s:32:\"ec5aa0b7846082a2415f0902f0da88f2\";a:11:{s:3:\"key\";s:32:\"ec5aa0b7846082a2415f0902f0da88f2\";s:10:\"product_id\";i:997;s:12:\"variation_id\";i:0;s:9:\"variation\";a:0:{}s:8:\"quantity\";i:1;s:9:\"data_hash\";s:32:\"b5c1d5ca8bae6d4896cf1807cdf763f0\";s:13:\"line_tax_data\";a:2:{s:8:\"subtotal\";a:1:{i:2;d:12.5;}s:5:\"total\";a:1:{i:2;d:12.5;}}s:13:\"line_subtotal\";d:62.5;s:17:\"line_subtotal_tax\";d:12.5;s:10:\"line_total\";d:62.5;s:8:\"line_tax\";d:12.5;}}\";s:11:\"cart_totals\";s:417:\"a:15:{s:8:\"subtotal\";s:4:\"62.5\";s:12:\"subtotal_tax\";d:12.5;s:14:\"shipping_total\";s:1:\"0\";s:12:\"shipping_tax\";i:0;s:14:\"shipping_taxes\";a:0:{}s:14:\"discount_total\";i:0;s:12:\"discount_tax\";i:0;s:19:\"cart_contents_total\";s:4:\"62.5\";s:17:\"cart_contents_tax\";d:12.5;s:19:\"cart_contents_taxes\";a:1:{i:2;d:12.5;}s:9:\"fee_total\";s:1:\"0\";s:7:\"fee_tax\";i:0;s:9:\"fee_taxes\";a:0:{}s:5:\"total\";s:5:\"75.00\";s:9:\"total_tax\";d:12.5;}\";s:15:\"applied_coupons\";s:6:\"a:0:{}\";s:22:\"coupon_discount_totals\";s:6:\"a:0:{}\";s:26:\"coupon_discount_tax_totals\";s:6:\"a:0:{}\";s:21:\"removed_cart_contents\";s:6:\"a:0:{}\";s:22:\"shipping_for_package_0\";s:441:\"a:2:{s:12:\"package_hash\";s:40:\"wc_ship_249a51e7f2b35c9d7c9c6d7797785c76\";s:5:\"rates\";a:1:{s:15:\"free_shipping:1\";O:16:\"WC_Shipping_Rate\":2:{s:7:\"\0*\0data\";a:6:{s:2:\"id\";s:15:\"free_shipping:1\";s:9:\"method_id\";s:13:\"free_shipping\";s:11:\"instance_id\";i:1;s:5:\"label\";s:18:\"Livraison gratuite\";s:4:\"cost\";s:4:\"0.00\";s:5:\"taxes\";a:0:{}}s:12:\"\0*\0meta_data\";a:1:{s:8:\"Articles\";s:59:\"Moteur Vanne 3 voies Adaptablede type ELM Leblanc &times; 1\";}}}}\";s:25:\"previous_shipping_methods\";s:43:\"a:1:{i:0;a:1:{i:0;s:15:\"free_shipping:1\";}}\";s:23:\"chosen_shipping_methods\";s:33:\"a:1:{i:0;s:15:\"free_shipping:1\";}\";s:22:\"shipping_method_counts\";s:14:\"a:1:{i:0;i:1;}\";s:9:\"ppcp_fees\";s:6:\"a:0:{}\";s:10:\"wc_notices\";N;s:8:\"customer\";s:716:\"a:27:{s:2:\"id\";s:1:\"0\";s:13:\"date_modified\";s:0:\"\";s:8:\"postcode\";s:0:\"\";s:4:\"city\";s:0:\"\";s:9:\"address_1\";s:0:\"\";s:7:\"address\";s:0:\"\";s:9:\"address_2\";s:0:\"\";s:5:\"state\";s:0:\"\";s:7:\"country\";s:2:\"FR\";s:17:\"shipping_postcode\";s:0:\"\";s:13:\"shipping_city\";s:0:\"\";s:18:\"shipping_address_1\";s:0:\"\";s:16:\"shipping_address\";s:0:\"\";s:18:\"shipping_address_2\";s:0:\"\";s:14:\"shipping_state\";s:0:\"\";s:16:\"shipping_country\";s:2:\"FR\";s:13:\"is_vat_exempt\";s:0:\"\";s:19:\"calculated_shipping\";s:0:\"\";s:10:\"first_name\";s:0:\"\";s:9:\"last_name\";s:0:\"\";s:7:\"company\";s:0:\"\";s:5:\"phone\";s:0:\"\";s:5:\"email\";s:0:\"\";s:19:\"shipping_first_name\";s:0:\"\";s:18:\"shipping_last_name\";s:0:\"\";s:16:\"shipping_company\";s:0:\"\";s:14:\"shipping_phone\";s:0:\"\";}\";}',1677138310),(42307,'2','a:2:{s:24:\"ppcp_fraudnet_session_id\";s:32:\"104bfc0984f2221e26b28fa41014583a\";s:4:\"ppcp\";s:364:\"O:49:\"WooCommerce\\PayPalCommerce\\Session\\SessionHandler\":4:{s:56:\"\0WooCommerce\\PayPalCommerce\\Session\\SessionHandler\0order\";N;s:58:\"\0WooCommerce\\PayPalCommerce\\Session\\SessionHandler\0bn_code\";s:0:\"\";s:77:\"\0WooCommerce\\PayPalCommerce\\Session\\SessionHandler\0insufficient_funding_tries\";i:0;s:65:\"\0WooCommerce\\PayPalCommerce\\Session\\SessionHandler\0funding_source\";N;}\";}',1677142881);

--
-- Table structure for table `wp_woocommerce_shipping_zone_locations`
--

CREATE TABLE `wp_woocommerce_shipping_zone_locations` (
  `location_id` bigint(20) unsigned NOT NULL AUTO_INCREMENT,
  `zone_id` bigint(20) unsigned NOT NULL,
  `location_code` varchar(200) COLLATE utf8mb4_unicode_520_ci NOT NULL,
  `location_type` varchar(40) COLLATE utf8mb4_unicode_520_ci NOT NULL,
  PRIMARY KEY (`location_id`),
  KEY `location_id` (`location_id`),
  KEY `location_type_code` (`location_type`(10),`location_code`(20))
) ENGINE=InnoDB AUTO_INCREMENT=32 DEFAULT CHARSET=utf8mb4 COLLATE=utf8mb4_unicode_520_ci;

--
-- Dumping data for table `wp_woocommerce_shipping_zone_locations`
--

INSERT INTO `wp_woocommerce_shipping_zone_locations` VALUES (30,1,'FR','country'),(31,2,'FR','country');

--
-- Table structure for table `wp_woocommerce_shipping_zone_methods`
--

CREATE TABLE `wp_woocommerce_shipping_zone_methods` (
  `zone_id` bigint(20) unsigned NOT NULL,
  `instance_id` bigint(20) unsigned NOT NULL AUTO_INCREMENT,
  `method_id` varchar(200) COLLATE utf8mb4_unicode_520_ci NOT NULL,
  `method_order` bigint(20) unsigned NOT NULL,
  `is_enabled` tinyint(1) NOT NULL DEFAULT '1',
  PRIMARY KEY (`instance_id`)
) ENGINE=InnoDB AUTO_INCREMENT=4 DEFAULT CHARSET=utf8mb4 COLLATE=utf8mb4_unicode_520_ci;

--
-- Dumping data for table `wp_woocommerce_shipping_zone_methods`
--

INSERT INTO `wp_woocommerce_shipping_zone_methods` VALUES (1,1,'free_shipping',1,1),(1,2,'flat_rate',2,0),(2,3,'free_shipping',1,1);

--
-- Table structure for table `wp_woocommerce_shipping_zones`
--

CREATE TABLE `wp_woocommerce_shipping_zones` (
  `zone_id` bigint(20) unsigned NOT NULL AUTO_INCREMENT,
  `zone_name` varchar(200) COLLATE utf8mb4_unicode_520_ci NOT NULL,
  `zone_order` bigint(20) unsigned NOT NULL,
  PRIMARY KEY (`zone_id`)
) ENGINE=InnoDB AUTO_INCREMENT=3 DEFAULT CHARSET=utf8mb4 COLLATE=utf8mb4_unicode_520_ci;

--
-- Dumping data for table `wp_woocommerce_shipping_zones`
--

INSERT INTO `wp_woocommerce_shipping_zones` VALUES (1,'France',0),(2,'France',0);

--
-- Table structure for table `wp_woocommerce_tax_rate_locations`
--

CREATE TABLE `wp_woocommerce_tax_rate_locations` (
  `location_id` bigint(20) unsigned NOT NULL AUTO_INCREMENT,
  `location_code` varchar(200) COLLATE utf8mb4_unicode_520_ci NOT NULL,
  `tax_rate_id` bigint(20) unsigned NOT NULL,
  `location_type` varchar(40) COLLATE utf8mb4_unicode_520_ci NOT NULL,
  PRIMARY KEY (`location_id`),
  KEY `tax_rate_id` (`tax_rate_id`),
  KEY `location_type_code` (`location_type`(10),`location_code`(20))
) ENGINE=InnoDB AUTO_INCREMENT=7 DEFAULT CHARSET=utf8mb4 COLLATE=utf8mb4_unicode_520_ci;

--
-- Dumping data for table `wp_woocommerce_tax_rate_locations`
--

INSERT INTO `wp_woocommerce_tax_rate_locations` VALUES (1,'46578',1,'postcode'),(2,'RTDYTFYTF',1,'city'),(5,'59200',2,'postcode'),(6,'TOURCOING',2,'city');

--
-- Table structure for table `wp_woocommerce_tax_rates`
--

CREATE TABLE `wp_woocommerce_tax_rates` (
  `tax_rate_id` bigint(20) unsigned NOT NULL AUTO_INCREMENT,
  `tax_rate_country` varchar(2) COLLATE utf8mb4_unicode_520_ci NOT NULL DEFAULT '',
  `tax_rate_state` varchar(200) COLLATE utf8mb4_unicode_520_ci NOT NULL DEFAULT '',
  `tax_rate` varchar(8) COLLATE utf8mb4_unicode_520_ci NOT NULL DEFAULT '',
  `tax_rate_name` varchar(200) COLLATE utf8mb4_unicode_520_ci NOT NULL DEFAULT '',
  `tax_rate_priority` bigint(20) unsigned NOT NULL,
  `tax_rate_compound` int(1) NOT NULL DEFAULT '0',
  `tax_rate_shipping` int(1) NOT NULL DEFAULT '1',
  `tax_rate_order` bigint(20) unsigned NOT NULL,
  `tax_rate_class` varchar(200) COLLATE utf8mb4_unicode_520_ci NOT NULL DEFAULT '',
  PRIMARY KEY (`tax_rate_id`),
  KEY `tax_rate_country` (`tax_rate_country`),
  KEY `tax_rate_state` (`tax_rate_state`(2)),
  KEY `tax_rate_class` (`tax_rate_class`(10)),
  KEY `tax_rate_priority` (`tax_rate_priority`)
) ENGINE=InnoDB AUTO_INCREMENT=3 DEFAULT CHARSET=utf8mb4 COLLATE=utf8mb4_unicode_520_ci;

--
-- Dumping data for table `wp_woocommerce_tax_rates`
--

INSERT INTO `wp_woocommerce_tax_rates` VALUES (1,'FR','','20.0000',' Tax',1,0,1,0,''),(2,'FR','','20.0000',' Tax',1,0,1,0,'');

--
-- Table structure for table `wp_wpforms_tasks_meta`
--

CREATE TABLE `wp_wpforms_tasks_meta` (
  `id` bigint(20) NOT NULL AUTO_INCREMENT,
  `action` varchar(255) COLLATE utf8mb4_unicode_520_ci NOT NULL,
  `data` longtext COLLATE utf8mb4_unicode_520_ci NOT NULL,
  `date` datetime NOT NULL,
  PRIMARY KEY (`id`)
) ENGINE=InnoDB AUTO_INCREMENT=75 DEFAULT CHARSET=utf8mb4 COLLATE=utf8mb4_unicode_520_ci;

--
-- Dumping data for table `wp_wpforms_tasks_meta`
--

INSERT INTO `wp_wpforms_tasks_meta` VALUES (2,'wpforms_admin_addons_cache_update','W10=','2022-02-21 09:15:13'),(4,'wpforms_admin_builder_templates_cache_update','W10=','2022-02-21 09:15:18'),(5,'wpforms_builder_help_cache_update','W10=','2022-02-21 09:15:19'),(31,'wpforms_process_forms_locator_scan','W10=','2022-05-17 08:30:07'),(33,'wpforms_admin_addons_cache_update','W10=','2023-01-17 00:11:41'),(34,'wpforms_admin_builder_templates_cache_update','W10=','2023-01-17 00:11:41'),(44,'wpforms_admin_addons_cache_update','W10=','2023-01-24 07:49:13'),(45,'wpforms_admin_builder_templates_cache_update','W10=','2023-01-24 07:49:13'),(51,'wpforms_admin_addons_cache_update','W10=','2023-01-31 08:10:29'),(52,'wpforms_admin_builder_templates_cache_update','W10=','2023-01-31 08:10:29'),(60,'wpforms_admin_addons_cache_update','W10=','2023-02-07 08:56:40'),(61,'wpforms_admin_builder_templates_cache_update','W10=','2023-02-07 08:56:40'),(65,'wpforms_admin_addons_cache_update','W10=','2023-02-14 09:31:49'),(66,'wpforms_admin_builder_templates_cache_update','W10=','2023-02-14 09:31:49');

--
-- Table structure for table `wp_wpmailsmtp_debug_events`
--

CREATE TABLE `wp_wpmailsmtp_debug_events` (
  `id` int(10) unsigned NOT NULL AUTO_INCREMENT,
  `content` text COLLATE utf8mb4_unicode_520_ci,
  `initiator` text COLLATE utf8mb4_unicode_520_ci,
  `event_type` tinyint(3) unsigned NOT NULL DEFAULT '0',
  `created_at` timestamp NOT NULL DEFAULT CURRENT_TIMESTAMP,
  PRIMARY KEY (`id`)
) ENGINE=InnoDB AUTO_INCREMENT=8 DEFAULT CHARSET=utf8mb4 COLLATE=utf8mb4_unicode_520_ci;

--
-- Dumping data for table `wp_wpmailsmtp_debug_events`
--

INSERT INTO `wp_wpmailsmtp_debug_events` VALUES (1,'Mailer: Autre SMTP\r\nSMTP Error: data not accepted.SMTP server error: DATA END command failed Detail: Mail quota exceeded for contact@logibrico.fr: You have exceeded the limit of 200 messages per hour and per account. Please, re-try later.\r\n SMTP code: 550 Additional SMTP info: 5.7.0','{\"file\":\"\\/home\\/logibrichx\\/www\\/wp-content\\/plugins\\/wp-mail-smtp\\/src\\/Admin\\/SetupWizard.php\",\"line\":1151}',0,'2022-02-21 08:28:39'),(2,'Mailer: Autre SMTP\r\nSMTP Error: data not accepted.SMTP server error: DATA END command failed Detail: Mail quota exceeded for contact@logibrico.fr: You have exceeded the limit of 200 messages per hour and per account. Please, re-try later.\r\n SMTP code: 550 Additional SMTP info: 5.7.0','{\"file\":\"\\/home\\/logibrichx\\/www\\/wp-content\\/plugins\\/wp-mail-smtp\\/src\\/Admin\\/Pages\\/TestTab.php\",\"line\":314}',0,'2022-02-21 08:28:46'),(3,'Mailer: Autre SMTP\r\nSMTP connect() failed. https://github.com/PHPMailer/PHPMailer/wiki/Troubleshooting','{\"file\":\"\\/home\\/logibrichx\\/www\\/wp-content\\/plugins\\/wp-mail-smtp\\/src\\/Admin\\/SetupWizard.php\",\"line\":1151}',0,'2022-02-21 08:33:15'),(4,'Mailer: Autre SMTP\r\nSMTP connect() failed. https://github.com/PHPMailer/PHPMailer/wiki/Troubleshooting','{\"file\":\"\\/home\\/logibrichx\\/www\\/wp-content\\/plugins\\/wp-mail-smtp\\/src\\/Admin\\/Pages\\/TestTab.php\",\"line\":314}',0,'2022-02-21 08:34:27'),(5,'Mailer: Other SMTP\r\nSMTP connect() failed. https://github.com/PHPMailer/PHPMailer/wiki/Troubleshooting','{\"file\":\"\\/home\\/logibrichx\\/www\\/wp-content\\/plugins\\/wpforms-lite\\/includes\\/emails\\/class-emails.php\",\"line\":408}',0,'2022-02-21 09:39:22'),(6,'Mailer: Other SMTP\r\nSMTP connect() failed. https://github.com/PHPMailer/PHPMailer/wiki/Troubleshooting','{\"file\":\"\\/home\\/logibrichx\\/www\\/wp-content\\/plugins\\/wpforms-lite\\/includes\\/emails\\/class-emails.php\",\"line\":408}',0,'2022-02-21 09:43:17'),(7,'Mailer: Other SMTP\r\nSMTP connect() failed. https://github.com/PHPMailer/PHPMailer/wiki/Troubleshooting','{\"file\":\"\\/home\\/logibrichx\\/www\\/wp-content\\/plugins\\/check-email\\/include\\/Core\\/UI\\/Page\\/Check_Email_Status_Page.php\",\"line\":143}',0,'2022-02-21 09:47:41');

--
