(484,'https://logibrico.fr/produit/purgeur-adaptable-de-type-vaillant-viessmann/','74:0e9c039ff5af494dc44e9983c2beac83',1039,'post','product',2,0,NULL,NULL,'Purgeur Adaptablede type Vaillant','publish',NULL,0,NULL,NULL,NULL,NULL,NULL,90,0,NULL,0,NULL,NULL,NULL,NULL,'https://logibrico.fr/wp-content/uploads/2022/05/purgeur-BD.png',NULL,'1041','featured-image',NULL,NULL,'https://logibrico.fr/wp-content/uploads/2022/05/purgeur-BD.png','1041','featured-image','{\"width\":350,\"height\":347,\"url\":\"https://logibrico.fr/wp-content/uploads/2022/05/purgeur-BD.png\",\"path\":\"/home/logibrichx/www/wp-content/uploads/2022/05/purgeur-BD.png\",\"size\":\"full\",\"id\":1041,\"alt\":\"\",\"pixels\":121450,\"type\":\"image/png\"}',1,NULL,NULL,'2022-05-03 14:49:02','2023-01-12 14:31:25',1,NULL,NULL,NULL,NULL,0,1,2,'2023-01-12 15:31:25','2022-05-03 14:49:02'),(485,'https://logibrico.fr/wp-content/uploads/2022/05/purgeur-2-BD.png','64:6ba6821b7a87eca7858a4509b76d6b23',1040,'post','attachment',2,1039,NULL,NULL,'purgeur 2 BD','inherit',NULL,0,NULL,NULL,NULL,NULL,NULL,0,0,NULL,0,NULL,NULL,NULL,NULL,'https://logibrico.fr/wp-content/uploads/2022/05/purgeur-2-BD.png',NULL,'1040','attachment-image',NULL,NULL,NULL,'1040','attachment-image',NULL,NULL,NULL,NULL,'2022-05-03 14:51:35','2022-05-05 12:15:16',1,NULL,NULL,NULL,NULL,1,NULL,2,'2022-05-03 14:51:35','2022-05-03 14:51:35'),(486,'https://logibrico.fr/wp-content/uploads/2022/05/purgeur-BD.png','62:dd948d2bada21a9266bbce93a38ddc32',1041,'post','attachment',2,1039,NULL,NULL,'purgeur BD','inherit',NULL,0,NULL,NULL,NULL,NULL,NULL,0,0,NULL,0,NULL,NULL,NULL,NULL,'https://logibrico.fr/wp-content/uploads/2022/05/purgeur-BD.png',NULL,'1041','attachment-image',NULL,NULL,NULL,'1041','attachment-image',NULL,NULL,NULL,NULL,'2022-05-03 14:51:39','2022-05-05 12:15:16',1,NULL,NULL,NULL,NULL,1,NULL,2,'2022-05-03 14:51:39','2022-05-03 14:51:39'),(487,'https://logibrico.fr/produit/tube-de-graisse-de-silicone-16-grs/','64:1619ef65cc1e5e9a6861af38888c4199',1042,'post','product',2,0,NULL,NULL,'Tube de Graisse de Silicone16 grs','publish',NULL,0,NULL,NULL,NULL,NULL,NULL,90,0,NULL,0,NULL,NULL,NULL,NULL,'https://logibrico.fr/wp-content/uploads/2022/05/graisse-de-silicone-BD.png',NULL,'1045','featured-image',NULL,NULL,'https://logibrico.fr/wp-content/uploads/2022/05/graisse-de-silicone-BD.png','1045','featured-image','{\"width\":350,\"height\":327,\"url\":\"https://logibrico.fr/wp-content/uploads/2022/05/graisse-de-silicone-BD.png\",\"path\":\"/home/logibrichx/www/wp-content/uploads/2022/05/graisse-de-silicone-BD.png\",\"size\":\"full\",\"id\":1045,\"alt\":\"\",\"pixels\":114450,\"type\":\"image/png\"}',1,NULL,NULL,'2022-05-05 12:17:24','2022-12-13 12:48:07',1,NULL,NULL,NULL,NULL,0,1,2,'2022-12-13 13:48:07','2022-05-05 12:17:24'),(488,'https://logibrico.fr/produit/kit-joint-de-couvercle-de-bruleur-adaptable-de-type-vaillant-saunier-duval/','104:7b1687aafbea5f5fa0c4da7720a688d8',1043,'post','product',2,0,NULL,NULL,'Kit joint de couvercle de bruleur Adaptablede type Vaillant &#038; Saunier Duval','publish',NULL,0,NULL,NULL,NULL,NULL,NULL,90,0,NULL,0,NULL,NULL,NULL,NULL,'https://logibrico.fr/wp-content/uploads/2022/05/Kit-joint-bruleur-BD.png',NULL,'1044','featured-image',NULL,NULL,'https://logibrico.fr/wp-content/uploads/2022/05/Kit-joint-bruleur-BD.png','1044','featured-image','{\"width\":350,\"height\":353,\"url\":\"https://logibrico.fr/wp-content/uploads/2022/05/Kit-joint-bruleur-BD.png\",\"path\":\"/home/logibrichx/www/wp-content/uploads/2022/05/Kit-joint-bruleur-BD.png\",\"size\":\"full\",\"id\":1044,\"alt\":\"\",\"pixels\":123550,\"type\":\"image/png\"}',1,NULL,NULL,'2022-05-05 12:45:53','2023-01-12 14:29:32',1,NULL,NULL,NULL,NULL,0,1,2,'2023-01-12 15:29:32','2022-05-05 12:45:53'),(489,'https://logibrico.fr/wp-content/uploads/2022/05/Kit-joint-bruleur-BD.png','72:d3def0caca862d5cac809a9e13885e45',1044,'post','attachment',2,1043,NULL,NULL,'Kit joint bruleur BD','inherit',NULL,0,NULL,NULL,NULL,NULL,NULL,0,0,NULL,0,NULL,NULL,NULL,NULL,'https://logibrico.fr/wp-content/uploads/2022/05/Kit-joint-bruleur-BD.png',NULL,'1044','attachment-image',NULL,NULL,NULL,'1044','attachment-image',NULL,NULL,NULL,NULL,'2022-05-05 12:48:22','2022-05-05 12:54:39',1,NULL,NULL,NULL,NULL,1,NULL,2,'2022-05-05 12:48:22','2022-05-05 12:48:22'),(490,'https://logibrico.fr/wp-content/uploads/2022/05/graisse-de-silicone-BD.png','74:e37f76793c86b60f1c73ba634cb8e2e5',1045,'post','attachment',2,1042,NULL,NULL,'graisse de silicone BD','inherit',NULL,0,NULL,NULL,NULL,NULL,NULL,0,0,NULL,0,NULL,NULL,NULL,NULL,'https://logibrico.fr/wp-content/uploads/2022/05/graisse-de-silicone-BD.png',NULL,'1045','attachment-image',NULL,NULL,NULL,'1045','attachment-image',NULL,NULL,NULL,NULL,'2022-05-05 13:12:52','2022-05-05 13:19:10',1,NULL,NULL,NULL,NULL,1,NULL,2,'2022-05-05 13:12:52','2022-05-05 13:12:52'),(491,'https://logibrico.fr/?post_type=product&p=1049','46:5a89814244c85d7e7e8e9cf8ee9be532',1049,'post','product',2,0,NULL,NULL,'Moteur de pompe BPE-G PWN Adaptable de Type GRUNDFOS','draft',0,0,NULL,NULL,NULL,NULL,NULL,90,0,NULL,0,NULL,NULL,NULL,NULL,'https://logibrico.fr/wp-content/uploads/2022/05/BPE-Motor.png',NULL,'1051','featured-image',NULL,NULL,'https://logibrico.fr/wp-content/uploads/2022/05/BPE-Motor.png','1051','featured-image','{\"width\":982,\"height\":929,\"url\":\"https://logibrico.fr/wp-content/uploads/2022/05/BPE-Motor.png\",\"path\":\"/home/logibrichx/www/wp-content/uploads/2022/05/BPE-Motor.png\",\"size\":\"full\",\"id\":1051,\"alt\":\"\",\"pixels\":912278,\"type\":\"image/png\"}',NULL,NULL,NULL,'2022-05-10 07:46:46','2022-05-10 05:53:48',1,NULL,NULL,NULL,NULL,0,1,2,'2022-05-10 07:53:48','2022-05-10 07:46:46'),(493,'https://logibrico.fr/wp-content/uploads/2022/05/BPE-Motor.png','61:a78c16e965a2884712de8b614a3f70d1',1051,'post','attachment',2,1049,NULL,NULL,'BPE Motor','inherit',NULL,0,0,NULL,NULL,NULL,NULL,0,0,NULL,0,NULL,NULL,NULL,NULL,'https://logibrico.fr/wp-content/uploads/2022/05/BPE-Motor.png',NULL,'1051','attachment-image',NULL,NULL,NULL,'1051','attachment-image',NULL,NULL,NULL,NULL,'2022-05-10 07:52:30','2022-05-10 05:52:30',1,NULL,NULL,NULL,NULL,1,NULL,2,'2022-05-10 07:52:30','2022-05-10 07:52:30'),(495,'https://logibrico.fr/wp-content/uploads/2022/04/Sonde-de-temperature-CTN-ECS-1.png','82:9c4080b60a0295b4f1917221081c0a27',1053,'post','attachment',2,1007,NULL,NULL,'Sonde de température CTN ECS','inherit',NULL,0,NULL,NULL,NULL,NULL,NULL,0,0,NULL,0,NULL,NULL,NULL,NULL,'https://logibrico.fr/wp-content/uploads/2022/04/Sonde-de-temperature-CTN-ECS-1.png',NULL,'1053','attachment-image',NULL,NULL,NULL,'1053','attachment-image',NULL,NULL,NULL,NULL,'2022-05-10 13:54:37','2022-05-10 11:54:37',1,NULL,NULL,NULL,NULL,1,NULL,2,'2022-05-10 13:54:37','2022-05-10 13:54:37'),(496,'https://logibrico.fr/wp-content/uploads/2022/04/Thermistance-Sur-CELTIC-1.png','77:6afad737abaab3935fc7282544da81f0',1054,'post','attachment',2,1005,NULL,NULL,'Thermistance Sur CELTIC','inherit',NULL,0,NULL,NULL,NULL,NULL,NULL,0,0,NULL,0,NULL,NULL,NULL,NULL,'https://logibrico.fr/wp-content/uploads/2022/04/Thermistance-Sur-CELTIC-1.png',NULL,'1054','attachment-image',NULL,NULL,NULL,'1054','attachment-image',NULL,NULL,NULL,NULL,'2022-05-10 13:57:37','2022-05-10 11:57:37',1,NULL,NULL,NULL,NULL,1,NULL,2,'2022-05-10 13:57:37','2022-05-10 13:57:37'),(497,'https://logibrico.fr/wp-content/uploads/2022/04/Capteur-de-pression-ISOFAST-ISOMAX2000-Ref.-S5720500-1.png','106:87168a66ef5917feef2163503d996e7f',1055,'post','attachment',2,1001,NULL,NULL,'Capteur de pression ISOFAST-ISOMAX2000 Réf. S5720500','inherit',NULL,0,NULL,NULL,NULL,NULL,NULL,0,0,NULL,0,NULL,NULL,NULL,NULL,'https://logibrico.fr/wp-content/uploads/2022/04/Capteur-de-pression-ISOFAST-ISOMAX2000-Ref.-S5720500-1.png',NULL,'1055','attachment-image',NULL,NULL,NULL,'1055','attachment-image',NULL,NULL,NULL,NULL,'2022-05-10 14:05:05','2022-05-10 12:05:05',1,NULL,NULL,NULL,NULL,1,NULL,2,'2022-05-10 14:05:05','2022-05-10 14:05:05'),(498,'https://logibrico.fr/wp-content/uploads/2022/04/Clapet-vanne-3-voies-BPE-W-PWM-FCI.png','86:6d4b271519ac6a65d10e563fa50812b5',1056,'post','attachment',2,999,NULL,NULL,'Clapet vanne 3 voies BPE-W PWM FCI','inherit',NULL,0,NULL,NULL,NULL,NULL,NULL,0,0,NULL,0,NULL,NULL,NULL,NULL,'https://logibrico.fr/wp-content/uploads/2022/04/Clapet-vanne-3-voies-BPE-W-PWM-FCI.png',NULL,'1056','attachment-image',NULL,NULL,NULL,'1056','attachment-image',NULL,NULL,NULL,NULL,'2022-05-10 14:55:42','2022-05-10 12:55:42',1,NULL,NULL,NULL,NULL,1,NULL,2,'2022-05-10 14:55:42','2022-05-10 14:55:42'),(499,'https://logibrico.fr/wp-content/uploads/2022/04/443-capteur-de-temperature-Sunier-Duval-BD.png','94:cdd48270158b2b8a4f81c723dbe3bd2a',1057,'post','attachment',2,1012,NULL,NULL,'443 capteur de température Sunier Duval BD','inherit',NULL,0,NULL,NULL,NULL,NULL,NULL,0,0,NULL,0,NULL,NULL,NULL,NULL,'https://logibrico.fr/wp-content/uploads/2022/04/443-capteur-de-temperature-Sunier-Duval-BD.png',NULL,'1057','attachment-image',NULL,NULL,NULL,'1057','attachment-image',NULL,NULL,NULL,NULL,'2022-05-10 14:59:57','2022-05-10 12:59:57',1,NULL,NULL,NULL,NULL,1,NULL,2,'2022-05-10 14:59:57','2022-05-10 14:59:57'),(500,'https://logibrico.fr/categorie-produit/accessoires-pour-chaudieres/sondes/','74:95846c176d92f4ff2b89390d0aa0a939',34,'term','product_cat',NULL,NULL,NULL,NULL,'Sondes',NULL,NULL,0,NULL,NULL,NULL,NULL,NULL,NULL,0,NULL,NULL,NULL,NULL,NULL,NULL,NULL,NULL,NULL,NULL,NULL,NULL,NULL,NULL,NULL,NULL,0,NULL,NULL,'2022-05-17 07:36:14','2023-01-12 14:35:31',1,NULL,NULL,NULL,NULL,1,NULL,2,'2023-01-12 15:35:31',NULL),(501,'https://logibrico.fr/categorie-produit/accessoires-pour-chaudieres/moteurs-de-pompes/','85:6014974ff3172af83c360d0ce027ffe6',35,'term','product_cat',NULL,NULL,NULL,NULL,'Moteurs de Pompes',NULL,NULL,0,NULL,NULL,NULL,NULL,NULL,NULL,0,NULL,NULL,NULL,NULL,NULL,NULL,NULL,NULL,NULL,NULL,NULL,NULL,NULL,NULL,NULL,NULL,0,NULL,NULL,'2022-05-17 07:39:43','2022-08-30 13:52:27',1,NULL,NULL,NULL,NULL,1,NULL,2,'2022-08-30 15:52:26',NULL),(503,'https://logibrico.fr/sondes/','28:cedbc906ed560ff64199910a66ffcb56',37,'term','category',NULL,NULL,NULL,NULL,'Sondes',NULL,NULL,0,NULL,NULL,NULL,NULL,NULL,NULL,0,NULL,NULL,NULL,NULL,NULL,NULL,NULL,NULL,NULL,NULL,NULL,NULL,NULL,NULL,NULL,NULL,0,NULL,NULL,'2022-05-17 08:22:30','2022-05-17 06:22:30',1,NULL,NULL,NULL,NULL,0,NULL,2,'2022-05-17 10:22:30',NULL),(518,'https://logibrico.fr/wp-content/uploads/2022/06/boutons-gris_Plan-de-travail-1.png','82:d2ecaf2c6e7f045626ad285c7729275b',1070,'post','attachment',2,14,NULL,NULL,'boutons-gris_Plan-de-travail-1','inherit',NULL,0,NULL,NULL,NULL,NULL,NULL,0,0,NULL,0,NULL,NULL,NULL,NULL,'https://logibrico.fr/wp-content/uploads/2022/06/boutons-gris_Plan-de-travail-1.png',NULL,'1070','attachment-image',NULL,NULL,NULL,'1070','attachment-image',NULL,NULL,0,NULL,'2022-06-09 14:08:06','2022-06-09 14:15:01',1,NULL,NULL,NULL,NULL,1,NULL,2,'2022-06-09 14:08:06','2022-06-09 14:08:06'),(519,'https://logibrico.fr/wp-content/uploads/2022/06/boutons-gris-livraison-gratuite-etc_Plan-de-travail-1.png','105:2050fe92326082fcf74729a5b8fcf730',1072,'post','attachment',2,14,NULL,NULL,'boutons gris livraison gratuite etc_Plan de travail 1','inherit',NULL,0,NULL,NULL,NULL,NULL,NULL,0,0,NULL,0,NULL,NULL,NULL,NULL,'https://logibrico.fr/wp-content/uploads/2022/06/boutons-gris-livraison-gratuite-etc_Plan-de-travail-1.png',NULL,'1072','attachment-image',NULL,NULL,NULL,'1072','attachment-image',NULL,NULL,1,NULL,'2022-06-09 14:13:59','2022-06-09 14:15:01',1,NULL,NULL,NULL,NULL,1,NULL,2,'2022-06-09 14:13:59','2022-06-09 14:13:59'),(557,'https://logibrico.fr/wp-content/uploads/2022/06/pub-salle-de-bain-def-01.png','76:01f327a80ed8bdf04a357aec14ff220f',1130,'post','attachment',2,14,NULL,NULL,'pub salle de bain def-01','inherit',NULL,0,NULL,NULL,NULL,NULL,NULL,0,0,NULL,0,NULL,NULL,NULL,NULL,'https://logibrico.fr/wp-content/uploads/2022/06/pub-salle-de-bain-def-01.png',NULL,'1130','attachment-image',NULL,NULL,NULL,'1130','attachment-image',NULL,NULL,NULL,NULL,'2022-06-16 12:23:45','2022-06-16 10:23:45',1,NULL,NULL,NULL,NULL,1,NULL,2,'2022-06-16 12:23:45','2022-06-16 12:23:45'),(559,'https://logibrico.fr/wp-content/uploads/2022/06/Slider-Logibrico-v2-echangeurs-01.png','85:20129b909adcb44a29c5f0d5039564e2',1134,'post','attachment',2,0,NULL,NULL,'Slider Logibrico v2 échangeurs-01','inherit',0,0,0,NULL,NULL,NULL,NULL,0,0,NULL,0,NULL,NULL,NULL,NULL,'https://logibrico.fr/wp-content/uploads/2022/06/Slider-Logibrico-v2-echangeurs-01.png',NULL,'1134','attachment-image',NULL,NULL,NULL,'1134','attachment-image',NULL,NULL,NULL,NULL,'2022-06-16 12:32:34','2022-06-16 10:32:34',1,NULL,NULL,NULL,NULL,0,NULL,2,'2022-06-16 12:32:34','2022-06-16 12:32:34'),(561,'https://logibrico.fr/wp-content/uploads/2022/06/Slider-Logibrico-v2-echangeurs-fb-01.png','88:ee1d3e49e5aa756c708fc499639c57ee',1136,'post','attachment',2,0,NULL,NULL,'Slider Logibrico v2 échangeurs fb-01','inherit',0,0,0,NULL,NULL,NULL,NULL,0,0,NULL,0,NULL,NULL,NULL,NULL,'https://logibrico.fr/wp-content/uploads/2022/06/Slider-Logibrico-v2-echangeurs-fb-01.png',NULL,'1136','attachment-image',NULL,NULL,NULL,'1136','attachment-image',NULL,NULL,1,NULL,'2022-06-16 12:38:12','2022-06-16 13:11:28',1,NULL,NULL,NULL,NULL,0,NULL,2,'2022-06-16 12:38:12','2022-06-16 12:38:12'),(562,'https://logibrico.fr/wp-content/uploads/2022/06/Slider-Logibrico-v2-echangeursatt-01.png','88:12c46d7714b336d8d8f1c88e386a6558',1137,'post','attachment',2,0,NULL,NULL,'Slider Logibrico v2 échangeursatt-01','inherit',0,0,0,NULL,NULL,NULL,NULL,0,0,NULL,0,NULL,NULL,NULL,NULL,'https://logibrico.fr/wp-content/uploads/2022/06/Slider-Logibrico-v2-echangeursatt-01.png',NULL,'1137','attachment-image',NULL,NULL,NULL,'1137','attachment-image',NULL,NULL,1,NULL,'2022-06-16 12:42:25','2022-06-16 13:11:28',1,NULL,NULL,NULL,NULL,0,NULL,2,'2022-06-16 12:42:25','2022-06-16 12:42:25'),(565,'https://logibrico.fr/wp-content/uploads/2022/06/pub-accessoires-01.png','70:33445adb27c2f9b97713b0f0e4f5c2f4',1141,'post','attachment',2,14,NULL,NULL,'pub accessoires-01','inherit',NULL,0,NULL,NULL,NULL,NULL,NULL,0,0,NULL,0,NULL,NULL,NULL,NULL,'https://logibrico.fr/wp-content/uploads/2022/06/pub-accessoires-01.png',NULL,'1141','attachment-image',NULL,NULL,NULL,'1141','attachment-image',NULL,NULL,NULL,NULL,'2022-06-16 13:28:14','2022-06-16 11:28:14',1,NULL,NULL,NULL,NULL,1,NULL,2,'2022-06-16 13:28:14','2022-06-16 13:28:14'),(580,'https://logibrico.fr/produit/smart-2borne-de-recharge-electrique-pour-voiture-avec-carte-rfid/','94:a5990686177d490526cddbb66b59a678',1184,'post','product',2,0,NULL,NULL,'SMART 2Borne de recharge AC pour voiture électrique avec carte RFID','publish',NULL,0,NULL,NULL,NULL,NULL,NULL,90,0,NULL,0,NULL,NULL,NULL,NULL,'https://logibrico.fr/wp-content/uploads/2021/07/borne-SMART.png',NULL,'399','featured-image',NULL,NULL,'https://logibrico.fr/wp-content/uploads/2021/07/borne-SMART.png','399','featured-image','{\"width\":400,\"height\":400,\"url\":\"https://logibrico.fr/wp-content/uploads/2021/07/borne-SMART.png\",\"path\":\"/home/logibrichx/www/wp-content/uploads/2021/07/borne-SMART.png\",\"size\":\"full\",\"id\":399,\"alt\":\"\",\"pixels\":160000,\"type\":\"image/png\"}',1,NULL,NULL,'2022-09-15 13:27:13','2022-10-06 10:57:23',1,NULL,NULL,NULL,NULL,0,1,2,'2022-10-06 12:57:23','2022-09-15 13:27:13'),(584,'https://logibrico.fr/produit/soupape-de-chauffage-adaptablede-type-saunier-duval/','81:aae69c1d719f7e3c42843f01d68a785b',1193,'post','product',2,0,NULL,NULL,'Soupape de chauffage adaptable 3Bde type Saunier Duval','publish',NULL,0,NULL,NULL,NULL,NULL,NULL,90,0,NULL,0,NULL,NULL,NULL,NULL,'https://logibrico.fr/wp-content/uploads/2022/12/Soupape-chauffage-3B.png',NULL,'1194','featured-image',NULL,NULL,'https://logibrico.fr/wp-content/uploads/2022/12/Soupape-chauffage-3B.png','1194','featured-image','{\"width\":884,\"height\":774,\"filesize\":507879,\"url\":\"https://logibrico.fr/wp-content/uploads/2022/12/Soupape-chauffage-3B.png\",\"path\":\"/home/logibrichx/www/wp-content/uploads/2022/12/Soupape-chauffage-3B.png\",\"size\":\"full\",\"id\":1194,\"alt\":\"\",\"pixels\":684216,\"type\":\"image/png\"}',1,NULL,NULL,'2022-12-01 09:49:17','2023-01-12 14:28:59',1,NULL,NULL,NULL,NULL,0,1,2,'2023-01-12 15:28:59','2022-12-01 09:49:17'),(585,'https://logibrico.fr/wp-content/uploads/2022/12/Soupape-chauffage-3B.png','72:4288caa088a42d601c60fcf56d329f50',1194,'post','attachment',2,1193,NULL,NULL,'Soupape chauffage 3B','inherit',NULL,0,NULL,NULL,NULL,NULL,NULL,0,0,NULL,0,NULL,NULL,NULL,NULL,'https://logibrico.fr/wp-content/uploads/2022/12/Soupape-chauffage-3B.png',NULL,'1194','attachment-image',NULL,NULL,NULL,'1194','attachment-image',NULL,NULL,NULL,NULL,'2022-12-01 10:08:01','2022-12-01 10:13:17',1,NULL,NULL,NULL,NULL,1,NULL,2,'2022-12-01 10:08:01','2022-12-01 10:08:01'),(586,'https://logibrico.fr/?post_type=product&p=1195','46:32b03a32d7ec514263569f3e1cb1a873',1195,'post','product',2,0,NULL,NULL,'Robinet de remplissage adaptablede type Saunier Duval','draft',0,0,NULL,NULL,NULL,NULL,NULL,90,0,NULL,0,NULL,NULL,NULL,NULL,'https://logibrico.fr/wp-content/uploads/2022/12/Robinet-de-remplissage-586.png',NULL,'1196','featured-image',NULL,NULL,'https://logibrico.fr/wp-content/uploads/2022/12/Robinet-de-remplissage-586.png','1196','featured-image','{\"width\":1134,\"height\":547,\"filesize\":438790,\"url\":\"https://logibrico.fr/wp-content/uploads/2022/12/Robinet-de-remplissage-586.png\",\"path\":\"/home/logibrichx/www/wp-content/uploads/2022/12/Robinet-de-remplissage-586.png\",\"size\":\"full\",\"id\":1196,\"alt\":\"\",\"pixels\":620298,\"type\":\"image/png\"}',1,NULL,NULL,'2022-12-01 10:21:12','2023-01-12 14:28:18',1,NULL,NULL,NULL,NULL,0,1,2,'2023-01-12 15:28:18','2022-12-01 10:21:12'),(587,'https://logibrico.fr/wp-content/uploads/2022/12/Robinet-de-remplissage-586.png','78:1c9d1e0bee7d37bd26753407cf9ad409',1196,'post','attachment',2,1195,NULL,NULL,'Robinet de remplissage -586','inherit',NULL,0,0,NULL,NULL,NULL,NULL,0,0,NULL,0,NULL,NULL,NULL,NULL,'https://logibrico.fr/wp-content/uploads/2022/12/Robinet-de-remplissage-586.png',NULL,'1196','attachment-image',NULL,NULL,NULL,'1196','attachment-image',NULL,NULL,NULL,NULL,'2022-12-01 10:27:33','2022-12-01 13:27:20',1,NULL,NULL,NULL,NULL,1,NULL,2,'2022-12-01 10:27:33','2022-12-01 10:27:33'),(588,'https://logibrico.fr/produit/soupape-de-chauffage-adaptablede-type-saunier-duval-copie/','87:41c87bd95aae812eb6069032348df0e3',1197,'post','product',2,0,NULL,NULL,'Soupape de Sécurité adaptablede type ARISTON','publish',NULL,0,NULL,NULL,NULL,NULL,NULL,90,0,NULL,0,NULL,NULL,NULL,NULL,'https://logibrico.fr/wp-content/uploads/2022/12/00608.png',NULL,'1198','featured-image',NULL,NULL,'https://logibrico.fr/wp-content/uploads/2022/12/00608.png','1198','featured-image','{\"width\":1731,\"height\":1448,\"filesize\":1724360,\"url\":\"https://logibrico.fr/wp-content/uploads/2022/12/00608.png\",\"path\":\"/home/logibrichx/www/wp-content/uploads/2022/12/00608.png\",\"size\":\"full\",\"id\":1198,\"alt\":\"\",\"pixels\":2506488,\"type\":\"image/png\"}',1,NULL,NULL,'2022-12-01 10:31:53','2023-01-12 14:27:25',1,NULL,NULL,NULL,NULL,0,1,2,'2023-01-12 15:27:24','2022-12-01 10:31:53'),(589,'https://logibrico.fr/wp-content/uploads/2022/12/00608.png','57:9cda1f0a5664e16ce3a77527176d18c3',1198,'post','attachment',2,1197,NULL,NULL,'00608','inherit',NULL,0,NULL,NULL,NULL,NULL,NULL,0,0,NULL,0,NULL,NULL,NULL,NULL,'https://logibrico.fr/wp-content/uploads/2022/12/00608.png',NULL,'1198','attachment-image',NULL,NULL,NULL,'1198','attachment-image',NULL,NULL,NULL,NULL,'2022-12-01 10:36:12','2022-12-01 10:36:36',1,NULL,NULL,NULL,NULL,1,NULL,2,'2022-12-01 10:36:12','2022-12-01 10:36:12'),(590,'https://logibrico.fr/produit/sonde-de-temperatureimmersion-its-adaptablede-type-chappee/','88:23024ca25b23dd76debc2426233075b7',1200,'post','product',2,0,NULL,NULL,'Sonde de températureimmersion ITSadaptable de type CHAPPEE','publish',NULL,0,NULL,NULL,NULL,NULL,NULL,90,0,NULL,0,NULL,NULL,NULL,NULL,'https://logibrico.fr/wp-content/uploads/2022/12/00610.jpg',NULL,'1201','featured-image',NULL,NULL,'https://logibrico.fr/wp-content/uploads/2022/12/00610.jpg','1201','featured-image','{\"width\":1219,\"height\":638,\"filesize\":83153,\"url\":\"https://logibrico.fr/wp-content/uploads/2022/12/00610.jpg\",\"path\":\"/home/logibrichx/www/wp-content/uploads/2022/12/00610.jpg\",\"size\":\"full\",\"id\":1201,\"alt\":\"\",\"pixels\":777722,\"type\":\"image/jpeg\"}',1,NULL,NULL,'2022-12-01 10:51:49','2023-01-12 14:26:48',1,NULL,NULL,NULL,NULL,0,1,2,'2023-01-12 15:26:47','2022-12-01 10:51:49'),(591,'https://logibrico.fr/wp-content/uploads/2022/12/00610.jpg','57:90e00523f8b5e901af9fb420ac91fb48',1201,'post','attachment',2,1200,NULL,NULL,'00610','inherit',NULL,0,NULL,NULL,NULL,NULL,NULL,0,0,NULL,0,NULL,NULL,NULL,NULL,'https://logibrico.fr/wp-content/uploads/2022/12/00610.jpg',NULL,'1201','attachment-image',NULL,NULL,NULL,'1201','attachment-image',NULL,NULL,NULL,NULL,'2022-12-01 10:54:39','2022-12-01 11:01:44',1,NULL,NULL,NULL,NULL,1,NULL,2,'2022-12-01 10:54:39','2022-12-01 10:54:39'),(594,'https://logibrico.fr/wp-content/uploads/2022/04/sonde-0040.png','62:c9d252f972a0d54ce1eac7d71498a911',1204,'post','attachment',2,1007,NULL,NULL,'sonde 0040','inherit',NULL,0,NULL,NULL,NULL,NULL,NULL,0,0,NULL,0,NULL,NULL,NULL,NULL,'https://logibrico.fr/wp-content/uploads/2022/04/sonde-0040.png',NULL,'1204','attachment-image',NULL,NULL,NULL,'1204','attachment-image',NULL,NULL,NULL,NULL,'2022-12-01 14:51:31','2022-12-01 13:51:31',1,NULL,NULL,NULL,NULL,1,NULL,2,'2022-12-01 14:51:31','2022-12-01 14:51:31'),(595,'https://logibrico.fr/categorie-produit/accessoires-pour-chaudieres/soupapes/','76:5c9dd9694dfc8e846503232852801d8a',38,'term','product_cat',NULL,NULL,NULL,NULL,'Soupapes',NULL,NULL,0,NULL,NULL,NULL,NULL,NULL,NULL,0,NULL,NULL,NULL,NULL,NULL,NULL,NULL,NULL,NULL,NULL,NULL,NULL,NULL,NULL,NULL,NULL,0,NULL,NULL,'2022-12-01 15:21:42','2022-12-01 14:21:42',1,NULL,NULL,NULL,NULL,1,NULL,2,'2022-12-01 16:21:42',NULL),(596,'https://logibrico.fr/categorie-produit/accessoires-pour-chaudieres/vannes/','74:571e4d2b44bafe08f9141754602edaab',39,'term','product_cat',NULL,NULL,NULL,NULL,'Vannes',NULL,NULL,0,NULL,NULL,NULL,NULL,NULL,NULL,0,NULL,NULL,NULL,NULL,NULL,NULL,NULL,NULL,NULL,NULL,NULL,NULL,NULL,NULL,NULL,NULL,0,NULL,NULL,'2022-12-01 15:22:08','2022-12-13 15:38:16',1,NULL,NULL,NULL,NULL,1,NULL,2,'2022-12-13 16:38:16',NULL),(597,'https://logibrico.fr/?mailpoet_page=subscriptions','49:27f7a78f9051ad88c7a38ab66457db38',796,'post','mailpoet_page',1,0,NULL,NULL,'Page MailPoet','publish',NULL,0,NULL,NULL,NULL,NULL,NULL,0,0,NULL,0,NULL,NULL,NULL,NULL,NULL,NULL,NULL,NULL,NULL,NULL,NULL,NULL,NULL,NULL,0,NULL,NULL,'2022-12-13 14:26:55','2022-12-13 13:26:55',1,NULL,NULL,NULL,NULL,0,NULL,2,'2021-10-19 12:51:26','2021-10-19 12:51:26'),(599,'https://logibrico.fr/wp-content/uploads/2022/04/437-capteur-de-pression-isofast-BD.png','86:ddd7e8086d97376d54e482f3197cf012',1207,'post','attachment',2,1001,NULL,NULL,'437 capteur de pression isofast BD','inherit',NULL,0,NULL,NULL,NULL,NULL,NULL,0,0,NULL,0,NULL,NULL,NULL,NULL,'https://logibrico.fr/wp-content/uploads/2022/04/437-capteur-de-pression-isofast-BD.png',NULL,'1207','attachment-image',NULL,NULL,NULL,'1207','attachment-image',NULL,NULL,NULL,NULL,'2022-12-13 16:28:35','2022-12-13 15:28:35',1,NULL,NULL,NULL,NULL,1,NULL,2,'2022-12-13 16:28:35','2022-12-13 16:28:35');

--
-- Table structure for table `wp_yoast_indexable_hierarchy`
--

CREATE TABLE `wp_yoast_indexable_hierarchy` (
  `indexable_id` int(11) unsigned NOT NULL DEFAULT '0',
  `ancestor_id` int(11) unsigned NOT NULL DEFAULT '0',
  `depth` int(11) unsigned DEFAULT NULL,
  `blog_id` bigint(20) NOT NULL DEFAULT '1',
  PRIMARY KEY (`indexable_id`,`ancestor_id`),
  KEY `indexable_id` (`indexable_id`),
  KEY `ancestor_id` (`ancestor_id`),
  KEY `depth` (`depth`)
) ENGINE=InnoDB DEFAULT CHARSET=utf8mb4 COLLATE=utf8mb4_unicode_520_ci;

--
-- Dumping data for table `wp_yoast_indexable_hierarchy`
--

INSERT INTO `wp_yoast_indexable_hierarchy` VALUES (2,0,0,1),(4,0,0,1),(5,4,1,1),(6,0,0,1),(7,0,0,1),(8,0,0,1),(9,0,0,1),(10,0,0,1),(11,0,0,1),(12,0,0,1),(13,0,0,1),(14,0,0,1),(15,0,0,1),(16,0,0,1),(17,0,0,1),(18,0,0,1),(19,0,0,1),(29,0,0,1),(30,29,1,1),(31,29,1,1),(32,29,1,1),(33,29,1,1),(34,0,0,1),(36,0,0,1),(37,36,1,1),(40,36,1,1),(41,0,0,1),(42,41,1,1),(43,0,0,1),(44,43,1,1),(45,34,1,1),(46,0,0,1),(47,46,1,1),(48,46,1,1),(49,46,1,1),(50,0,0,1),(51,50,1,1),(56,34,1,1),(57,34,1,1),(58,34,1,1),(59,34,1,1),(60,34,1,1),(61,34,1,1),(62,34,1,1),(63,34,1,1),(64,34,1,1),(65,34,1,1),(66,0,0,1),(67,66,1,1),(68,0,0,1),(69,68,1,1),(70,0,0,1),(71,70,1,1),(73,36,1,1),(74,0,0,1),(75,74,1,1),(76,74,1,1),(77,0,0,1),(78,77,1,1),(79,0,0,1),(80,79,1,1),(81,0,0,1),(82,81,1,1),(83,0,0,1),(84,83,1,1),(85,0,0,1),(86,85,1,1),(87,0,0,1),(88,87,1,1),(89,87,1,1),(90,87,1,1),(91,87,1,1),(92,87,1,1),(93,0,0,1),(94,93,1,1),(95,93,1,1),(149,0,0,1),(150,149,1,1),(152,0,0,1),(153,152,1,1),(156,0,0,1),(157,156,1,1),(158,0,0,1),(159,158,1,1),(160,158,1,1),(161,158,1,1),(162,158,1,1),(163,0,0,1),(164,163,1,1),(165,163,1,1),(166,163,1,1),(167,0,0,1),(168,167,1,1),(169,167,1,1),(170,167,1,1),(171,0,0,1),(172,171,1,1),(173,0,0,1),(174,173,1,1),(175,173,1,1),(176,173,1,1),(177,0,0,1),(178,177,1,1),(179,177,1,1),(180,0,0,1),(181,180,1,1),(182,180,1,1),(183,180,1,1),(184,180,1,1),(185,180,1,1),(186,0,0,1),(187,186,1,1),(188,186,1,1),(189,186,1,1),(190,186,1,1),(191,0,0,1),(192,191,1,1),(193,191,1,1),(194,191,1,1),(195,191,1,1),(196,191,1,1),(197,0,0,1),(198,197,1,1),(199,197,1,1),(200,197,1,1),(201,0,0,1),(205,0,0,1),(206,205,1,1),(207,205,1,1),(208,205,1,1),(211,0,0,1),(212,211,1,1),(213,211,1,1),(214,0,0,1),(215,214,1,1),(216,214,1,1),(217,0,0,1),(218,217,1,1),(219,217,1,1),(220,217,1,1),(221,217,1,1),(222,217,1,1),(223,217,1,1),(228,0,0,1),(229,228,1,1),(230,228,1,1),(231,228,1,1),(232,228,1,1),(233,0,0,1),(234,233,1,1),(235,233,1,1),(236,0,0,1),(237,236,1,1),(238,0,0,1),(239,238,1,1),(240,238,1,1),(241,0,0,1),(242,241,1,1),(243,241,1,1),(244,0,0,1),(245,244,1,1),(246,244,1,1),(247,244,1,1),(248,244,1,1),(249,244,1,1),(250,0,0,1),(251,250,1,1),(252,250,1,1),(253,250,1,1),(254,250,1,1),(255,250,1,1),(256,0,0,1),(257,256,1,1),(258,256,1,1),(259,256,1,1),(260,256,1,1),(267,0,0,1),(268,0,0,1),(269,268,1,1),(270,268,1,1),(271,268,1,1),(272,268,1,1),(273,0,0,1),(274,273,1,1),(275,273,1,1),(276,273,1,1),(277,273,1,1),(278,273,1,1),(279,273,1,1),(280,273,1,1),(281,0,0,1),(282,281,1,1),(283,281,1,1),(284,281,1,1),(285,281,1,1),(286,0,0,1),(287,286,1,1),(288,286,1,1),(289,286,1,1),(290,286,1,1),(291,286,1,1),(292,286,1,1),(293,286,1,1),(294,286,1,1),(295,286,1,1),(296,0,0,1),(297,296,1,1),(298,0,0,1),(299,298,1,1),(300,298,1,1),(301,298,1,1),(302,296,1,1),(303,298,1,1),(305,0,0,1),(306,305,1,1),(307,46,1,1),(308,149,1,1),(309,156,1,1),(310,167,1,1),(311,167,1,1),(312,167,1,1),(313,0,0,1),(314,313,1,1),(315,0,0,1),(316,315,1,1),(317,0,0,1),(318,317,1,1),(319,317,1,1),(320,0,0,1),(321,320,1,1),(322,320,1,1),(323,320,1,1),(324,320,1,1),(325,320,1,1),(326,320,1,1),(327,320,1,1),(334,4,1,1),(335,4,1,1),(336,0,0,1),(337,336,1,1),(338,336,1,1),(339,336,1,1),(340,336,1,1),(341,336,1,1),(342,0,0,1),(343,342,1,1),(345,342,1,1),(346,336,1,1),(347,0,0,1),(348,347,1,1),(349,347,1,1),(350,347,1,1),(351,0,0,1),(352,351,1,1),(353,351,1,1),(354,351,1,1),(355,351,1,1),(358,4,1,1),(363,4,1,1),(364,4,1,1),(365,0,0,1),(366,365,1,1),(367,365,1,1),(368,365,1,1),(373,0,0,1),(374,0,0,1),(375,0,0,1),(376,0,0,1),(377,0,0,1),(378,0,0,1),(379,0,0,1),(380,0,0,1),(381,0,0,1),(382,0,0,1),(383,0,0,1),(384,0,0,1),(385,0,0,1),(386,0,0,1),(387,0,0,1),(388,0,0,1),(389,0,0,1),(390,0,0,1),(391,0,0,1),(392,0,0,1),(393,0,0,1),(394,0,0,1),(395,0,0,1),(396,0,0,1),(397,0,0,1),(398,0,0,1),(399,0,0,1),(400,0,0,1),(401,0,0,1),(402,0,0,1),(403,0,0,1),(404,0,0,1),(405,0,0,1),(406,0,0,1),(407,0,0,1),(409,0,0,1),(411,0,0,1),(423,0,0,1),(434,403,1,1),(437,0,0,1),(438,437,1,1),(439,0,0,1),(440,0,0,1),(441,0,0,1),(442,0,0,1),(443,442,1,1),(444,0,0,1),(449,0,0,1),(451,449,1,1),(452,0,0,1),(453,452,1,1),(454,0,0,1),(455,0,0,1),(456,455,1,1),(457,0,0,1),(459,0,0,1),(460,459,1,1),(461,0,0,1),(463,0,0,1),(464,463,1,1),(465,0,0,1),(467,0,0,1),(469,0,0,1),(471,469,1,1),(472,0,0,1),(474,0,0,1),(477,474,1,1),(479,457,1,1),(480,455,1,1),(481,455,1,1),(482,463,1,1),(483,457,1,1),(484,0,0,1),(485,484,1,1),(486,484,1,1),(487,0,0,1),(488,0,0,1),(489,488,1,1),(490,487,1,1),(491,0,0,1),(495,467,1,1),(496,465,1,1),(497,461,1,1),(498,459,1,1),(499,472,1,1),(500,444,1,1),(501,444,1,1),(503,0,0,1),(518,4,1,1),(519,4,1,1),(557,4,1,1),(559,0,0,1),(561,0,0,1),(562,0,0,1),(565,4,1,1),(580,0,0,1),(584,0,0,1),(586,0,0,1),(588,0,0,1),(590,0,0,1),(595,444,1,1),(596,444,1,1),(597,0,0,1);

--
-- Table structure for table `wp_yoast_migrations`
--

CREATE TABLE `wp_yoast_migrations` (
  `id` int(11) unsigned NOT NULL AUTO_INCREMENT,
  `version` varchar(191) COLLATE utf8mb4_unicode_520_ci DEFAULT NULL,
  PRIMARY KEY (`id`),
  UNIQUE KEY `wp_yoast_migrations_version` (`version`)
) ENGINE=InnoDB AUTO_INCREMENT=24 DEFAULT CHARSET=utf8mb4 COLLATE=utf8mb4_unicode_520_ci;

--
-- Dumping data for table `wp_yoast_migrations`
--

INSERT INTO `wp_yoast_migrations` VALUES (1,'20171228151840'),(2,'20171228151841'),(3,'20190529075038'),(4,'20191011111109'),(5,'20200408101900'),(6,'20200420073606'),(7,'20200428123747'),(8,'20200428194858'),(9,'20200429105310'),(10,'20200430075614'),(11,'20200430150130'),(12,'20200507054848'),(13,'20200513133401'),(14,'20200609154515'),(15,'20200616130143'),(16,'20200617122511'),(17,'20200702141921'),(18,'20200728095334'),(19,'20201202144329'),(20,'20201216124002'),(21,'20201216141134'),(22,'20210817092415'),(23,'20211020091404');

--
-- Table structure for table `wp_yoast_primary_term`
--

CREATE TABLE `wp_yoast_primary_term` (
  `id` int(11) unsigned NOT NULL AUTO_INCREMENT,
  `post_id` bigint(20) DEFAULT NULL,
  `term_id` bigint(20) DEFAULT NULL,
  `taxonomy` varchar(32) COLLATE utf8mb4_unicode_520_ci NOT NULL,
  `created_at` datetime DEFAULT NULL,
  `updated_at` timestamp NOT NULL DEFAULT CURRENT_TIMESTAMP ON UPDATE CURRENT_TIMESTAMP,
  `blog_id` bigint(20) NOT NULL DEFAULT '1',
  PRIMARY KEY (`id`),
  KEY `post_taxonomy` (`post_id`,`taxonomy`),
  KEY `post_term` (`post_id`,`term_id`)
) ENGINE=InnoDB AUTO_INCREMENT=30 DEFAULT CHARSET=utf8mb4 COLLATE=utf8mb4_unicode_520_ci;

--
-- Dumping data for table `wp_yoast_primary_term`
--

INSERT INTO `wp_yoast_primary_term` VALUES (1,983,33,'product_cat','2022-04-05 08:49:32','2022-08-30 13:51:23',1),(2,989,33,'product_cat','2022-04-05 09:08:31','2022-08-30 13:51:56',1),(3,992,35,'product_cat','2022-04-05 09:30:07','2022-06-21 07:43:55',1),(4,994,33,'product_cat','2022-04-05 09:45:58','2022-08-30 13:52:27',1),(5,995,33,'product_cat','2022-04-05 12:21:44','2022-12-13 15:38:16',1),(6,997,33,'product_cat','2022-04-05 13:10:47','2023-01-12 14:43:22',1),(7,999,33,'product_cat','2022-04-05 13:27:26','2022-05-10 12:55:53',1),(8,1001,33,'product_cat','2022-04-05 14:11:38','2023-01-12 14:41:24',1),(9,1003,33,'product_cat','2022-04-05 14:29:11','2023-01-12 14:41:00',1),(10,1005,34,'product_cat','2022-04-05 14:48:29','2023-01-12 14:35:31',1),(11,1007,34,'product_cat','2022-04-05 15:16:38','2023-01-12 14:35:08',1),(12,1009,34,'product_cat','2022-04-05 15:32:20','2023-01-12 14:34:34',1),(13,1012,33,'product_cat','2022-04-05 15:42:42','2023-01-12 14:32:39',1),(14,1014,34,'product_cat','2022-04-07 06:50:25','2022-12-13 12:42:18',1),(15,1039,33,'product_cat','2022-05-03 14:49:07','2023-01-12 14:31:25',1),(16,1042,33,'product_cat','2022-05-05 12:17:29','2022-12-13 12:48:07',1),(17,1043,33,'product_cat','2022-05-05 12:45:58','2023-01-12 14:29:32',1),(18,1049,33,'product_cat','2022-05-10 07:46:51','2022-05-10 05:53:48',1),(20,300,20,'product_cat','2022-06-14 08:48:32','2022-07-04 13:25:02',1),(21,431,20,'product_cat','2022-06-14 08:52:14','2022-07-04 13:28:04',1),(22,618,23,'product_cat','2022-06-14 08:53:34','2022-12-13 12:53:39',1),(23,615,23,'product_cat','2022-06-14 08:55:30','2022-12-13 12:53:12',1),(24,620,23,'product_cat','2022-06-14 08:57:33','2022-12-13 12:54:02',1),(25,921,15,'product_cat','2022-06-14 08:58:27','2022-06-14 06:58:27',1),(26,1193,34,'product_cat','2022-12-01 09:49:18','2023-01-12 14:28:59',1),(27,1195,34,'product_cat','2022-12-01 10:21:13','2023-01-12 14:28:18',1),(28,1197,34,'product_cat','2022-12-01 10:31:55','2023-01-12 14:27:25',1),(29,1200,34,'product_cat','2022-12-01 10:51:50','2023-01-12 14:26:48',1);

--
-- Table structure for table `wp_yoast_seo_links`
--

CREATE TABLE `wp_yoast_seo_links` (
  `id` bigint(20) unsigned NOT NULL AUTO_INCREMENT,
  `url` varchar(255) DEFAULT NULL,
  `post_id` bigint(20) unsigned DEFAULT NULL,
  `target_post_id` bigint(20) unsigned DEFAULT NULL,
  `type` varchar(8) DEFAULT NULL,
  `indexable_id` int(11) unsigned DEFAULT NULL,
  `target_indexable_id` int(11) unsigned DEFAULT NULL,
  `height` int(11) unsigned DEFAULT NULL,
  `width` int(11) unsigned DEFAULT NULL,
  `size` int(11) unsigned DEFAULT NULL,
  `language` varchar(32) DEFAULT NULL,
  `region` varchar(32) DEFAULT NULL,
  PRIMARY KEY (`id`),
  KEY `link_direction` (`post_id`,`type`),
  KEY `indexable_link_direction` (`indexable_id`,`type`)
) ENGINE=InnoDB AUTO_INCREMENT=447 DEFAULT CHARSET=utf8;

--
-- Dumping data for table `wp_yoast_seo_links`
--

INSERT INTO `wp_yoast_seo_links` VALUES (1,'http://logibrico.fr/wp-admin/',2,NULL,'internal',373,NULL,NULL,NULL,NULL,NULL,NULL),(13,'https://logibrico.fr/wp-content/plugins/wpforms-lite/assets/images/submit-spin.svg',948,NULL,'image-in',380,NULL,NULL,NULL,NULL,NULL,NULL),(14,'https://logibrico.fr/wp-content/plugins/CDurteste/pdf/000001.pdf',58,NULL,'internal',29,NULL,NULL,NULL,NULL,NULL,NULL),(15,'https://logibrico.fr/wp-content/plugins/CDurteste/images/ce.png',58,NULL,'image-in',29,NULL,NULL,NULL,NULL,NULL,NULL),(16,'https://logibrico.fr/wp-content/plugins/CDurteste/images/rohs.png',58,NULL,'image-in',29,NULL,NULL,NULL,NULL,NULL,NULL),(17,'https://logibrico.fr/wp-content/plugins/CDurteste/images/ip65.png',58,NULL,'image-in',29,NULL,NULL,NULL,NULL,NULL,NULL),(18,'https://logibrico.fr/wp-content/plugins/CDurteste/images/a3.png',58,NULL,'image-in',29,NULL,NULL,NULL,NULL,NULL,NULL),(19,'https://logibrico.fr/wp-content/plugins/CDurteste/pdf/omni.pdf',214,NULL,'internal',34,NULL,NULL,NULL,NULL,NULL,NULL),(20,'https://logibrico.fr/wp-content/plugins/CDurteste/pdf/omni.pdf',222,NULL,'internal',43,NULL,NULL,NULL,NULL,NULL,NULL),(21,'https://logibrico.fr/wp-content/plugins/CDurteste/pdf/omni.pdf',224,NULL,'internal',41,NULL,NULL,NULL,NULL,NULL,NULL),(22,'https://logibrico.fr/wp-content/plugins/CDurteste/pdf/omni.pdf',226,NULL,'internal',36,NULL,NULL,NULL,NULL,NULL,NULL),(23,'https://logibrico.fr/wp-content/plugins/CDurteste/pdf/fiche',236,NULL,'internal',46,NULL,NULL,NULL,NULL,NULL,NULL),(24,'https://logibrico.fr/wp-content/plugins/CDurteste/images/ce.png',236,NULL,'image-in',46,NULL,NULL,NULL,NULL,NULL,NULL),(25,'https://logibrico.fr/wp-content/plugins/CDurteste/images/rohs.png',236,NULL,'image-in',46,NULL,NULL,NULL,NULL,NULL,NULL),(26,'https://logibrico.fr/wp-content/plugins/CDurteste/images/ip65.png',236,NULL,'image-in',46,NULL,NULL,NULL,NULL,NULL,NULL),(27,'https://logibrico.fr/wp-content/plugins/CDurteste/images/a3.png',236,NULL,'image-in',46,NULL,NULL,NULL,NULL,NULL,NULL),(28,'https://logibrico.fr/wp-content/plugins/CDurteste/pdf/omni.pdf',242,NULL,'internal',50,NULL,NULL,NULL,NULL,NULL,NULL),(29,'https://logibrico.fr/wp-content/plugins/CDurteste/pdf/omni.pdf',263,NULL,'internal',66,NULL,NULL,NULL,NULL,NULL,NULL),(30,'https://logibrico.fr/wp-content/plugins/CDurteste/pdf/omni.pdf',268,NULL,'internal',68,NULL,NULL,NULL,NULL,NULL,NULL),(31,'https://logibrico.fr/wp-content/plugins/CDurteste/pdf/omni.pdf',270,NULL,'internal',70,NULL,NULL,NULL,NULL,NULL,NULL),(32,'https://logibrico.fr/wp-content/plugins/CDurteste/pdf/omni.pdf',280,NULL,'internal',74,NULL,NULL,NULL,NULL,NULL,NULL),(33,'https://logibrico.fr/wp-content/plugins/CDurteste/pdf/omni.pdf',283,NULL,'internal',77,NULL,NULL,NULL,NULL,NULL,NULL),(34,'https://logibrico.fr/wp-content/plugins/CDurteste/pdf/omni.pdf',285,NULL,'internal',79,NULL,NULL,NULL,NULL,NULL,NULL),(35,'https://logibrico.fr/wp-content/plugins/CDurteste/pdf/omni.pdf',287,NULL,'internal',81,NULL,NULL,NULL,NULL,NULL,NULL),(36,'https://logibrico.fr/wp-content/plugins/CDurteste/pdf/omni.pdf',289,NULL,'internal',83,NULL,NULL,NULL,NULL,NULL,NULL),(37,'https://logibrico.fr/wp-content/plugins/CDurteste/pdf/omni.pdf',291,NULL,'internal',85,NULL,NULL,NULL,NULL,NULL,NULL),(38,'https://logibrico.fr/wp-content/plugins/CDurteste/pdf/omni.pdf',293,NULL,'internal',381,NULL,NULL,NULL,NULL,NULL,NULL),(39,'https://logibrico.fr/wp-content/plugins/CDurteste/pdf/boitier',300,NULL,'internal',87,NULL,NULL,NULL,NULL,NULL,NULL),(40,'https://logibrico.fr/wp-content/plugins/CDurteste/images/ce.png',300,NULL,'image-in',87,NULL,NULL,NULL,NULL,NULL,NULL),(41,'https://logibrico.fr/wp-content/plugins/CDurteste/images/ip65.png',300,NULL,'image-in',87,NULL,NULL,NULL,NULL,NULL,NULL),(42,'https://logibrico.fr/wp-content/plugins/CDurteste/pdf/applique',306,NULL,'internal',93,NULL,NULL,NULL,NULL,NULL,NULL),(43,'https://logibrico.fr/wp-content/plugins/CDurteste/images/ce.png',306,NULL,'image-in',93,NULL,NULL,NULL,NULL,NULL,NULL),(44,'https://logibrico.fr/wp-content/plugins/CDurteste/images/rohs.png',306,NULL,'image-in',93,NULL,NULL,NULL,NULL,NULL,NULL),(45,'https://logibrico.fr/wp-content/plugins/CDurteste/images/ip65.png',306,NULL,'image-in',93,NULL,NULL,NULL,NULL,NULL,NULL),(46,'https://logibrico.fr/wp-content/plugins/CDurteste/images/a3.png',306,NULL,'image-in',93,NULL,NULL,NULL,NULL,NULL,NULL),(47,'https://logibrico.fr/wp-content/plugins/CDurteste/pdf/fiche',363,NULL,'internal',152,NULL,NULL,NULL,NULL,NULL,NULL),(48,'https://logibrico.fr/wp-content/plugins/CDurteste/images/ce.png',363,NULL,'image-in',152,NULL,NULL,NULL,NULL,NULL,NULL),(49,'https://logibrico.fr/wp-content/plugins/CDurteste/images/rohs.png',363,NULL,'image-in',152,NULL,NULL,NULL,NULL,NULL,NULL),(50,'https://logibrico.fr/wp-content/plugins/CDurteste/images/ip65.png',363,NULL,'image-in',152,NULL,NULL,NULL,NULL,NULL,NULL),(51,'https://logibrico.fr/wp-content/plugins/CDurteste/images/a3.png',363,NULL,'image-in',152,NULL,NULL,NULL,NULL,NULL,NULL),(52,'https://logibrico.fr/wp-content/plugins/CDurteste/pdf/fiche',366,NULL,'internal',149,NULL,NULL,NULL,NULL,NULL,NULL),(53,'https://logibrico.fr/wp-content/plugins/CDurteste/images/ce.png',366,NULL,'image-in',149,NULL,NULL,NULL,NULL,NULL,NULL),(54,'https://logibrico.fr/wp-content/plugins/CDurteste/images/rohs.png',366,NULL,'image-in',149,NULL,NULL,NULL,NULL,NULL,NULL),(55,'https://logibrico.fr/wp-content/plugins/CDurteste/images/ip65.png',366,NULL,'image-in',149,NULL,NULL,NULL,NULL,NULL,NULL),(56,'https://logibrico.fr/wp-content/plugins/CDurteste/images/a2.png',366,NULL,'image-in',149,NULL,NULL,NULL,NULL,NULL,NULL),(57,'https://logibrico.fr/wp-content/plugins/CDurteste/pdf/fiche',374,NULL,'internal',156,NULL,NULL,NULL,NULL,NULL,NULL),(58,'https://logibrico.fr/wp-content/plugins/CDurteste/images/ce.png',374,NULL,'image-in',156,NULL,NULL,NULL,NULL,NULL,NULL),(59,'https://logibrico.fr/wp-content/plugins/CDurteste/images/rohs.png',374,NULL,'image-in',156,NULL,NULL,NULL,NULL,NULL,NULL),(60,'https://logibrico.fr/wp-content/plugins/CDurteste/images/ip65.png',374,NULL,'image-in',156,NULL,NULL,NULL,NULL,NULL,NULL),(61,'https://logibrico.fr/wp-content/plugins/CDurteste/images/a.png',374,NULL,'image-in',156,NULL,NULL,NULL,NULL,NULL,NULL),(62,'https://logibrico.fr/wp-content/plugins/CDurteste/pdf/Projecteur',376,NULL,'internal',158,NULL,NULL,NULL,NULL,NULL,NULL),(63,'https://logibrico.fr/wp-content/plugins/CDurteste/images/ce.png',376,NULL,'image-in',158,NULL,NULL,NULL,NULL,NULL,NULL),(64,'https://logibrico.fr/wp-content/plugins/CDurteste/images/rohs.png',376,NULL,'image-in',158,NULL,NULL,NULL,NULL,NULL,NULL),(65,'https://logibrico.fr/wp-content/plugins/CDurteste/images/ip65.png',376,NULL,'image-in',158,NULL,NULL,NULL,NULL,NULL,NULL),(66,'https://logibrico.fr/wp-content/plugins/CDurteste/images/a1.png',376,NULL,'image-in',158,NULL,NULL,NULL,NULL,NULL,NULL),(67,'https://logibrico.fr/wp-content/plugins/CDurteste/pdf/000001.pdf',382,NULL,'internal',382,NULL,NULL,NULL,NULL,NULL,NULL),(68,'https://logibrico.fr/wp-content/plugins/CDurteste/images/ce.png',382,NULL,'image-in',382,NULL,NULL,NULL,NULL,NULL,NULL),(69,'https://logibrico.fr/wp-content/plugins/CDurteste/images/rohs.png',382,NULL,'image-in',382,NULL,NULL,NULL,NULL,NULL,NULL),(70,'https://logibrico.fr/wp-content/plugins/CDurteste/images/ip65.png',382,NULL,'image-in',382,NULL,NULL,NULL,NULL,NULL,NULL),(71,'https://logibrico.fr/wp-content/plugins/CDurteste/images/a2.png',382,NULL,'image-in',382,NULL,NULL,NULL,NULL,NULL,NULL),(72,'https://logibrico.fr/wp-content/plugins/CDurteste/pdf/000001.pdf',384,NULL,'internal',383,NULL,NULL,NULL,NULL,NULL,NULL),(73,'https://logibrico.fr/wp-content/plugins/CDurteste/images/ce.png',384,NULL,'image-in',383,NULL,NULL,NULL,NULL,NULL,NULL),(74,'https://logibrico.fr/wp-content/plugins/CDurteste/images/rohs.png',384,NULL,'image-in',383,NULL,NULL,NULL,NULL,NULL,NULL),(75,'https://logibrico.fr/wp-content/plugins/CDurteste/images/ip65.png',384,NULL,'image-in',383,NULL,NULL,NULL,NULL,NULL,NULL),(76,'https://logibrico.fr/wp-content/plugins/CDurteste/images/a2.png',384,NULL,'image-in',383,NULL,NULL,NULL,NULL,NULL,NULL),(77,'https://logibrico.fr/wp-content/plugins/CDurteste/pdf/000001.pdf',385,NULL,'internal',163,NULL,NULL,NULL,NULL,NULL,NULL),(78,'https://logibrico.fr/wp-content/plugins/CDurteste/images/ce.png',385,NULL,'image-in',163,NULL,NULL,NULL,NULL,NULL,NULL),(79,'https://logibrico.fr/wp-content/plugins/CDurteste/pdf/000001.pdf',390,NULL,'internal',384,NULL,NULL,NULL,NULL,NULL,NULL),(80,'https://logibrico.fr/wp-content/plugins/CDurteste/images/ce.png',390,NULL,'image-in',384,NULL,NULL,NULL,NULL,NULL,NULL),(81,'https://logibrico.fr/wp-content/plugins/CDurteste/pdf/000001.pdf',391,NULL,'internal',167,NULL,NULL,NULL,NULL,NULL,NULL),(82,'https://logibrico.fr/wp-content/plugins/CDurteste/images/ce.png',391,NULL,'image-in',167,NULL,NULL,NULL,NULL,NULL,NULL),(83,'https://logibrico.fr/wp-content/plugins/CDurteste/images/rohs.png',391,NULL,'image-in',167,NULL,NULL,NULL,NULL,NULL,NULL),(84,'https://logibrico.fr/wp-content/plugins/CDurteste/images/ip65.png',391,NULL,'image-in',167,NULL,NULL,NULL,NULL,NULL,NULL),(85,'https://logibrico.fr/wp-content/plugins/CDurteste/pdf/000001.pdf',395,NULL,'internal',171,NULL,NULL,NULL,NULL,NULL,NULL),(86,'https://logibrico.fr/wp-content/plugins/CDurteste/images/ce.png',395,NULL,'image-in',171,NULL,NULL,NULL,NULL,NULL,NULL),(87,'https://logibrico.fr/wp-content/plugins/CDurteste/images/rohs.png',395,NULL,'image-in',171,NULL,NULL,NULL,NULL,NULL,NULL),(88,'https://logibrico.fr/wp-content/plugins/CDurteste/images/ip65.png',395,NULL,'image-in',171,NULL,NULL,NULL,NULL,NULL,NULL),(89,'https://logibrico.fr/wp-content/plugins/CDurteste/pdf/SMART',398,NULL,'internal',173,NULL,NULL,NULL,NULL,NULL,NULL),(90,'https://logibrico.fr/wp-content/plugins/CDurteste/images/ce.png',398,NULL,'image-in',173,NULL,NULL,NULL,NULL,NULL,NULL),(91,'https://logibrico.fr/wp-content/plugins/CDurteste/images/ip54.png',398,NULL,'image-in',173,NULL,NULL,NULL,NULL,NULL,NULL),(92,'https://logibrico.fr/wp-content/plugins/CDurteste/pdf/SMART',403,NULL,'internal',177,NULL,NULL,NULL,NULL,NULL,NULL),(93,'https://logibrico.fr/wp-content/plugins/CDurteste/images/ce.png',403,NULL,'image-in',177,NULL,NULL,NULL,NULL,NULL,NULL),(94,'https://logibrico.fr/wp-content/plugins/CDurteste/images/ip54.png',403,NULL,'image-in',177,NULL,NULL,NULL,NULL,NULL,NULL),(95,'https://logibrico.fr/wp-content/plugins/CDurteste/pdf/battenled.pdf',409,NULL,'internal',180,NULL,NULL,NULL,NULL,NULL,NULL),(96,'https://logibrico.fr/wp-content/plugins/CDurteste/images/ce.png',409,NULL,'image-in',180,NULL,NULL,NULL,NULL,NULL,NULL),(97,'https://logibrico.fr/wp-content/plugins/CDurteste/images/rohs.png',409,NULL,'image-in',180,NULL,NULL,NULL,NULL,NULL,NULL),(98,'https://logibrico.fr/wp-content/plugins/CDurteste/images/nondimmable.png',409,NULL,'image-in',180,NULL,NULL,NULL,NULL,NULL,NULL),(99,'https://logibrico.fr/wp-content/plugins/CDurteste/images/a2.png',409,NULL,'image-in',180,NULL,NULL,NULL,NULL,NULL,NULL),(100,'https://logibrico.fr/wp-content/plugins/CDurteste/pdf/potenciel.pdf',419,NULL,'internal',186,NULL,NULL,NULL,NULL,NULL,NULL),(101,'https://logibrico.fr/wp-content/plugins/CDurteste/images/ce.png',419,NULL,'image-in',186,NULL,NULL,NULL,NULL,NULL,NULL),(102,'https://logibrico.fr/wp-content/plugins/CDurteste/images/rohs.png',419,NULL,'image-in',186,NULL,NULL,NULL,NULL,NULL,NULL),(103,'https://logibrico.fr/wp-content/plugins/CDurteste/images/ip65.png',419,NULL,'image-in',186,NULL,NULL,NULL,NULL,NULL,NULL),(104,'https://logibrico.fr/wp-content/plugins/CDurteste/images/a2.png',419,NULL,'image-in',186,NULL,NULL,NULL,NULL,NULL,NULL),(105,'https://logibrico.fr/wp-content/plugins/CDurteste/pdf/potenciel.pdf',425,NULL,'internal',191,NULL,NULL,NULL,NULL,NULL,NULL),(106,'https://logibrico.fr/wp-content/plugins/CDurteste/images/ce.png',425,NULL,'image-in',191,NULL,NULL,NULL,NULL,NULL,NULL),(107,'https://logibrico.fr/wp-content/plugins/CDurteste/images/rohs.png',425,NULL,'image-in',191,NULL,NULL,NULL,NULL,NULL,NULL),(108,'https://logibrico.fr/wp-content/plugins/CDurteste/images/ip65.png',425,NULL,'image-in',191,NULL,NULL,NULL,NULL,NULL,NULL),(109,'https://logibrico.fr/wp-content/plugins/CDurteste/images/a2.png',425,NULL,'image-in',191,NULL,NULL,NULL,NULL,NULL,NULL),(110,'https://logibrico.fr/wp-content/plugins/CDurteste/pdf/douillegu10.pdf',431,NULL,'internal',197,NULL,NULL,NULL,NULL,NULL,NULL),(111,'https://logibrico.fr/wp-content/plugins/CDurteste/images/ce.png',431,NULL,'image-in',197,NULL,NULL,NULL,NULL,NULL,NULL),(112,'https://logibrico.fr/wp-content/plugins/CDurteste/images/rohs.png',431,NULL,'image-in',197,NULL,NULL,NULL,NULL,NULL,NULL),(113,'https://logibrico.fr/wp-content/plugins/CDurteste/images/ip20.png',431,NULL,'image-in',197,NULL,NULL,NULL,NULL,NULL,NULL),(114,'https://logibrico.fr/wp-content/plugins/CDurteste/pdf/tubet8.pdf',436,NULL,'internal',201,NULL,NULL,NULL,NULL,NULL,NULL),(115,'https://logibrico.fr/wp-content/plugins/CDurteste/images/ce.png',436,NULL,'image-in',201,NULL,NULL,NULL,NULL,NULL,NULL),(116,'https://logibrico.fr/wp-content/plugins/CDurteste/images/rohs.png',436,NULL,'image-in',201,NULL,NULL,NULL,NULL,NULL,NULL),(117,'https://logibrico.fr/wp-content/plugins/CDurteste/images/nondimmable.png',436,NULL,'image-in',201,NULL,NULL,NULL,NULL,NULL,NULL),(118,'https://logibrico.fr/wp-content/plugins/CDurteste/images/a2.png',436,NULL,'image-in',201,NULL,NULL,NULL,NULL,NULL,NULL),(119,'https://logibrico.fr/wp-content/plugins/CDurteste/pdf/tubet8.pdf',441,NULL,'internal',385,NULL,NULL,NULL,NULL,NULL,NULL),(120,'https://logibrico.fr/wp-content/plugins/CDurteste/images/ce.png',441,NULL,'image-in',385,NULL,NULL,NULL,NULL,NULL,NULL),(121,'https://logibrico.fr/wp-content/plugins/CDurteste/images/rohs.png',441,NULL,'image-in',385,NULL,NULL,NULL,NULL,NULL,NULL),(122,'https://logibrico.fr/wp-content/plugins/CDurteste/images/nondimmable.png',441,NULL,'image-in',385,NULL,NULL,NULL,NULL,NULL,NULL),(123,'https://logibrico.fr/wp-content/plugins/CDurteste/images/a2.png',441,NULL,'image-in',385,NULL,NULL,NULL,NULL,NULL,NULL),(124,'https://logibrico.fr/wp-content/plugins/CDurteste/pdf/tubet8.pdf',442,NULL,'internal',386,NULL,NULL,NULL,NULL,NULL,NULL),(125,'https://logibrico.fr/wp-content/plugins/CDurteste/images/ce.png',442,NULL,'image-in',386,NULL,NULL,NULL,NULL,NULL,NULL),(126,'https://logibrico.fr/wp-content/plugins/CDurteste/images/rohs.png',442,NULL,'image-in',386,NULL,NULL,NULL,NULL,NULL,NULL),(127,'https://logibrico.fr/wp-content/plugins/CDurteste/images/nondimmable.png',442,NULL,'image-in',386,NULL,NULL,NULL,NULL,NULL,NULL),(128,'https://logibrico.fr/wp-content/plugins/CDurteste/images/a2.png',442,NULL,'image-in',386,NULL,NULL,NULL,NULL,NULL,NULL),(129,'https://logibrico.fr/wp-content/plugins/CDurteste/pdf/tubet8.pdf',443,NULL,'internal',387,NULL,NULL,NULL,NULL,NULL,NULL),(130,'https://logibrico.fr/wp-content/plugins/CDurteste/images/ce.png',443,NULL,'image-in',387,NULL,NULL,NULL,NULL,NULL,NULL),(131,'https://logibrico.fr/wp-content/plugins/CDurteste/images/rohs.png',443,NULL,'image-in',387,NULL,NULL,NULL,NULL,NULL,NULL),(132,'https://logibrico.fr/wp-content/plugins/CDurteste/images/nondimmable.png',443,NULL,'image-in',387,NULL,NULL,NULL,NULL,NULL,NULL),(133,'https://logibrico.fr/wp-content/plugins/CDurteste/images/a2.png',443,NULL,'image-in',387,NULL,NULL,NULL,NULL,NULL,NULL),(134,'https://logibrico.fr/wp-content/plugins/CDurteste/pdf/spotnoir.pdf',449,NULL,'internal',205,NULL,NULL,NULL,NULL,NULL,NULL),(135,'https://logibrico.fr/wp-content/plugins/CDurteste/images/ce.png',449,NULL,'image-in',205,NULL,NULL,NULL,NULL,NULL,NULL),(136,'https://logibrico.fr/wp-content/plugins/CDurteste/images/rohs.png',449,NULL,'image-in',205,NULL,NULL,NULL,NULL,NULL,NULL),(137,'https://logibrico.fr/wp-content/plugins/CDurteste/images/ip20.png',449,NULL,'image-in',205,NULL,NULL,NULL,NULL,NULL,NULL),(138,'https://logibrico.fr/wp-content/plugins/CDurteste/images/a2.png',449,NULL,'image-in',205,NULL,NULL,NULL,NULL,NULL,NULL),(139,'https://logibrico.fr/wp-content/plugins/CDurteste/pdf/Ampoule',457,NULL,'internal',211,NULL,NULL,NULL,NULL,NULL,NULL),(140,'https://logibrico.fr/wp-content/plugins/CDurteste/images/ce.png',457,NULL,'image-in',211,NULL,NULL,NULL,NULL,NULL,NULL),(141,'https://logibrico.fr/wp-content/plugins/CDurteste/images/rohs.png',457,NULL,'image-in',211,NULL,NULL,NULL,NULL,NULL,NULL),(142,'https://logibrico.fr/wp-content/plugins/CDurteste/images/nondimmable.png',457,NULL,'image-in',211,NULL,NULL,NULL,NULL,NULL,NULL),(143,'https://logibrico.fr/wp-content/plugins/CDurteste/images/a2.png',457,NULL,'image-in',211,NULL,NULL,NULL,NULL,NULL,NULL),(144,'https://logibrico.fr/wp-content/plugins/CDurteste/pdf/Ampoule',460,NULL,'internal',214,NULL,NULL,NULL,NULL,NULL,NULL),(145,'https://logibrico.fr/wp-content/plugins/CDurteste/images/ce.png',460,NULL,'image-in',214,NULL,NULL,NULL,NULL,NULL,NULL),(146,'https://logibrico.fr/wp-content/plugins/CDurteste/images/rohs.png',460,NULL,'image-in',214,NULL,NULL,NULL,NULL,NULL,NULL),(147,'https://logibrico.fr/wp-content/plugins/CDurteste/images/a2.png',460,NULL,'image-in',214,NULL,NULL,NULL,NULL,NULL,NULL),(148,'https://logibrico.fr/wp-content/plugins/CDurteste/pdf/Ampoule',465,NULL,'internal',236,NULL,NULL,NULL,NULL,NULL,NULL),(149,'https://logibrico.fr/wp-content/plugins/CDurteste/images/ce.png',465,NULL,'image-in',236,NULL,NULL,NULL,NULL,NULL,NULL),(150,'https://logibrico.fr/wp-content/plugins/CDurteste/images/rohs.png',465,NULL,'image-in',236,NULL,NULL,NULL,NULL,NULL,NULL),(151,'https://logibrico.fr/wp-content/plugins/CDurteste/images/a2.png',465,NULL,'image-in',236,NULL,NULL,NULL,NULL,NULL,NULL),(152,'https://logibrico.fr/wp-content/plugins/CDurteste/pdf/Ampoule',466,NULL,'internal',217,NULL,NULL,NULL,NULL,NULL,NULL),(153,'https://logibrico.fr/wp-content/plugins/CDurteste/images/ce.png',466,NULL,'image-in',217,NULL,NULL,NULL,NULL,NULL,NULL),(154,'https://logibrico.fr/wp-content/plugins/CDurteste/images/rohs.png',466,NULL,'image-in',217,NULL,NULL,NULL,NULL,NULL,NULL),(155,'https://logibrico.fr/wp-content/plugins/CDurteste/images/a2.png',466,NULL,'image-in',217,NULL,NULL,NULL,NULL,NULL,NULL),(156,'https://logibrico.fr/wp-content/plugins/CDurteste/pdf/Ampoule',488,NULL,'internal',228,NULL,NULL,NULL,NULL,NULL,NULL),(157,'https://logibrico.fr/wp-content/plugins/CDurteste/images/ce.png',488,NULL,'image-in',228,NULL,NULL,NULL,NULL,NULL,NULL),(158,'https://logibrico.fr/wp-content/plugins/CDurteste/images/rohs.png',488,NULL,'image-in',228,NULL,NULL,NULL,NULL,NULL,NULL),(159,'https://logibrico.fr/wp-content/plugins/CDurteste/images/nondimmable.png',488,NULL,'image-in',228,NULL,NULL,NULL,NULL,NULL,NULL),(160,'https://logibrico.fr/wp-content/plugins/CDurteste/images/a2.png',488,NULL,'image-in',228,NULL,NULL,NULL,NULL,NULL,NULL),(161,'https://logibrico.fr/wp-content/plugins/CDurteste/pdf/Ampoule',498,NULL,'internal',233,NULL,NULL,NULL,NULL,NULL,NULL),(162,'https://logibrico.fr/wp-content/plugins/CDurteste/images/ce.png',498,NULL,'image-in',233,NULL,NULL,NULL,NULL,NULL,NULL),(163,'https://logibrico.fr/wp-content/plugins/CDurteste/images/rohs.png',498,NULL,'image-in',233,NULL,NULL,NULL,NULL,NULL,NULL),(164,'https://logibrico.fr/wp-content/plugins/CDurteste/images/a2.png',498,NULL,'image-in',233,NULL,NULL,NULL,NULL,NULL,NULL),(165,'https://logibrico.fr/wp-content/plugins/CDurteste/pdf/Ampoule',501,NULL,'internal',388,NULL,NULL,NULL,NULL,NULL,NULL),(166,'https://logibrico.fr/wp-content/plugins/CDurteste/images/ce.png',501,NULL,'image-in',388,NULL,NULL,NULL,NULL,NULL,NULL),(167,'https://logibrico.fr/wp-content/plugins/CDurteste/images/rohs.png',501,NULL,'image-in',388,NULL,NULL,NULL,NULL,NULL,NULL),(168,'https://logibrico.fr/wp-content/plugins/CDurteste/images/a2.png',501,NULL,'image-in',388,NULL,NULL,NULL,NULL,NULL,NULL),(169,'https://logibrico.fr/wp-content/plugins/CDurteste/pdf/Ampoule',502,NULL,'internal',389,NULL,NULL,NULL,NULL,NULL,NULL),(170,'https://logibrico.fr/wp-content/plugins/CDurteste/images/ce.png',502,NULL,'image-in',389,NULL,NULL,NULL,NULL,NULL,NULL),(171,'https://logibrico.fr/wp-content/plugins/CDurteste/images/rohs.png',502,NULL,'image-in',389,NULL,NULL,NULL,NULL,NULL,NULL),(172,'https://logibrico.fr/wp-content/plugins/CDurteste/images/a2.png',502,NULL,'image-in',389,NULL,NULL,NULL,NULL,NULL,NULL),(173,'https://logibrico.fr/wp-content/plugins/CDurteste/pdf/Ampoule',504,NULL,'internal',390,NULL,NULL,NULL,NULL,NULL,NULL),(174,'https://logibrico.fr/wp-content/plugins/CDurteste/images/ce.png',504,NULL,'image-in',390,NULL,NULL,NULL,NULL,NULL,NULL),(175,'https://logibrico.fr/wp-content/plugins/CDurteste/images/rohs.png',504,NULL,'image-in',390,NULL,NULL,NULL,NULL,NULL,NULL),(176,'https://logibrico.fr/wp-content/plugins/CDurteste/images/a2.png',504,NULL,'image-in',390,NULL,NULL,NULL,NULL,NULL,NULL),(177,'https://logibrico.fr/wp-content/plugins/CDurteste/pdf/Ampoule',505,NULL,'internal',238,NULL,NULL,NULL,NULL,NULL,NULL),(178,'https://logibrico.fr/wp-content/plugins/CDurteste/images/ce.png',505,NULL,'image-in',238,NULL,NULL,NULL,NULL,NULL,NULL),(179,'https://logibrico.fr/wp-content/plugins/CDurteste/images/rohs.png',505,NULL,'image-in',238,NULL,NULL,NULL,NULL,NULL,NULL),(180,'https://logibrico.fr/wp-content/plugins/CDurteste/images/a2.png',505,NULL,'image-in',238,NULL,NULL,NULL,NULL,NULL,NULL),(181,'https://logibrico.fr/wp-content/plugins/CDurteste/pdf/Ampoule',508,NULL,'internal',241,NULL,NULL,NULL,NULL,NULL,NULL),(182,'https://logibrico.fr/wp-content/plugins/CDurteste/images/ce.png',508,NULL,'image-in',241,NULL,NULL,NULL,NULL,NULL,NULL),(183,'https://logibrico.fr/wp-content/plugins/CDurteste/images/rohs.png',508,NULL,'image-in',241,NULL,NULL,NULL,NULL,NULL,NULL),(184,'https://logibrico.fr/wp-content/plugins/CDurteste/images/dimmable.png',508,NULL,'image-in',241,NULL,NULL,NULL,NULL,NULL,NULL),(185,'https://logibrico.fr/wp-content/plugins/CDurteste/images/a2.png',508,NULL,'image-in',241,NULL,NULL,NULL,NULL,NULL,NULL),(186,'https://logibrico.fr/wp-content/plugins/CDurteste/pdf/Ampoule',511,NULL,'internal',244,NULL,NULL,NULL,NULL,NULL,NULL),(187,'https://logibrico.fr/wp-content/plugins/CDurteste/images/ce.png',511,NULL,'image-in',244,NULL,NULL,NULL,NULL,NULL,NULL),(188,'https://logibrico.fr/wp-content/plugins/CDurteste/images/rohs.png',511,NULL,'image-in',244,NULL,NULL,NULL,NULL,NULL,NULL),(189,'https://logibrico.fr/wp-content/plugins/CDurteste/images/a2.png',511,NULL,'image-in',244,NULL,NULL,NULL,NULL,NULL,NULL),(190,'https://logibrico.fr/wp-content/plugins/CDurteste/pdf/Ampoule',517,NULL,'internal',391,NULL,NULL,NULL,NULL,NULL,NULL),(191,'https://logibrico.fr/wp-content/plugins/CDurteste/images/ce.png',517,NULL,'image-in',391,NULL,NULL,NULL,NULL,NULL,NULL),(192,'https://logibrico.fr/wp-content/plugins/CDurteste/images/rohs.png',517,NULL,'image-in',391,NULL,NULL,NULL,NULL,NULL,NULL),(193,'https://logibrico.fr/wp-content/plugins/CDurteste/images/a2.png',517,NULL,'image-in',391,NULL,NULL,NULL,NULL,NULL,NULL),(194,'https://logibrico.fr/wp-content/plugins/CDurteste/pdf/Ampoule',518,NULL,'internal',250,NULL,NULL,NULL,NULL,NULL,NULL),(195,'https://logibrico.fr/wp-content/plugins/CDurteste/images/ce.png',518,NULL,'image-in',250,NULL,NULL,NULL,NULL,NULL,NULL),(196,'https://logibrico.fr/wp-content/plugins/CDurteste/images/rohs.png',518,NULL,'image-in',250,NULL,NULL,NULL,NULL,NULL,NULL),(197,'https://logibrico.fr/wp-content/plugins/CDurteste/images/a2.png',518,NULL,'image-in',250,NULL,NULL,NULL,NULL,NULL,NULL),(198,'https://logibrico.fr/wp-content/plugins/CDurteste/pdf/Ampoule',524,NULL,'internal',392,NULL,NULL,NULL,NULL,NULL,NULL),(199,'https://logibrico.fr/wp-content/plugins/CDurteste/images/ce.png',524,NULL,'image-in',392,NULL,NULL,NULL,NULL,NULL,NULL),(200,'https://logibrico.fr/wp-content/plugins/CDurteste/images/rohs.png',524,NULL,'image-in',392,NULL,NULL,NULL,NULL,NULL,NULL),(201,'https://logibrico.fr/wp-content/plugins/CDurteste/images/a2.png',524,NULL,'image-in',392,NULL,NULL,NULL,NULL,NULL,NULL),(202,'https://logibrico.fr/wp-content/plugins/CDurteste/pdf/Ampoule',526,NULL,'internal',393,NULL,NULL,NULL,NULL,NULL,NULL),(203,'https://logibrico.fr/wp-content/plugins/CDurteste/images/ce.png',526,NULL,'image-in',393,NULL,NULL,NULL,NULL,NULL,NULL),(204,'https://logibrico.fr/wp-content/plugins/CDurteste/images/rohs.png',526,NULL,'image-in',393,NULL,NULL,NULL,NULL,NULL,NULL),(205,'https://logibrico.fr/wp-content/plugins/CDurteste/images/a2.png',526,NULL,'image-in',393,NULL,NULL,NULL,NULL,NULL,NULL),(206,'https://logibrico.fr/wp-content/plugins/CDurteste/pdf/Ampoule',527,NULL,'internal',394,NULL,NULL,NULL,NULL,NULL,NULL),(207,'https://logibrico.fr/wp-content/plugins/CDurteste/images/ce.png',527,NULL,'image-in',394,NULL,NULL,NULL,NULL,NULL,NULL),(208,'https://logibrico.fr/wp-content/plugins/CDurteste/images/rohs.png',527,NULL,'image-in',394,NULL,NULL,NULL,NULL,NULL,NULL),(209,'https://logibrico.fr/wp-content/plugins/CDurteste/images/a2.png',527,NULL,'image-in',394,NULL,NULL,NULL,NULL,NULL,NULL),(210,'https://logibrico.fr/wp-content/plugins/CDurteste/pdf/Ampoule',528,NULL,'internal',395,NULL,NULL,NULL,NULL,NULL,NULL),(211,'https://logibrico.fr/wp-content/plugins/CDurteste/images/ce.png',528,NULL,'image-in',395,NULL,NULL,NULL,NULL,NULL,NULL),(212,'https://logibrico.fr/wp-content/plugins/CDurteste/images/rohs.png',528,NULL,'image-in',395,NULL,NULL,NULL,NULL,NULL,NULL),(213,'https://logibrico.fr/wp-content/plugins/CDurteste/images/a2.png',528,NULL,'image-in',395,NULL,NULL,NULL,NULL,NULL,NULL),(214,'https://logibrico.fr/wp-content/plugins/CDurteste/pdf/applique',532,NULL,'internal',256,NULL,NULL,NULL,NULL,NULL,NULL),(215,'https://logibrico.fr/wp-content/plugins/CDurteste/images/ce.png',532,NULL,'image-in',256,NULL,NULL,NULL,NULL,NULL,NULL),(216,'https://logibrico.fr/wp-content/plugins/CDurteste/images/rohs.png',532,NULL,'image-in',256,NULL,NULL,NULL,NULL,NULL,NULL),(217,'https://logibrico.fr/wp-content/plugins/CDurteste/images/ip65.png',532,NULL,'image-in',256,NULL,NULL,NULL,NULL,NULL,NULL),(218,'https://logibrico.fr/wp-content/plugins/CDurteste/images/a3.png',532,NULL,'image-in',256,NULL,NULL,NULL,NULL,NULL,NULL),(219,'https://logibrico.fr/wp-content/plugins/CDurteste/pdf/applique',537,NULL,'internal',305,NULL,NULL,NULL,NULL,NULL,NULL),(220,'https://logibrico.fr/wp-content/plugins/CDurteste/images/ce.png',537,NULL,'image-in',305,NULL,NULL,NULL,NULL,NULL,NULL),(221,'https://logibrico.fr/wp-content/plugins/CDurteste/images/rohs.png',537,NULL,'image-in',305,NULL,NULL,NULL,NULL,NULL,NULL),(222,'https://logibrico.fr/wp-content/plugins/CDurteste/images/ip65.png',537,NULL,'image-in',305,NULL,NULL,NULL,NULL,NULL,NULL),(223,'https://logibrico.fr/wp-content/plugins/CDurteste/images/a3.png',537,NULL,'image-in',305,NULL,NULL,NULL,NULL,NULL,NULL),(224,'https://logibrico.fr/wp-content/plugins/CDurteste/pdf/Dalle',549,NULL,'internal',268,NULL,NULL,NULL,NULL,NULL,NULL),(225,'https://logibrico.fr/wp-content/plugins/CDurteste/images/ce.png',549,NULL,'image-in',268,NULL,NULL,NULL,NULL,NULL,NULL),(226,'https://logibrico.fr/wp-content/plugins/CDurteste/images/rohs.png',549,NULL,'image-in',268,NULL,NULL,NULL,NULL,NULL,NULL),(227,'https://logibrico.fr/wp-content/plugins/CDurteste/images/nondimmable.png',549,NULL,'image-in',268,NULL,NULL,NULL,NULL,NULL,NULL),(228,'https://logibrico.fr/wp-content/plugins/CDurteste/images/a3.png',549,NULL,'image-in',268,NULL,NULL,NULL,NULL,NULL,NULL),(229,'https://logibrico.fr/wp-content/plugins/CDurteste/pdf/Dalle',556,NULL,'internal',396,NULL,NULL,NULL,NULL,NULL,NULL),(230,'https://logibrico.fr/wp-content/plugins/CDurteste/images/ce.png',556,NULL,'image-in',396,NULL,NULL,NULL,NULL,NULL,NULL),(231,'https://logibrico.fr/wp-content/plugins/CDurteste/images/rohs.png',556,NULL,'image-in',396,NULL,NULL,NULL,NULL,NULL,NULL),(232,'https://logibrico.fr/wp-content/plugins/CDurteste/images/nondimmable.png',556,NULL,'image-in',396,NULL,NULL,NULL,NULL,NULL,NULL),(233,'https://logibrico.fr/wp-content/plugins/CDurteste/images/a3.png',556,NULL,'image-in',396,NULL,NULL,NULL,NULL,NULL,NULL),(234,'https://logibrico.fr/wp-content/plugins/CDurteste/pdf/Dalle',557,NULL,'internal',397,NULL,NULL,NULL,NULL,NULL,NULL),(235,'https://logibrico.fr/wp-content/plugins/CDurteste/images/ce.png',557,NULL,'image-in',397,NULL,NULL,NULL,NULL,NULL,NULL),(236,'https://logibrico.fr/wp-content/plugins/CDurteste/images/rohs.png',557,NULL,'image-in',397,NULL,NULL,NULL,NULL,NULL,NULL),(237,'https://logibrico.fr/wp-content/plugins/CDurteste/images/nondimmable.png',557,NULL,'image-in',397,NULL,NULL,NULL,NULL,NULL,NULL),(238,'https://logibrico.fr/wp-content/plugins/CDurteste/images/a3.png',557,NULL,'image-in',397,NULL,NULL,NULL,NULL,NULL,NULL),(239,'https://logibrico.fr/wp-content/plugins/CDurteste/pdf/Dalle',558,NULL,'internal',398,NULL,NULL,NULL,NULL,NULL,NULL),(240,'https://logibrico.fr/wp-content/plugins/CDurteste/images/ce.png',558,NULL,'image-in',398,NULL,NULL,NULL,NULL,NULL,NULL),(241,'https://logibrico.fr/wp-content/plugins/CDurteste/images/rohs.png',558,NULL,'image-in',398,NULL,NULL,NULL,NULL,NULL,NULL),(242,'https://logibrico.fr/wp-content/plugins/CDurteste/images/nondimmable.png',558,NULL,'image-in',398,NULL,NULL,NULL,NULL,NULL,NULL),(243,'https://logibrico.fr/wp-content/plugins/CDurteste/images/a3.png',558,NULL,'image-in',398,NULL,NULL,NULL,NULL,NULL,NULL),(244,'https://logibrico.fr/wp-content/plugins/CDurteste/pdf/Dalle',560,NULL,'internal',399,NULL,NULL,NULL,NULL,NULL,NULL),(245,'https://logibrico.fr/wp-content/plugins/CDurteste/images/ce.png',560,NULL,'image-in',399,NULL,NULL,NULL,NULL,NULL,NULL),(246,'https://logibrico.fr/wp-content/plugins/CDurteste/images/rohs.png',560,NULL,'image-in',399,NULL,NULL,NULL,NULL,NULL,NULL),(247,'https://logibrico.fr/wp-content/plugins/CDurteste/images/nondimmable.png',560,NULL,'image-in',399,NULL,NULL,NULL,NULL,NULL,NULL),(248,'https://logibrico.fr/wp-content/plugins/CDurteste/images/a3.png',560,NULL,'image-in',399,NULL,NULL,NULL,NULL,NULL,NULL),(249,'https://logibrico.fr/wp-content/plugins/CDurteste/pdf/Dalle',561,NULL,'internal',400,NULL,NULL,NULL,NULL,NULL,NULL),(250,'https://logibrico.fr/wp-content/plugins/CDurteste/images/ce.png',561,NULL,'image-in',400,NULL,NULL,NULL,NULL,NULL,NULL),(251,'https://logibrico.fr/wp-content/plugins/CDurteste/images/rohs.png',561,NULL,'image-in',400,NULL,NULL,NULL,NULL,NULL,NULL),(252,'https://logibrico.fr/wp-content/plugins/CDurteste/images/nondimmable.png',561,NULL,'image-in',400,NULL,NULL,NULL,NULL,NULL,NULL),(253,'https://logibrico.fr/wp-content/plugins/CDurteste/images/a3.png',561,NULL,'image-in',400,NULL,NULL,NULL,NULL,NULL,NULL),(254,'https://logibrico.fr/wp-content/plugins/CDurteste/pdf/Dalle',562,NULL,'internal',401,NULL,NULL,NULL,NULL,NULL,NULL),(255,'https://logibrico.fr/wp-content/plugins/CDurteste/images/ce.png',562,NULL,'image-in',401,NULL,NULL,NULL,NULL,NULL,NULL),(256,'https://logibrico.fr/wp-content/plugins/CDurteste/images/rohs.png',562,NULL,'image-in',401,NULL,NULL,NULL,NULL,NULL,NULL),(257,'https://logibrico.fr/wp-content/plugins/CDurteste/images/nondimmable.png',562,NULL,'image-in',401,NULL,NULL,NULL,NULL,NULL,NULL),(258,'https://logibrico.fr/wp-content/plugins/CDurteste/images/a3.png',562,NULL,'image-in',401,NULL,NULL,NULL,NULL,NULL,NULL),(259,'https://logibrico.fr/wp-content/plugins/CDurteste/pdf/Dalle',563,NULL,'internal',402,NULL,NULL,NULL,NULL,NULL,NULL),(260,'https://logibrico.fr/wp-content/plugins/CDurteste/images/ce.png',563,NULL,'image-in',402,NULL,NULL,NULL,NULL,NULL,NULL),(261,'https://logibrico.fr/wp-content/plugins/CDurteste/images/rohs.png',563,NULL,'image-in',402,NULL,NULL,NULL,NULL,NULL,NULL),(262,'https://logibrico.fr/wp-content/plugins/CDurteste/images/nondimmable.png',563,NULL,'image-in',402,NULL,NULL,NULL,NULL,NULL,NULL),(263,'https://logibrico.fr/wp-content/plugins/CDurteste/images/a3.png',563,NULL,'image-in',402,NULL,NULL,NULL,NULL,NULL,NULL),(264,'https://logibrico.fr/wp-content/plugins/CDurteste/pdf/Tri-Proof',564,NULL,'internal',273,NULL,NULL,NULL,NULL,NULL,NULL),(265,'https://logibrico.fr/wp-content/plugins/CDurteste/images/ce.png',564,NULL,'image-in',273,NULL,NULL,NULL,NULL,NULL,NULL),(266,'https://logibrico.fr/wp-content/plugins/CDurteste/images/rohs.png',564,NULL,'image-in',273,NULL,NULL,NULL,NULL,NULL,NULL),(267,'https://logibrico.fr/wp-content/plugins/CDurteste/images/a2.png',564,NULL,'image-in',273,NULL,NULL,NULL,NULL,NULL,NULL),(268,'https://logibrico.fr/wp-content/plugins/CDurteste/pdf/Tri-Proof',572,NULL,'internal',403,NULL,NULL,NULL,NULL,NULL,NULL),(269,'https://logibrico.fr/wp-content/plugins/CDurteste/images/ce.png',572,NULL,'image-in',403,NULL,NULL,NULL,NULL,NULL,NULL),(270,'https://logibrico.fr/wp-content/plugins/CDurteste/images/rohs.png',572,NULL,'image-in',403,NULL,NULL,NULL,NULL,NULL,NULL),(271,'https://logibrico.fr/wp-content/plugins/CDurteste/images/a2.png',572,NULL,'image-in',403,NULL,NULL,NULL,NULL,NULL,NULL),(272,'https://logibrico.fr/wp-content/plugins/CDurteste/pdf/fiche',573,NULL,'internal',281,NULL,NULL,NULL,NULL,NULL,NULL),(273,'https://logibrico.fr/wp-content/plugins/CDurteste/images/ce.png',573,NULL,'image-in',281,NULL,NULL,NULL,NULL,NULL,NULL),(274,'https://logibrico.fr/wp-content/plugins/CDurteste/images/rohs.png',573,NULL,'image-in',281,NULL,NULL,NULL,NULL,NULL,NULL),(275,'https://logibrico.fr/wp-content/plugins/CDurteste/images/a2.png',573,NULL,'image-in',281,NULL,NULL,NULL,NULL,NULL,NULL),(276,'https://logibrico.fr/wp-content/plugins/CDurteste/pdf/fiche',580,NULL,'internal',286,NULL,NULL,NULL,NULL,NULL,NULL),(277,'https://logibrico.fr/wp-content/plugins/CDurteste/images/ce.png',580,NULL,'image-in',286,NULL,NULL,NULL,NULL,NULL,NULL),(278,'https://logibrico.fr/wp-content/plugins/CDurteste/images/rohs.png',580,NULL,'image-in',286,NULL,NULL,NULL,NULL,NULL,NULL),(279,'https://logibrico.fr/wp-content/plugins/CDurteste/images/ip66.png',580,NULL,'image-in',286,NULL,NULL,NULL,NULL,NULL,NULL),(280,'https://logibrico.fr/wp-content/plugins/CDurteste/images/ik10.png',580,NULL,'image-in',286,NULL,NULL,NULL,NULL,NULL,NULL),(281,'https://logibrico.fr/wp-content/plugins/CDurteste/images/a2.png',580,NULL,'image-in',286,NULL,NULL,NULL,NULL,NULL,NULL),(282,'https://logibrico.fr/wp-content/plugins/CDurteste/pdf/fiche',592,NULL,'internal',296,NULL,NULL,NULL,NULL,NULL,NULL),(283,'https://logibrico.fr/wp-content/plugins/CDurteste/images/ce.png',592,NULL,'image-in',296,NULL,NULL,NULL,NULL,NULL,NULL),(284,'https://logibrico.fr/wp-content/plugins/CDurteste/images/rohs.png',592,NULL,'image-in',296,NULL,NULL,NULL,NULL,NULL,NULL),(285,'https://logibrico.fr/wp-content/plugins/CDurteste/images/ip66.png',592,NULL,'image-in',296,NULL,NULL,NULL,NULL,NULL,NULL),(286,'https://logibrico.fr/wp-content/plugins/CDurteste/images/ik10.png',592,NULL,'image-in',296,NULL,NULL,NULL,NULL,NULL,NULL),(287,'https://logibrico.fr/wp-content/plugins/CDurteste/images/a2.png',592,NULL,'image-in',296,NULL,NULL,NULL,NULL,NULL,NULL),(288,'https://logibrico.fr/wp-content/plugins/CDurteste/pdf/fiche',595,NULL,'internal',298,NULL,NULL,NULL,NULL,NULL,NULL),(289,'https://logibrico.fr/wp-content/plugins/CDurteste/images/ce.png',595,NULL,'image-in',298,NULL,NULL,NULL,NULL,NULL,NULL),(290,'https://logibrico.fr/wp-content/plugins/CDurteste/images/rohs.png',595,NULL,'image-in',298,NULL,NULL,NULL,NULL,NULL,NULL),(291,'https://logibrico.fr/wp-content/plugins/CDurteste/images/ip66.png',595,NULL,'image-in',298,NULL,NULL,NULL,NULL,NULL,NULL),(292,'https://logibrico.fr/wp-content/plugins/CDurteste/images/ik10.png',595,NULL,'image-in',298,NULL,NULL,NULL,NULL,NULL,NULL),(293,'https://logibrico.fr/wp-content/plugins/CDurteste/images/a2.png',595,NULL,'image-in',298,NULL,NULL,NULL,NULL,NULL,NULL),(294,'https://logibrico.fr/wp-content/plugins/CDurteste/pdf/fiche',601,NULL,'internal',404,NULL,NULL,NULL,NULL,NULL,NULL),(295,'https://logibrico.fr/wp-content/plugins/CDurteste/images/ce.png',601,NULL,'image-in',404,NULL,NULL,NULL,NULL,NULL,NULL),(296,'https://logibrico.fr/wp-content/plugins/CDurteste/images/rohs.png',601,NULL,'image-in',404,NULL,NULL,NULL,NULL,NULL,NULL),(297,'https://logibrico.fr/wp-content/plugins/CDurteste/images/ip66.png',601,NULL,'image-in',404,NULL,NULL,NULL,NULL,NULL,NULL),(298,'https://logibrico.fr/wp-content/plugins/CDurteste/images/ik10.png',601,NULL,'image-in',404,NULL,NULL,NULL,NULL,NULL,NULL),(299,'https://logibrico.fr/wp-content/plugins/CDurteste/images/a2.png',601,NULL,'image-in',404,NULL,NULL,NULL,NULL,NULL,NULL),(300,'https://logibrico.fr/wp-content/plugins/CDurteste/pdf/Dalle',615,NULL,'internal',313,NULL,NULL,NULL,NULL,NULL,NULL),(301,'https://logibrico.fr/wp-content/plugins/CDurteste/images/ce.png',615,NULL,'image-in',313,NULL,NULL,NULL,NULL,NULL,NULL),(302,'https://logibrico.fr/wp-content/plugins/CDurteste/pdf/Dalle',618,NULL,'internal',315,NULL,NULL,NULL,NULL,NULL,NULL),(303,'https://logibrico.fr/wp-content/plugins/CDurteste/images/ce.png',618,NULL,'image-in',315,NULL,NULL,NULL,NULL,NULL,NULL),(304,'https://logibrico.fr/wp-content/plugins/CDurteste/pdf/Dalle',620,NULL,'internal',317,NULL,NULL,NULL,NULL,NULL,NULL),(305,'https://logibrico.fr/wp-content/plugins/CDurteste/images/ce.png',620,NULL,'image-in',317,NULL,NULL,NULL,NULL,NULL,NULL),(306,'https://logibrico.fr/wp-content/plugins/CDurteste/pdf/chauffage',624,NULL,'internal',320,NULL,NULL,NULL,NULL,NULL,NULL),(307,'https://logibrico.fr/wp-content/plugins/CDurteste/images/ce.png',624,NULL,'image-in',320,NULL,NULL,NULL,NULL,NULL,NULL),(308,'https://logibrico.fr/wp-content/plugins/CDurteste/pdf/Hublot.pdf',785,NULL,'internal',336,NULL,NULL,NULL,NULL,NULL,NULL),(309,'https://logibrico.fr/wp-content/plugins/CDurteste/images/ce.png',785,NULL,'image-in',336,NULL,NULL,NULL,NULL,NULL,NULL),(310,'https://logibrico.fr/wp-content/plugins/CDurteste/images/enec.png',785,NULL,'image-in',336,NULL,NULL,NULL,NULL,NULL,NULL),(311,'https://logibrico.fr/wp-content/plugins/CDurteste/images/rohs.png',785,NULL,'image-in',336,NULL,NULL,NULL,NULL,NULL,NULL),(312,'https://logibrico.fr/wp-content/plugins/CDurteste/images/ip65.png',785,NULL,'image-in',336,NULL,NULL,NULL,NULL,NULL,NULL),(313,'https://logibrico.fr/wp-content/plugins/CDurteste/images/ik10.png',785,NULL,'image-in',336,NULL,NULL,NULL,NULL,NULL,NULL),(314,'https://logibrico.fr/wp-content/plugins/CDurteste/images/a3.png',785,NULL,'image-in',336,NULL,NULL,NULL,NULL,NULL,NULL),(315,'https://logibrico.fr/wp-content/plugins/CDurteste/pdf/Hublot.pdf',792,NULL,'internal',342,NULL,NULL,NULL,NULL,NULL,NULL),(316,'https://logibrico.fr/wp-content/plugins/CDurteste/images/ce.png',792,NULL,'image-in',342,NULL,NULL,NULL,NULL,NULL,NULL),(317,'https://logibrico.fr/wp-content/plugins/CDurteste/images/enec.png',792,NULL,'image-in',342,NULL,NULL,NULL,NULL,NULL,NULL),(318,'https://logibrico.fr/wp-content/plugins/CDurteste/images/rohs.png',792,NULL,'image-in',342,NULL,NULL,NULL,NULL,NULL,NULL),(319,'https://logibrico.fr/wp-content/plugins/CDurteste/images/ip65.png',792,NULL,'image-in',342,NULL,NULL,NULL,NULL,NULL,NULL),(320,'https://logibrico.fr/wp-content/plugins/CDurteste/images/ik10.png',792,NULL,'image-in',342,NULL,NULL,NULL,NULL,NULL,NULL),(321,'https://logibrico.fr/wp-content/plugins/CDurteste/images/a3.png',792,NULL,'image-in',342,NULL,NULL,NULL,NULL,NULL,NULL),(322,'https://logibrico.fr/wp-content/plugins/CDurteste/pdf/fiche',807,NULL,'internal',347,NULL,NULL,NULL,NULL,NULL,NULL),(323,'https://logibrico.fr/wp-content/plugins/CDurteste/images/ce.png',807,NULL,'image-in',347,NULL,NULL,NULL,NULL,NULL,NULL),(324,'https://logibrico.fr/wp-content/plugins/CDurteste/images/rohs.png',807,NULL,'image-in',347,NULL,NULL,NULL,NULL,NULL,NULL),(325,'https://logibrico.fr/wp-content/plugins/CDurteste/images/ip44.png',807,NULL,'image-in',347,NULL,NULL,NULL,NULL,NULL,NULL),(326,'https://logibrico.fr/wp-content/plugins/CDurteste/images/a1.png',807,NULL,'image-in',347,NULL,NULL,NULL,NULL,NULL,NULL),(327,'https://logibrico.fr/wp-content/plugins/CDurteste/pdf/Guirlande',813,NULL,'internal',351,NULL,NULL,NULL,NULL,NULL,NULL),(328,'https://logibrico.fr/wp-content/plugins/CDurteste/images/ce.png',813,NULL,'image-in',351,NULL,NULL,NULL,NULL,NULL,NULL),(329,'https://logibrico.fr/wp-content/plugins/CDurteste/images/rohs.png',813,NULL,'image-in',351,NULL,NULL,NULL,NULL,NULL,NULL),(330,'https://logibrico.fr/wp-content/plugins/CDurteste/images/ip44.png',813,NULL,'image-in',351,NULL,NULL,NULL,NULL,NULL,NULL),(331,'https://logibrico.fr/wp-content/plugins/CDurteste/images/a3.png',813,NULL,'image-in',351,NULL,NULL,NULL,NULL,NULL,NULL),(332,'https://logibrico.fr/wp-content/plugins/CDurteste/pdf/masque.pdf',921,NULL,'internal',365,NULL,NULL,NULL,NULL,NULL,NULL),(333,'https://logibrico.fr/wp-content/plugins/CDurteste/images/ce.png',921,NULL,'image-in',365,NULL,NULL,NULL,NULL,NULL,NULL),(334,'https://logibrico.fr/wp-content/plugins/CDurteste/pdf/Ampoule',925,NULL,'internal',405,NULL,NULL,NULL,NULL,NULL,NULL),(335,'https://logibrico.fr/wp-content/plugins/CDurteste/images/ce.png',925,NULL,'image-in',405,NULL,NULL,NULL,NULL,NULL,NULL),(336,'https://logibrico.fr/wp-content/plugins/CDurteste/images/rohs.png',925,NULL,'image-in',405,NULL,NULL,NULL,NULL,NULL,NULL),(337,'https://logibrico.fr/wp-content/plugins/CDurteste/images/a2.png',925,NULL,'image-in',405,NULL,NULL,NULL,NULL,NULL,NULL),(338,'https://logibrico.fr/wp-content/plugins/CDurteste/pdf/Tri-Proof',943,NULL,'internal',406,NULL,NULL,NULL,NULL,NULL,NULL),(339,'https://logibrico.fr/wp-content/plugins/CDurteste/images/ce.png',943,NULL,'image-in',406,NULL,NULL,NULL,NULL,NULL,NULL),(340,'https://logibrico.fr/wp-content/plugins/CDurteste/images/rohs.png',943,NULL,'image-in',406,NULL,NULL,NULL,NULL,NULL,NULL),(341,'https://logibrico.fr/wp-content/plugins/CDurteste/images/a2.png',943,NULL,'image-in',406,NULL,NULL,NULL,NULL,NULL,NULL),(342,'https://logibrico.fr/wp-content/plugins/CDurteste/pdf/Tri-Proof',944,NULL,'internal',407,NULL,NULL,NULL,NULL,NULL,NULL),(343,'https://logibrico.fr/wp-content/plugins/CDurteste/images/ce.png',944,NULL,'image-in',407,NULL,NULL,NULL,NULL,NULL,NULL),(344,'https://logibrico.fr/wp-content/plugins/CDurteste/images/rohs.png',944,NULL,'image-in',407,NULL,NULL,NULL,NULL,NULL,NULL),(345,'https://logibrico.fr/wp-content/plugins/CDurteste/images/a2.png',944,NULL,'image-in',407,NULL,NULL,NULL,NULL,NULL,NULL),(346,'https://logibrico.fr/wp-content/plugins/CDurteste/pdf/Ampoule',963,NULL,'internal',423,NULL,NULL,NULL,NULL,NULL,NULL),(347,'https://logibrico.fr/wp-content/plugins/CDurteste/images/ce.png',963,NULL,'image-in',423,NULL,NULL,NULL,NULL,NULL,NULL),(348,'https://logibrico.fr/wp-content/plugins/CDurteste/images/rohs.png',963,NULL,'image-in',423,NULL,NULL,NULL,NULL,NULL,NULL),(349,'https://logibrico.fr/wp-content/plugins/CDurteste/images/a2.png',963,NULL,'image-in',423,NULL,NULL,NULL,NULL,NULL,NULL),(351,'https://logibrico.fr/wp-content/plugins/CDurteste/pdf/fiche',977,NULL,'internal',437,NULL,NULL,NULL,NULL,NULL,NULL),(352,'https://logibrico.fr/wp-content/plugins/CDurteste/images/ce.png',977,NULL,'image-in',437,NULL,NULL,NULL,NULL,NULL,NULL),(353,'https://logibrico.fr/wp-content/plugins/CDurteste/images/rohs.png',977,NULL,'image-in',437,NULL,NULL,NULL,NULL,NULL,NULL),(354,'https://logibrico.fr/wp-content/plugins/CDurteste/images/a1.png',977,NULL,'image-in',437,NULL,NULL,NULL,NULL,NULL,NULL),(355,'https://logibrico.fr/wp-content/plugins/CDurteste/pdf/fiche',979,NULL,'internal',439,NULL,NULL,NULL,NULL,NULL,NULL),(356,'https://logibrico.fr/wp-content/plugins/CDurteste/images/ce.png',979,NULL,'image-in',439,NULL,NULL,NULL,NULL,NULL,NULL),(357,'https://logibrico.fr/wp-content/plugins/CDurteste/images/rohs.png',979,NULL,'image-in',439,NULL,NULL,NULL,NULL,NULL,NULL),(358,'https://logibrico.fr/wp-content/plugins/CDurteste/images/a1.png',979,NULL,'image-in',439,NULL,NULL,NULL,NULL,NULL,NULL),(359,'https://logibrico.fr/wp-content/plugins/CDurteste/pdf/fiche',980,NULL,'internal',440,NULL,NULL,NULL,NULL,NULL,NULL),(360,'https://logibrico.fr/wp-content/plugins/CDurteste/images/ce.png',980,NULL,'image-in',440,NULL,NULL,NULL,NULL,NULL,NULL),(361,'https://logibrico.fr/wp-content/plugins/CDurteste/images/rohs.png',980,NULL,'image-in',440,NULL,NULL,NULL,NULL,NULL,NULL),(362,'https://logibrico.fr/wp-content/plugins/CDurteste/images/a1.png',980,NULL,'image-in',440,NULL,NULL,NULL,NULL,NULL,NULL),(363,'https://logibrico.fr/wp-content/plugins/CDurteste/pdf/fiche',981,NULL,'internal',441,NULL,NULL,NULL,NULL,NULL,NULL),(364,'https://logibrico.fr/wp-content/plugins/CDurteste/images/ce.png',981,NULL,'image-in',441,NULL,NULL,NULL,NULL,NULL,NULL),(365,'https://logibrico.fr/wp-content/plugins/CDurteste/images/rohs.png',981,NULL,'image-in',441,NULL,NULL,NULL,NULL,NULL,NULL),(366,'https://logibrico.fr/wp-content/plugins/CDurteste/images/a1.png',981,NULL,'image-in',441,NULL,NULL,NULL,NULL,NULL,NULL),(367,'https://logibrico.fr/wp-content/plugins/CDurteste/pdf/liste',983,NULL,'internal',442,NULL,NULL,NULL,NULL,NULL,NULL),(368,'https://logibrico.fr/wp-content/plugins/CDurteste/images/ce.png',983,NULL,'image-in',442,NULL,NULL,NULL,NULL,NULL,NULL),(369,'https://logibrico.fr/wp-content/plugins/CDurteste/images/rohs.png',983,NULL,'image-in',442,NULL,NULL,NULL,NULL,NULL,NULL),(370,'https://logibrico.fr/wp-content/plugins/CDurteste/pdf/liste',989,NULL,'internal',449,NULL,NULL,NULL,NULL,NULL,NULL),(371,'https://logibrico.fr/wp-content/plugins/CDurteste/images/ce.png',989,NULL,'image-in',449,NULL,NULL,NULL,NULL,NULL,NULL),(372,'https://logibrico.fr/wp-content/plugins/CDurteste/images/rohs.png',989,NULL,'image-in',449,NULL,NULL,NULL,NULL,NULL,NULL),(373,'https://logibrico.fr/wp-content/plugins/CDurteste/pdf/liste',992,NULL,'internal',452,NULL,NULL,NULL,NULL,NULL,NULL),(374,'https://logibrico.fr/wp-content/plugins/CDurteste/images/ce.png',992,NULL,'image-in',452,NULL,NULL,NULL,NULL,NULL,NULL),(375,'https://logibrico.fr/wp-content/plugins/CDurteste/images/rohs.png',992,NULL,'image-in',452,NULL,NULL,NULL,NULL,NULL,NULL),(376,'https://logibrico.fr/wp-content/plugins/CDurteste/pdf/liste',994,NULL,'internal',454,NULL,NULL,NULL,NULL,NULL,NULL),(377,'https://logibrico.fr/wp-content/plugins/CDurteste/images/ce.png',994,NULL,'image-in',454,NULL,NULL,NULL,NULL,NULL,NULL),(378,'https://logibrico.fr/wp-content/plugins/CDurteste/images/rohs.png',994,NULL,'image-in',454,NULL,NULL,NULL,NULL,NULL,NULL),(379,'https://logibrico.fr/wp-content/plugins/CDurteste/pdf/liste',995,NULL,'internal',455,NULL,NULL,NULL,NULL,NULL,NULL),(380,'https://logibrico.fr/wp-content/plugins/CDurteste/images/ce.png',995,NULL,'image-in',455,NULL,NULL,NULL,NULL,NULL,NULL),(381,'https://logibrico.fr/wp-content/plugins/CDurteste/images/rohs.png',995,NULL,'image-in',455,NULL,NULL,NULL,NULL,NULL,NULL),(382,'https://logibrico.fr/wp-content/plugins/CDurteste/pdf/liste',997,NULL,'internal',457,NULL,NULL,NULL,NULL,NULL,NULL),(383,'https://logibrico.fr/wp-content/plugins/CDurteste/images/ce.png',997,NULL,'image-in',457,NULL,NULL,NULL,NULL,NULL,NULL),(384,'https://logibrico.fr/wp-content/plugins/CDurteste/images/rohs.png',997,NULL,'image-in',457,NULL,NULL,NULL,NULL,NULL,NULL),(385,'https://logibrico.fr/wp-content/plugins/CDurteste/pdf/liste',999,NULL,'internal',459,NULL,NULL,NULL,NULL,NULL,NULL),(386,'https://logibrico.fr/wp-content/plugins/CDurteste/images/ce.png',999,NULL,'image-in',459,NULL,NULL,NULL,NULL,NULL,NULL),(387,'https://logibrico.fr/wp-content/plugins/CDurteste/images/rohs.png',999,NULL,'image-in',459,NULL,NULL,NULL,NULL,NULL,NULL),(388,'https://logibrico.fr/wp-content/plugins/CDurteste/pdf/liste',1001,NULL,'internal',461,NULL,NULL,NULL,NULL,NULL,NULL),(389,'https://logibrico.fr/wp-content/plugins/CDurteste/images/ce.png',1001,NULL,'image-in',461,NULL,NULL,NULL,NULL,NULL,NULL),(390,'https://logibrico.fr/wp-content/plugins/CDurteste/images/rohs.png',1001,NULL,'image-in',461,NULL,NULL,NULL,NULL,NULL,NULL),(391,'https://logibrico.fr/wp-content/plugins/CDurteste/pdf/liste',1003,NULL,'internal',463,NULL,NULL,NULL,NULL,NULL,NULL),(392,'https://logibrico.fr/wp-content/plugins/CDurteste/images/ce.png',1003,NULL,'image-in',463,NULL,NULL,NULL,NULL,NULL,NULL),(393,'https://logibrico.fr/wp-content/plugins/CDurteste/images/rohs.png',1003,NULL,'image-in',463,NULL,NULL,NULL,NULL,NULL,NULL),(394,'https://logibrico.fr/wp-content/plugins/CDurteste/pdf/liste',1005,NULL,'internal',465,NULL,NULL,NULL,NULL,NULL,NULL),(395,'https://logibrico.fr/wp-content/plugins/CDurteste/images/ce.png',1005,NULL,'image-in',465,NULL,NULL,NULL,NULL,NULL,NULL),(396,'https://logibrico.fr/wp-content/plugins/CDurteste/images/rohs.png',1005,NULL,'image-in',465,NULL,NULL,NULL,NULL,NULL,NULL),(397,'https://logibrico.fr/wp-content/plugins/CDurteste/pdf/liste',1007,NULL,'internal',467,NULL,NULL,NULL,NULL,NULL,NULL),(398,'https://logibrico.fr/wp-content/plugins/CDurteste/images/ce.png',1007,NULL,'image-in',467,NULL,NULL,NULL,NULL,NULL,NULL),(399,'https://logibrico.fr/wp-content/plugins/CDurteste/images/rohs.png',1007,NULL,'image-in',467,NULL,NULL,NULL,NULL,NULL,NULL),(400,'https://logibrico.fr/wp-content/plugins/CDurteste/pdf/liste',1009,NULL,'internal',469,NULL,NULL,NULL,NULL,NULL,NULL),(401,'https://logibrico.fr/wp-content/plugins/CDurteste/images/ce.png',1009,NULL,'image-in',469,NULL,NULL,NULL,NULL,NULL,NULL),(402,'https://logibrico.fr/wp-content/plugins/CDurteste/images/rohs.png',1009,NULL,'image-in',469,NULL,NULL,NULL,NULL,NULL,NULL),(403,'https://logibrico.fr/wp-content/plugins/CDurteste/pdf/liste',1012,NULL,'internal',472,NULL,NULL,NULL,NULL,NULL,NULL),(404,'https://logibrico.fr/wp-content/plugins/CDurteste/images/ce.png',1012,NULL,'image-in',472,NULL,NULL,NULL,NULL,NULL,NULL),(405,'https://logibrico.fr/wp-content/plugins/CDurteste/images/rohs.png',1012,NULL,'image-in',472,NULL,NULL,NULL,NULL,NULL,NULL),(406,'https://logibrico.fr/wp-content/plugins/CDurteste/pdf/liste',1014,NULL,'internal',474,NULL,NULL,NULL,NULL,NULL,NULL),(407,'https://logibrico.fr/wp-content/plugins/CDurteste/images/ce.png',1014,NULL,'image-in',474,NULL,NULL,NULL,NULL,NULL,NULL),(408,'https://logibrico.fr/wp-content/plugins/CDurteste/images/rohs.png',1014,NULL,'image-in',474,NULL,NULL,NULL,NULL,NULL,NULL),(409,'https://logibrico.fr/wp-content/plugins/CDurteste/pdf/liste',1039,NULL,'internal',484,NULL,NULL,NULL,NULL,NULL,NULL),(410,'https://logibrico.fr/wp-content/plugins/CDurteste/images/ce.png',1039,NULL,'image-in',484,NULL,NULL,NULL,NULL,NULL,NULL),(411,'https://logibrico.fr/wp-content/plugins/CDurteste/images/rohs.png',1039,NULL,'image-in',484,NULL,NULL,NULL,NULL,NULL,NULL),(412,'https://logibrico.fr/wp-content/plugins/CDurteste/pdf/liste',1043,NULL,'internal',488,NULL,NULL,NULL,NULL,NULL,NULL),(413,'https://logibrico.fr/wp-content/plugins/CDurteste/images/ce.png',1043,NULL,'image-in',488,NULL,NULL,NULL,NULL,NULL,NULL),(414,'https://logibrico.fr/wp-content/plugins/CDurteste/images/rohs.png',1043,NULL,'image-in',488,NULL,NULL,NULL,NULL,NULL,NULL),(415,'https://logibrico.fr/wp-content/plugins/CDurteste/pdf/liste',1042,NULL,'internal',487,NULL,NULL,NULL,NULL,NULL,NULL),(416,'https://logibrico.fr/wp-content/plugins/CDurteste/images/ce.png',1042,NULL,'image-in',487,NULL,NULL,NULL,NULL,NULL,NULL),(417,'https://logibrico.fr/wp-content/plugins/CDurteste/images/rohs.png',1042,NULL,'image-in',487,NULL,NULL,NULL,NULL,NULL,NULL),(418,'https://logibrico.fr/wp-content/uploads/2022/03/Slider-reglette-1-1800x380.png',14,973,'image-in',4,435,400,1800,961949,NULL,NULL),(420,'https://logibrico.fr/wp-content/uploads/2022/06/boutons-gris-livraison-gratuite-etc_Plan-de-travail-1.png',14,1072,'image-in',4,519,214,3263,32429,NULL,NULL),(424,'https://logibrico.fr/wp-content/uploads/2022/06/Slider-Logibrico-v2-echangeursatt-01-1800x380.png',14,1137,'image-in',4,562,400,1800,657256,NULL,NULL),(425,'https://logibrico.fr/wp-content/uploads/2022/06/Slider-Logibrico-v2-echangeurs-fb-01-1800x380.png',14,1136,'image-in',4,561,400,1800,512125,NULL,NULL),(428,'https://logibrico.fr/wp-content/plugins/CDurteste/images/ce.png',1184,NULL,'image-in',580,NULL,NULL,NULL,NULL,NULL,NULL),(429,'https://logibrico.fr/wp-content/plugins/CDurteste/images/ip54.png',1184,NULL,'image-in',580,NULL,NULL,NULL,NULL,NULL,NULL),(434,'https://logibrico.fr/wp-content/plugins/CDurteste/pdf/SMART2.pdf',1184,NULL,'internal',580,NULL,NULL,NULL,NULL,NULL,NULL),(435,'https://logibrico.fr/wp-content/plugins/CDurteste/pdf/liste',1193,NULL,'internal',584,NULL,NULL,NULL,NULL,NULL,NULL),(436,'https://logibrico.fr/wp-content/plugins/CDurteste/images/ce.png',1193,NULL,'image-in',584,NULL,NULL,NULL,NULL,NULL,NULL),(437,'https://logibrico.fr/wp-content/plugins/CDurteste/images/rohs.png',1193,NULL,'image-in',584,NULL,NULL,NULL,NULL,NULL,NULL),(438,'https://logibrico.fr/wp-content/plugins/CDurteste/pdf/liste',1195,NULL,'internal',586,NULL,NULL,NULL,NULL,NULL,NULL),(439,'https://logibrico.fr/wp-content/plugins/CDurteste/images/ce.png',1195,NULL,'image-in',586,NULL,NULL,NULL,NULL,NULL,NULL),(440,'https://logibrico.fr/wp-content/plugins/CDurteste/images/rohs.png',1195,NULL,'image-in',586,NULL,NULL,NULL,NULL,NULL,NULL),(441,'https://logibrico.fr/wp-content/plugins/CDurteste/pdf/liste',1197,NULL,'internal',588,NULL,NULL,NULL,NULL,NULL,NULL),(442,'https://logibrico.fr/wp-content/plugins/CDurteste/images/ce.png',1197,NULL,'image-in',588,NULL,NULL,NULL,NULL,NULL,NULL),(443,'https://logibrico.fr/wp-content/plugins/CDurteste/images/rohs.png',1197,NULL,'image-in',588,NULL,NULL,NULL,NULL,NULL,NULL),(444,'https://logibrico.fr/wp-content/plugins/CDurteste/pdf/liste',1200,NULL,'internal',590,NULL,NULL,NULL,NULL,NULL,NULL),(445,'https://logibrico.fr/wp-content/plugins/CDurteste/images/ce.png',1200,NULL,'image-in',590,NULL,NULL,NULL,NULL,NULL,NULL),(446,'https://logibrico.fr/wp-content/plugins/CDurteste/images/rohs.png',1200,NULL,'image-in',590,NULL,NULL,NULL,NULL,NULL,NULL);


