(394,'https://logibrico.fr/produit/ampoule-led-gu10-5w-2700k-dimmable/','64:77280ef32ba9b27941c53b7a1af5c1b8',527,'post','product',2,0,NULL,NULL,'Pack de 30 Ampoules LED GU10 &#8211; 5W &#8211; 2700K &#8211; Dimmable','publish',NULL,0,NULL,NULL,NULL,NULL,NULL,0,0,NULL,0,NULL,NULL,NULL,NULL,'https://logibrico.fr/wp-content/uploads/2021/07/Capture-decran-2020-02-11-a-11.58.16.png',NULL,'522','featured-image',NULL,NULL,'https://logibrico.fr/wp-content/uploads/2021/07/Capture-decran-2020-02-11-a-11.58.16.png','522','featured-image','{\"width\":400,\"height\":379,\"url\":\"https://logibrico.fr/wp-content/uploads/2021/07/Capture-decran-2020-02-11-a-11.58.16.png\",\"path\":\"/home/logibrichx/www/wp-content/uploads/2021/07/Capture-decran-2020-02-11-a-11.58.16.png\",\"size\":\"full\",\"id\":522,\"alt\":\"\",\"pixels\":151600,\"type\":\"image/png\"}',1,NULL,NULL,'2022-02-22 14:04:26','2022-02-22 13:04:43',1,NULL,NULL,NULL,NULL,0,NULL,2,'2022-01-20 14:15:06','2021-07-29 15:38:00'),(395,'https://logibrico.fr/produit/ampoule-led-gu10-7w-2700k/','55:75f4af9c7d9ad0731976ae76757a34e2',528,'post','product',2,0,NULL,NULL,'Pack de 30 Ampoules LED GU10 &#8211; 5W &#8211; 2700K','publish',NULL,0,NULL,NULL,NULL,NULL,NULL,0,0,NULL,0,NULL,NULL,NULL,NULL,'https://logibrico.fr/wp-content/uploads/2021/07/Capture-decran-2020-02-11-a-11.58.16.png',NULL,'522','featured-image',NULL,NULL,'https://logibrico.fr/wp-content/uploads/2021/07/Capture-decran-2020-02-11-a-11.58.16.png','522','featured-image','{\"width\":400,\"height\":379,\"url\":\"https://logibrico.fr/wp-content/uploads/2021/07/Capture-decran-2020-02-11-a-11.58.16.png\",\"path\":\"/home/logibrichx/www/wp-content/uploads/2021/07/Capture-decran-2020-02-11-a-11.58.16.png\",\"size\":\"full\",\"id\":522,\"alt\":\"\",\"pixels\":151600,\"type\":\"image/png\"}',1,NULL,NULL,'2022-02-22 14:04:26','2022-02-22 13:04:43',1,NULL,NULL,NULL,NULL,0,NULL,2,'2022-01-20 14:17:27','2021-07-29 15:41:39'),(396,'https://logibrico.fr/produit/dalle-led-ronde-extra-plate-3w-4000k-85xh25mm/','75:1c7207c732f32bf65228a1af5d9dc774',556,'post','product',2,0,NULL,NULL,'Dalle Led Ronde Extra Plate 3W &#8211; 4000K &#8211; 85xH25mm','publish',NULL,0,NULL,NULL,NULL,NULL,NULL,90,0,NULL,0,NULL,NULL,NULL,NULL,'https://logibrico.fr/wp-content/uploads/2021/08/dalle-ronde-hd.png',NULL,'550','featured-image',NULL,NULL,'https://logibrico.fr/wp-content/uploads/2021/08/dalle-ronde-hd.png','550','featured-image','{\"width\":400,\"height\":372,\"url\":\"https://logibrico.fr/wp-content/uploads/2021/08/dalle-ronde-hd.png\",\"path\":\"/home/logibrichx/www/wp-content/uploads/2021/08/dalle-ronde-hd.png\",\"size\":\"full\",\"id\":550,\"alt\":\"\",\"pixels\":148800,\"type\":\"image/png\"}',1,NULL,NULL,'2022-02-22 14:04:26','2022-04-12 13:40:03',1,NULL,NULL,NULL,NULL,0,NULL,2,'2022-04-12 15:40:03','2021-08-31 12:13:16'),(397,'https://logibrico.fr/produit/dalle-led-ronde-extra-plate-6w-4000k-85xh25mm/','75:d4f3ce84204daee054739f1de6a3720f',557,'post','product',2,0,NULL,NULL,'Dalle Led Ronde Extra Plate 6W &#8211; 4000K &#8211; 120xH25mm','publish',NULL,0,NULL,NULL,NULL,NULL,NULL,90,0,NULL,0,NULL,NULL,NULL,NULL,'https://logibrico.fr/wp-content/uploads/2021/08/dalle-ronde-hd.png',NULL,'550','featured-image',NULL,NULL,'https://logibrico.fr/wp-content/uploads/2021/08/dalle-ronde-hd.png','550','featured-image','{\"width\":400,\"height\":372,\"url\":\"https://logibrico.fr/wp-content/uploads/2021/08/dalle-ronde-hd.png\",\"path\":\"/home/logibrichx/www/wp-content/uploads/2021/08/dalle-ronde-hd.png\",\"size\":\"full\",\"id\":550,\"alt\":\"\",\"pixels\":148800,\"type\":\"image/png\"}',1,NULL,NULL,'2022-02-22 14:04:26','2022-07-04 13:19:57',1,NULL,NULL,NULL,NULL,0,NULL,2,'2022-07-04 15:19:57','2021-08-31 12:16:00'),(398,'https://logibrico.fr/produit/dalle-led-ronde-extra-plate-6w-3000k-120xh25mm/','76:d73b812e66257ef7a5ce42600525de7d',558,'post','product',2,0,NULL,NULL,'Dalle Led Ronde Extra Plate 6W &#8211; 3000K &#8211; 120xH25mm','publish',NULL,0,NULL,NULL,NULL,NULL,NULL,90,0,NULL,0,NULL,NULL,NULL,NULL,'https://logibrico.fr/wp-content/uploads/2021/08/dalle-ronde-hd.png',NULL,'550','featured-image',NULL,NULL,'https://logibrico.fr/wp-content/uploads/2021/08/dalle-ronde-hd.png','550','featured-image','{\"width\":400,\"height\":372,\"url\":\"https://logibrico.fr/wp-content/uploads/2021/08/dalle-ronde-hd.png\",\"path\":\"/home/logibrichx/www/wp-content/uploads/2021/08/dalle-ronde-hd.png\",\"size\":\"full\",\"id\":550,\"alt\":\"\",\"pixels\":148800,\"type\":\"image/png\"}',1,NULL,NULL,'2022-02-22 14:04:26','2022-07-04 13:21:06',1,NULL,NULL,NULL,NULL,0,NULL,2,'2022-07-04 15:21:05','2021-08-31 12:22:47'),(399,'https://logibrico.fr/produit/dalle-led-ronde-extra-plate-15w-4000k-200xh25mm/','77:540f52948a02b8048a5b3d91c6cdaefc',560,'post','product',2,0,NULL,NULL,'Dalle Led Ronde Extra Plate 15W &#8211; 4000K &#8211; 200xH25mm','publish',NULL,0,NULL,NULL,NULL,NULL,NULL,90,0,NULL,0,NULL,NULL,NULL,NULL,'https://logibrico.fr/wp-content/uploads/2021/08/dalle-ronde-hd.png',NULL,'550','featured-image',NULL,NULL,'https://logibrico.fr/wp-content/uploads/2021/08/dalle-ronde-hd.png','550','featured-image','{\"width\":400,\"height\":372,\"url\":\"https://logibrico.fr/wp-content/uploads/2021/08/dalle-ronde-hd.png\",\"path\":\"/home/logibrichx/www/wp-content/uploads/2021/08/dalle-ronde-hd.png\",\"size\":\"full\",\"id\":550,\"alt\":\"\",\"pixels\":148800,\"type\":\"image/png\"}',1,NULL,NULL,'2022-02-22 14:04:26','2022-07-04 13:22:13',1,NULL,NULL,NULL,NULL,0,NULL,2,'2022-07-04 15:22:13','2021-08-31 12:30:37'),(400,'https://logibrico.fr/produit/dalle-led-ronde-extra-plate-15w-3000k-200xh25mm/','77:346e5dac274b09370478a90a3b6fb75b',561,'post','product',2,0,NULL,NULL,'Dalle Led Ronde Extra Plate 15W &#8211; 3000K &#8211; 200xH25mm','publish',NULL,0,NULL,NULL,NULL,NULL,NULL,90,0,NULL,0,NULL,NULL,NULL,NULL,'https://logibrico.fr/wp-content/uploads/2021/08/dalle-ronde-hd.png',NULL,'550','featured-image',NULL,NULL,'https://logibrico.fr/wp-content/uploads/2021/08/dalle-ronde-hd.png','550','featured-image','{\"width\":400,\"height\":372,\"url\":\"https://logibrico.fr/wp-content/uploads/2021/08/dalle-ronde-hd.png\",\"path\":\"/home/logibrichx/www/wp-content/uploads/2021/08/dalle-ronde-hd.png\",\"size\":\"full\",\"id\":550,\"alt\":\"\",\"pixels\":148800,\"type\":\"image/png\"}',1,NULL,NULL,'2022-02-22 14:04:26','2022-07-04 13:23:01',1,NULL,NULL,NULL,NULL,0,NULL,2,'2022-07-04 15:23:01','2021-08-31 12:33:52'),(401,'https://logibrico.fr/produit/dalle-led-ronde-extra-plate-18w-4000k-225xh25mm/','77:4d72ab38c2c3e6cab966b44acb870fd9',562,'post','product',2,0,NULL,NULL,'Dalle Led Ronde Extra Plate 18W &#8211; 4000K &#8211; 225xH25mm','publish',NULL,0,NULL,NULL,NULL,NULL,NULL,90,0,NULL,0,NULL,NULL,NULL,NULL,'https://logibrico.fr/wp-content/uploads/2021/08/dalle-ronde-hd.png',NULL,'550','featured-image',NULL,NULL,'https://logibrico.fr/wp-content/uploads/2021/08/dalle-ronde-hd.png','550','featured-image','{\"width\":400,\"height\":372,\"url\":\"https://logibrico.fr/wp-content/uploads/2021/08/dalle-ronde-hd.png\",\"path\":\"/home/logibrichx/www/wp-content/uploads/2021/08/dalle-ronde-hd.png\",\"size\":\"full\",\"id\":550,\"alt\":\"\",\"pixels\":148800,\"type\":\"image/png\"}',1,NULL,NULL,'2022-02-22 14:04:26','2022-07-04 13:12:22',1,NULL,NULL,NULL,NULL,0,NULL,2,'2022-07-04 15:12:21','2021-08-31 13:05:43'),(402,'https://logibrico.fr/produit/dalle-led-ronde-extra-plate-18w-3000k-225xh25mm/','77:e64da714f3afaba927af225a1d79081f',563,'post','product',2,0,NULL,NULL,'Dalle Led Ronde Extra Plate 18W &#8211; 3000K &#8211; 225xH25mm','publish',NULL,0,NULL,NULL,NULL,NULL,NULL,90,0,NULL,0,NULL,NULL,NULL,NULL,'https://logibrico.fr/wp-content/uploads/2021/08/dalle-ronde-hd.png',NULL,'550','featured-image',NULL,NULL,'https://logibrico.fr/wp-content/uploads/2021/08/dalle-ronde-hd.png','550','featured-image','{\"width\":400,\"height\":372,\"url\":\"https://logibrico.fr/wp-content/uploads/2021/08/dalle-ronde-hd.png\",\"path\":\"/home/logibrichx/www/wp-content/uploads/2021/08/dalle-ronde-hd.png\",\"size\":\"full\",\"id\":550,\"alt\":\"\",\"pixels\":148800,\"type\":\"image/png\"}',1,NULL,NULL,'2022-02-22 14:04:26','2022-04-12 13:35:31',1,NULL,NULL,NULL,NULL,0,NULL,2,'2022-04-12 15:35:31','2021-08-31 13:17:34'),(403,'https://logibrico.fr/produit/reglette-led-etanche-double-connexion-60w-6000k-150-cm/','84:584758c573b0ad1d64f11b470eaa6e4a',572,'post','product',2,0,NULL,NULL,'Réglette Led EtancheDouble Connexion150 cm &#8211; 6000K','publish',NULL,0,NULL,NULL,NULL,NULL,NULL,90,0,NULL,0,NULL,NULL,NULL,NULL,'https://logibrico.fr/wp-content/uploads/2021/08/D.png',NULL,'972','featured-image',NULL,NULL,'https://logibrico.fr/wp-content/uploads/2021/08/D.png','972','featured-image','{\"width\":550,\"height\":736,\"url\":\"https://logibrico.fr/wp-content/uploads/2021/08/D.png\",\"path\":\"/home/logibrichx/www/wp-content/uploads/2021/08/D.png\",\"size\":\"full\",\"id\":972,\"alt\":\"\",\"pixels\":404800,\"type\":\"image/png\"}',1,0,NULL,'2022-02-22 14:04:26','2022-07-04 12:43:16',1,NULL,NULL,NULL,NULL,0,NULL,2,'2022-07-04 14:43:16','2021-08-31 14:35:16'),(404,'https://logibrico.fr/produit/candelabre-candal02-300w/','54:8ede88bce32d9f248ea2dcb1390c3231',601,'post','product',2,0,NULL,NULL,'Candélabre CANDAL02 &#8211; 300W','publish',NULL,0,NULL,NULL,NULL,NULL,NULL,90,0,NULL,0,NULL,NULL,NULL,NULL,'https://logibrico.fr/wp-content/uploads/2021/09/candal.02-240w-2.png',NULL,'604','featured-image',NULL,NULL,'https://logibrico.fr/wp-content/uploads/2021/09/candal.02-240w-2.png','604','featured-image','{\"width\":400,\"height\":330,\"url\":\"https://logibrico.fr/wp-content/uploads/2021/09/candal.02-240w-2.png\",\"path\":\"/home/logibrichx/www/wp-content/uploads/2021/09/candal.02-240w-2.png\",\"size\":\"full\",\"id\":604,\"alt\":\"\",\"pixels\":132000,\"type\":\"image/png\"}',1,NULL,NULL,'2022-02-22 14:04:26','2022-04-12 12:02:38',1,NULL,NULL,NULL,NULL,0,NULL,2,'2022-04-12 14:02:38','2021-09-07 08:02:38'),(405,'https://logibrico.fr/produit/pack-de-30-ampoules-led-gu10-7w-2700k/','67:ce9d12e104cef81382e827c554a60786',925,'post','product',2,0,NULL,NULL,'Pack de 30 Ampoules LED GU10 &#8211; 7W &#8211; 2700K','publish',NULL,0,NULL,NULL,NULL,NULL,NULL,90,0,NULL,0,NULL,NULL,NULL,NULL,'https://logibrico.fr/wp-content/uploads/2021/07/Capture-decran-2020-02-11-a-11.58.16.png',NULL,'522','featured-image',NULL,NULL,'https://logibrico.fr/wp-content/uploads/2021/07/Capture-decran-2020-02-11-a-11.58.16.png','522','featured-image','{\"width\":400,\"height\":379,\"url\":\"https://logibrico.fr/wp-content/uploads/2021/07/Capture-decran-2020-02-11-a-11.58.16.png\",\"path\":\"/home/logibrichx/www/wp-content/uploads/2021/07/Capture-decran-2020-02-11-a-11.58.16.png\",\"size\":\"full\",\"id\":522,\"alt\":\"\",\"pixels\":151600,\"type\":\"image/png\"}',1,NULL,NULL,'2022-02-22 14:04:27','2022-03-17 15:01:13',1,NULL,NULL,NULL,NULL,0,NULL,2,'2022-03-17 16:01:13','2022-01-11 14:08:17'),(406,'https://logibrico.fr/produit/reglette-led-etanche-double-connexion-120-cm-40w-4000k/','84:87cf1425c97bf65a9e7db577699ac3fc',943,'post','product',2,0,NULL,NULL,'Réglette Led Etanche Double Connexion &#8211; 120 cm &#8211; 40W &#8211; 4000K','publish',NULL,0,NULL,NULL,NULL,NULL,NULL,90,0,NULL,0,NULL,NULL,NULL,NULL,'https://logibrico.fr/wp-content/uploads/2021/08/D.png',NULL,'972','featured-image',NULL,NULL,'https://logibrico.fr/wp-content/uploads/2021/08/D.png','972','featured-image','{\"width\":550,\"height\":736,\"url\":\"https://logibrico.fr/wp-content/uploads/2021/08/D.png\",\"path\":\"/home/logibrichx/www/wp-content/uploads/2021/08/D.png\",\"size\":\"full\",\"id\":972,\"alt\":\"\",\"pixels\":404800,\"type\":\"image/png\"}',1,NULL,NULL,'2022-02-22 14:04:27','2022-05-17 13:35:06',1,NULL,NULL,NULL,NULL,0,NULL,2,'2022-05-17 15:35:06','2022-02-17 13:56:51'),(407,'https://logibrico.fr/produit/reglette-led-etanche-double-connexion-120-cm-40w-6000k/','84:01d835d48c931159258baedf5b002759',944,'post','product',2,0,NULL,NULL,'Réglette Led Etanche Double Connexion &#8211; 120 cm &#8211; 40W &#8211; 6000K','publish',NULL,0,NULL,NULL,NULL,NULL,NULL,90,0,NULL,0,NULL,NULL,NULL,NULL,'https://logibrico.fr/wp-content/uploads/2021/08/D.png',NULL,'972','featured-image',NULL,NULL,'https://logibrico.fr/wp-content/uploads/2021/08/D.png','972','featured-image','{\"width\":550,\"height\":736,\"url\":\"https://logibrico.fr/wp-content/uploads/2021/08/D.png\",\"path\":\"/home/logibrichx/www/wp-content/uploads/2021/08/D.png\",\"size\":\"full\",\"id\":972,\"alt\":\"\",\"pixels\":404800,\"type\":\"image/png\"}',1,NULL,NULL,'2022-02-22 14:04:27','2022-05-17 13:36:27',1,NULL,NULL,NULL,NULL,0,NULL,2,'2022-05-17 15:36:27','2022-02-17 14:32:00'),(409,'https://logibrico.fr/boutique/','30:1c51cee3a43879bdf269b4313aba8896',NULL,'post-type-archive','product',NULL,NULL,'%%pt_plural%% Archive %%page%% %%sep%% %%sitename%%','','Produits',NULL,1,0,NULL,NULL,NULL,NULL,NULL,NULL,0,0,0,0,0,0,NULL,NULL,NULL,NULL,NULL,NULL,NULL,NULL,NULL,NULL,NULL,NULL,NULL,NULL,'2022-02-22 14:04:28','2022-10-06 10:57:23',1,NULL,NULL,NULL,NULL,0,NULL,2,'2022-10-06 12:57:23','2021-06-09 15:35:23'),(410,NULL,NULL,NULL,'system-page','404',NULL,NULL,'Page non trouvée %%sep%% %%sitename%%',NULL,'Oups... On va réparer le problème au plus vite !',NULL,NULL,0,NULL,NULL,NULL,NULL,NULL,NULL,0,1,0,0,0,0,NULL,NULL,NULL,NULL,NULL,NULL,NULL,NULL,NULL,NULL,NULL,NULL,NULL,NULL,'2022-02-22 14:04:29','2022-03-03 07:57:28',1,NULL,NULL,NULL,NULL,0,NULL,1,NULL,NULL),(411,NULL,NULL,NULL,'system-page','search-result',NULL,NULL,'Vous avez cherché %%searchphrase%% %%page%% %%sep%% %%sitename%%',NULL,NULL,NULL,NULL,0,NULL,NULL,NULL,NULL,NULL,NULL,0,1,0,0,0,0,NULL,NULL,NULL,NULL,NULL,NULL,NULL,NULL,NULL,NULL,NULL,NULL,NULL,NULL,'2022-02-22 14:04:29','2022-02-22 13:04:29',1,NULL,NULL,NULL,NULL,0,NULL,1,NULL,NULL),(412,NULL,NULL,NULL,'date-archive',NULL,NULL,NULL,'%%date%% %%page%% %%sep%% %%sitename%%','',NULL,NULL,0,0,NULL,NULL,NULL,NULL,NULL,NULL,0,1,0,0,0,0,NULL,NULL,NULL,NULL,NULL,NULL,NULL,NULL,NULL,NULL,NULL,NULL,NULL,NULL,'2022-02-22 14:04:29','2022-02-22 13:04:29',1,NULL,NULL,NULL,NULL,0,NULL,1,NULL,NULL),(413,'https://logibrico.fr/author/applecenter/','40:00f9231f8e73699f891e56768171fd7f',4,'user',NULL,NULL,NULL,NULL,NULL,NULL,NULL,NULL,0,0,NULL,NULL,NULL,NULL,NULL,0,0,NULL,NULL,NULL,NULL,NULL,'https://1.gravatar.com/avatar/db2d3b4cb97191ed119a4e755c6d8974?s=500&d=mm&r=g',NULL,NULL,'gravatar-image',NULL,NULL,'https://1.gravatar.com/avatar/db2d3b4cb97191ed119a4e755c6d8974?s=500&d=mm&r=g',NULL,'gravatar-image',NULL,NULL,NULL,NULL,'2022-03-01 13:29:21','2022-04-10 05:48:05',1,NULL,NULL,NULL,NULL,0,NULL,2,'2022-04-10 09:48:05',NULL),(414,'https://logibrico.fr/?mailpoet_page=subscriptions','49:27f7a78f9051ad88c7a38ab66457db38',796,'post','mailpoet_page',1,0,NULL,NULL,'Page MailPoet','publish',NULL,0,NULL,NULL,NULL,NULL,NULL,0,0,NULL,0,NULL,NULL,NULL,NULL,NULL,NULL,NULL,NULL,NULL,NULL,NULL,NULL,NULL,NULL,0,NULL,NULL,'2022-03-01 13:29:58','2022-03-01 12:29:58',1,NULL,NULL,NULL,NULL,0,NULL,2,'2021-10-19 12:51:26','2021-10-19 12:51:26'),(415,'https://logibrico.fr/author/alice/','34:89a49010982979cc37273fb1f5a7c54f',10,'user',NULL,NULL,NULL,NULL,NULL,NULL,NULL,NULL,0,0,NULL,NULL,NULL,NULL,NULL,0,0,NULL,NULL,NULL,NULL,NULL,'https://secure.gravatar.com/avatar/4ea13decd208c0203d610e7faeaf5bbe?s=500&d=mm&r=g',NULL,NULL,'gravatar-image',NULL,NULL,'https://secure.gravatar.com/avatar/4ea13decd208c0203d610e7faeaf5bbe?s=500&d=mm&r=g',NULL,'gravatar-image',NULL,NULL,NULL,NULL,'2022-03-03 08:08:17','2022-03-03 07:08:17',1,NULL,NULL,NULL,NULL,0,NULL,2,NULL,NULL),(416,'https://logibrico.fr/author/cdurteste-5102/','43:73dbd80d53f4223870b0b53c121e16df',12,'user',NULL,NULL,NULL,NULL,NULL,NULL,NULL,NULL,0,0,NULL,NULL,NULL,NULL,NULL,0,0,NULL,NULL,NULL,NULL,NULL,'https://secure.gravatar.com/avatar/3a7d9cccad20d393862d7f772ab4d2b4?s=500&d=mm&r=g',NULL,NULL,'gravatar-image',NULL,NULL,'https://secure.gravatar.com/avatar/3a7d9cccad20d393862d7f772ab4d2b4?s=500&d=mm&r=g',NULL,'gravatar-image',NULL,NULL,NULL,NULL,'2022-03-03 08:08:17','2022-06-22 06:32:34',1,NULL,NULL,NULL,NULL,0,NULL,2,'2022-06-22 10:32:34',NULL),(417,'https://logibrico.fr/author/dimitri-8115/','41:e33c53f60f574862d1a4db5969d70c21',5,'user',NULL,NULL,NULL,NULL,NULL,NULL,NULL,NULL,0,0,NULL,NULL,NULL,NULL,NULL,0,0,NULL,NULL,NULL,NULL,NULL,'https://secure.gravatar.com/avatar/64687ce6a818ee92ea98f180f03a851d?s=500&d=mm&r=g',NULL,NULL,'gravatar-image',NULL,NULL,'https://secure.gravatar.com/avatar/64687ce6a818ee92ea98f180f03a851d?s=500&d=mm&r=g',NULL,'gravatar-image',NULL,NULL,NULL,NULL,'2022-03-03 08:08:17','2022-03-03 07:08:17',1,NULL,NULL,NULL,NULL,0,NULL,2,NULL,NULL),(418,'https://logibrico.fr/author/jose/','33:0d29e8b5ee9fc9d92a09972125232e8b',8,'user',NULL,NULL,NULL,NULL,NULL,NULL,NULL,NULL,0,0,NULL,NULL,NULL,NULL,NULL,0,0,NULL,NULL,NULL,NULL,NULL,'https://secure.gravatar.com/avatar/cc9ef89f2bb965c3cda41fdcc3b474f4?s=500&d=mm&r=g',NULL,NULL,'gravatar-image',NULL,NULL,'https://secure.gravatar.com/avatar/cc9ef89f2bb965c3cda41fdcc3b474f4?s=500&d=mm&r=g',NULL,'gravatar-image',NULL,NULL,NULL,NULL,'2022-03-03 08:08:17','2022-03-03 07:08:17',1,NULL,NULL,NULL,NULL,0,NULL,2,NULL,NULL),(419,'https://logibrico.fr/author/perrinecatry/','41:22078748e263a14d7674430659f77ea4',6,'user',NULL,NULL,NULL,NULL,NULL,NULL,NULL,NULL,0,0,NULL,NULL,NULL,NULL,NULL,0,0,NULL,NULL,NULL,NULL,NULL,'https://secure.gravatar.com/avatar/a59fccfa93685d7ce3f59e380642094b?s=500&d=mm&r=g',NULL,NULL,'gravatar-image',NULL,NULL,'https://secure.gravatar.com/avatar/a59fccfa93685d7ce3f59e380642094b?s=500&d=mm&r=g',NULL,'gravatar-image',NULL,NULL,NULL,NULL,'2022-03-03 08:08:17','2022-03-03 07:08:17',1,NULL,NULL,NULL,NULL,0,NULL,2,NULL,NULL),(421,'https://logibrico.fr/author/testlogibrico/','42:e8823bcbb9200ee8d61bbec1d6a542b3',7,'user',NULL,NULL,NULL,NULL,NULL,NULL,NULL,NULL,0,0,NULL,NULL,NULL,NULL,NULL,0,0,NULL,NULL,NULL,NULL,NULL,'https://secure.gravatar.com/avatar/8aee75111e9f811f42d6d81d709cffb2?s=500&d=mm&r=g',NULL,NULL,'gravatar-image',NULL,NULL,'https://secure.gravatar.com/avatar/8aee75111e9f811f42d6d81d709cffb2?s=500&d=mm&r=g',NULL,'gravatar-image',NULL,NULL,NULL,NULL,'2022-03-03 08:08:17','2022-03-03 07:08:17',1,NULL,NULL,NULL,NULL,0,NULL,2,NULL,NULL),(422,'https://logibrico.fr/author/antoine-a3j/','40:3ed24843fa2fc44baea35e5593d7d49b',15,'user',NULL,NULL,NULL,NULL,NULL,NULL,NULL,NULL,0,0,NULL,NULL,NULL,NULL,NULL,0,0,NULL,NULL,NULL,NULL,NULL,'https://secure.gravatar.com/avatar/894f08beadcd53657f01cd58ec5629c7?s=500&d=mm&r=g',NULL,NULL,'gravatar-image',NULL,NULL,'https://secure.gravatar.com/avatar/894f08beadcd53657f01cd58ec5629c7?s=500&d=mm&r=g',NULL,'gravatar-image',NULL,NULL,NULL,NULL,'2022-03-08 09:05:11','2022-03-08 08:05:11',1,NULL,NULL,NULL,NULL,0,NULL,2,'2022-03-08 10:05:11',NULL),(423,'https://logibrico.fr/produit/pack-de-30-ampoules-dimmable-led-gu10-7w-2700k/','76:39b788d92eb624bbc028a5ab95a45d98',963,'post','product',2,0,NULL,NULL,'Pack de 30 Ampoules LED GU10 Dimmable &#8211; 7W &#8211; 2700K','publish',NULL,0,NULL,NULL,NULL,NULL,NULL,90,0,NULL,0,NULL,NULL,NULL,NULL,'https://logibrico.fr/wp-content/uploads/2021/07/Capture-decran-2020-02-11-a-11.58.16.png',NULL,'522','featured-image',NULL,NULL,'https://logibrico.fr/wp-content/uploads/2021/07/Capture-decran-2020-02-11-a-11.58.16.png','522','featured-image','{\"width\":400,\"height\":379,\"url\":\"https://logibrico.fr/wp-content/uploads/2021/07/Capture-decran-2020-02-11-a-11.58.16.png\",\"path\":\"/home/logibrichx/www/wp-content/uploads/2021/07/Capture-decran-2020-02-11-a-11.58.16.png\",\"size\":\"full\",\"id\":522,\"alt\":\"\",\"pixels\":151600,\"type\":\"image/png\"}',1,NULL,NULL,'2022-03-08 16:29:27','2022-03-08 15:57:51',1,NULL,NULL,NULL,NULL,0,1,2,'2022-03-08 16:57:51','2022-03-08 16:29:27'),(424,'https://logibrico.fr/?post_type=ml-slider&p=643','47:d2a42e9f5f5137f1710e88f3bb99ede2',643,'post','ml-slider',2,0,NULL,NULL,'Slider acc','publish',NULL,0,NULL,NULL,NULL,NULL,NULL,0,0,NULL,0,NULL,NULL,NULL,NULL,NULL,NULL,NULL,NULL,NULL,NULL,NULL,NULL,NULL,NULL,0,NULL,NULL,'2022-03-10 13:45:00','2022-03-10 12:45:00',1,NULL,NULL,NULL,NULL,0,NULL,2,'2022-03-10 13:45:00','2021-09-14 13:36:06'),(425,'https://logibrico.fr/?post_type=ml-slide&p=652','46:9482fcf40dbfc96ae7bd2054f9b98aeb',652,'post','ml-slide',2,0,NULL,NULL,'Slider 643 &#8211; image','trash',0,0,NULL,NULL,NULL,NULL,NULL,0,0,NULL,0,NULL,NULL,NULL,NULL,'https://logibrico.fr/wp-content/uploads/2021/12/Slider-reglette.png',NULL,'885','featured-image',NULL,NULL,'https://logibrico.fr/wp-content/uploads/2021/12/Slider-reglette-1024x228.png','885','featured-image','{\"width\":1024,\"height\":228,\"path\":\"2021/12/Slider-reglette-1024x228.png\",\"url\":\"https://logibrico.fr/wp-content/uploads/2021/12/Slider-reglette-1024x228.png\",\"size\":\"large\",\"id\":885,\"alt\":\"\",\"pixels\":233472,\"type\":\"image/png\"}',NULL,NULL,NULL,'2022-03-10 13:45:00','2022-03-10 12:45:00',1,NULL,NULL,NULL,NULL,0,NULL,2,'2022-03-10 13:45:00','2021-09-14 14:12:11'),(426,'https://logibrico.fr/?post_type=ml-slide&p=667','46:d25492c73a684431ca053f8a587b074b',667,'post','ml-slide',2,0,NULL,NULL,'Slider 643 &#8211; image','publish',NULL,0,NULL,NULL,NULL,NULL,NULL,0,0,NULL,0,NULL,NULL,NULL,NULL,'https://logibrico.fr/wp-content/uploads/2021/09/Slider-Logibrico-2_Plan-de-travail-1-1.png',NULL,'665','featured-image',NULL,NULL,'https://logibrico.fr/wp-content/uploads/2021/09/Slider-Logibrico-2_Plan-de-travail-1-1.png','665','featured-image','{\"width\":1800,\"height\":400,\"url\":\"https://logibrico.fr/wp-content/uploads/2021/09/Slider-Logibrico-2_Plan-de-travail-1-1.png\",\"path\":\"/home/logibrichx/www/wp-content/uploads/2021/09/Slider-Logibrico-2_Plan-de-travail-1-1.png\",\"size\":\"full\",\"id\":665,\"alt\":\"\",\"pixels\":720000,\"type\":\"image/png\"}',0,NULL,NULL,'2022-03-10 13:59:04','2022-03-10 12:59:04',1,NULL,NULL,NULL,NULL,0,NULL,2,'2022-03-10 13:59:03','2021-09-16 15:26:34'),(427,'https://logibrico.fr/?post_type=ml-slide&p=661','46:45f5efaf08bf9a18a05f7513b9cce10b',661,'post','ml-slide',2,0,NULL,NULL,'Slider 643 &#8211; image','publish',NULL,0,NULL,NULL,NULL,NULL,NULL,0,0,NULL,0,NULL,NULL,NULL,NULL,'https://logibrico.fr/wp-content/uploads/2021/10/Slider-Logibrico-3_Plan-de-travail-1.png',NULL,'797','featured-image',NULL,NULL,'https://logibrico.fr/wp-content/uploads/2021/10/Slider-Logibrico-3_Plan-de-travail-1.png','797','featured-image','{\"width\":3750,\"height\":834,\"url\":\"https://logibrico.fr/wp-content/uploads/2021/10/Slider-Logibrico-3_Plan-de-travail-1.png\",\"path\":\"/home/logibrichx/www/wp-content/uploads/2021/10/Slider-Logibrico-3_Plan-de-travail-1.png\",\"size\":\"full\",\"id\":797,\"alt\":\"\",\"pixels\":3127500,\"type\":\"image/png\"}',0,NULL,NULL,'2022-03-10 13:59:04','2022-03-10 12:59:04',1,NULL,NULL,NULL,NULL,0,NULL,2,'2022-03-10 13:59:04','2021-09-16 14:02:42'),(428,'https://logibrico.fr/?post_type=ml-slider&p=965','47:29efd6153cae621962580ad52fc0787c',965,'post','ml-slider',2,0,NULL,NULL,'Slider acc','publish',NULL,0,NULL,NULL,NULL,NULL,NULL,0,0,NULL,0,NULL,NULL,NULL,NULL,NULL,NULL,NULL,NULL,NULL,NULL,NULL,NULL,NULL,NULL,0,NULL,NULL,'2022-03-10 13:59:05','2022-06-09 13:58:59',1,NULL,NULL,NULL,NULL,0,NULL,2,'2022-06-09 15:58:59','2022-03-10 13:59:05'),(429,'https://logibrico.fr/?post_type=ml-slide&p=966','46:8f04301d4d54dec0605db0d213c4b135',966,'post','ml-slide',2,0,NULL,NULL,'Slider 965 &#8211; image','publish',NULL,0,NULL,NULL,NULL,NULL,NULL,0,0,NULL,0,NULL,NULL,NULL,NULL,'https://logibrico.fr/wp-content/uploads/2021/09/Slider-Logibrico-2_Plan-de-travail-1-1.png',NULL,'665','featured-image',NULL,NULL,'https://logibrico.fr/wp-content/uploads/2021/09/Slider-Logibrico-2_Plan-de-travail-1-1.png','665','featured-image','{\"width\":1800,\"height\":400,\"url\":\"https://logibrico.fr/wp-content/uploads/2021/09/Slider-Logibrico-2_Plan-de-travail-1-1.png\",\"path\":\"/home/logibrichx/www/wp-content/uploads/2021/09/Slider-Logibrico-2_Plan-de-travail-1-1.png\",\"size\":\"full\",\"id\":665,\"alt\":\"\",\"pixels\":720000,\"type\":\"image/png\"}',0,NULL,NULL,'2022-03-10 13:59:05','2022-06-14 07:03:27',1,NULL,NULL,NULL,NULL,0,NULL,2,'2022-06-14 09:03:27','2022-03-10 13:59:05'),(430,'https://logibrico.fr/?post_type=ml-slide&p=967','46:a71981fbff352814d70e8113ea6bd4d2',967,'post','ml-slide',2,0,NULL,NULL,'Slider 965 &#8211; image','trash',0,0,NULL,NULL,NULL,NULL,NULL,0,0,NULL,0,NULL,NULL,NULL,NULL,'https://logibrico.fr/wp-content/uploads/2021/10/Slider-Logibrico-3_Plan-de-travail-1.png',NULL,'797','featured-image',NULL,NULL,'https://logibrico.fr/wp-content/uploads/2021/10/Slider-Logibrico-3_Plan-de-travail-1.png','797','featured-image','{\"width\":3750,\"height\":834,\"url\":\"https://logibrico.fr/wp-content/uploads/2021/10/Slider-Logibrico-3_Plan-de-travail-1.png\",\"path\":\"/home/logibrichx/www/wp-content/uploads/2021/10/Slider-Logibrico-3_Plan-de-travail-1.png\",\"size\":\"full\",\"id\":797,\"alt\":\"\",\"pixels\":3127500,\"type\":\"image/png\"}',0,NULL,NULL,'2022-03-10 13:59:05','2022-03-10 13:37:15',1,NULL,NULL,NULL,NULL,0,NULL,2,'2022-03-10 14:37:15','2022-03-10 13:59:05'),(431,'https://logibrico.fr/?post_type=ml-slide&p=968','46:c0b6e7abbf3245d1bd05f1f92d565fac',968,'post','ml-slide',2,0,NULL,NULL,'Slider 965 &#8211; image','publish',NULL,0,NULL,NULL,NULL,NULL,NULL,0,0,NULL,0,NULL,NULL,NULL,NULL,NULL,NULL,NULL,NULL,NULL,NULL,NULL,NULL,NULL,NULL,0,NULL,NULL,'2022-03-10 13:59:05','2022-03-10 12:59:05',1,NULL,NULL,NULL,NULL,0,NULL,2,'2022-03-10 13:59:05','2022-03-10 13:59:05'),(432,'https://logibrico.fr/wp-content/uploads/2022/03/slider-reglette.png','67:2163c0e52e33f6b46befd759eed17e9b',969,'post','attachment',2,0,NULL,NULL,'slider-reglette','inherit',0,0,0,NULL,NULL,NULL,NULL,0,0,NULL,0,NULL,NULL,NULL,NULL,'https://logibrico.fr/wp-content/uploads/2022/03/slider-reglette.png',NULL,'969','attachment-image',NULL,NULL,NULL,'969','attachment-image',NULL,NULL,0,NULL,'2022-03-10 13:59:36','2022-06-09 14:08:38',1,NULL,NULL,NULL,NULL,0,NULL,2,'2022-03-10 13:59:36','2022-03-10 13:59:36'),(433,'https://logibrico.fr/?post_type=ml-slide&p=970','46:a2e7057f1eacda1b9ba167a7d0aad16f',970,'post','ml-slide',2,0,NULL,NULL,'Slider 965 &#8211; image','publish',NULL,0,NULL,NULL,NULL,NULL,NULL,0,0,NULL,0,NULL,NULL,NULL,NULL,'https://logibrico.fr/wp-content/uploads/2022/03/Slider-reglette-1.png',NULL,'973','featured-image',NULL,NULL,'https://logibrico.fr/wp-content/uploads/2022/03/Slider-reglette-1.png','973','featured-image','{\"width\":1800,\"height\":400,\"url\":\"https://logibrico.fr/wp-content/uploads/2022/03/Slider-reglette-1.png\",\"path\":\"/home/logibrichx/www/wp-content/uploads/2022/03/Slider-reglette-1.png\",\"size\":\"full\",\"id\":973,\"alt\":\"\",\"pixels\":720000,\"type\":\"image/png\"}',0,NULL,NULL,'2022-03-10 13:59:47','2022-06-16 10:32:54',1,NULL,NULL,NULL,NULL,0,NULL,2,'2022-06-16 12:32:54','2022-03-10 13:59:47'),(434,'https://logibrico.fr/wp-content/uploads/2021/08/D.png','53:3fd1731fd7416e922bf3c9b3ba5ac348',972,'post','attachment',2,572,NULL,NULL,'D','inherit',NULL,0,NULL,NULL,NULL,NULL,NULL,0,0,NULL,0,NULL,NULL,NULL,NULL,'https://logibrico.fr/wp-content/uploads/2021/08/D.png',NULL,'972','attachment-image',NULL,NULL,NULL,'972','attachment-image',NULL,NULL,NULL,NULL,'2022-03-10 14:43:07','2022-03-10 13:43:07',1,NULL,NULL,NULL,NULL,1,NULL,2,'2022-03-10 14:43:07','2022-03-10 14:43:07'),(435,'https://logibrico.fr/wp-content/uploads/2022/03/Slider-reglette-1.png','69:8d5a96af57b973644b2e7a20449c0311',973,'post','attachment',2,0,NULL,NULL,'Slider-reglette','inherit',0,0,0,NULL,NULL,NULL,NULL,0,0,NULL,0,NULL,NULL,NULL,NULL,'https://logibrico.fr/wp-content/uploads/2022/03/Slider-reglette-1.png',NULL,'973','attachment-image',NULL,NULL,NULL,'973','attachment-image',NULL,NULL,1,NULL,'2022-03-10 15:03:55','2022-06-09 14:08:38',1,NULL,NULL,NULL,NULL,0,NULL,2,'2022-03-10 15:03:55','2022-03-10 15:03:55'),(436,'https://logibrico.fr/?post_type=shop_coupon&p=939','49:f82ab32f14c874f72bb1892b4383a188',939,'post','shop_coupon',2,0,NULL,NULL,'K4NR3T3E','publish',NULL,0,NULL,NULL,NULL,NULL,NULL,0,0,NULL,0,NULL,NULL,NULL,NULL,NULL,NULL,NULL,NULL,NULL,NULL,NULL,NULL,NULL,NULL,0,NULL,NULL,'2022-03-15 16:18:57','2022-03-15 15:18:57',1,NULL,NULL,NULL,NULL,0,NULL,2,'2022-03-15 16:18:57','2022-02-15 10:47:31'),(437,'https://logibrico.fr/produit/projecteur-10w-4000k-4000k/','56:84761251b5802f8deaf7e5fb887b8708',977,'post','product',2,0,NULL,NULL,'Projecteur 10W4000K &#8211; IP65','publish',NULL,0,NULL,NULL,NULL,NULL,NULL,90,0,NULL,0,NULL,NULL,NULL,NULL,'https://logibrico.fr/wp-content/uploads/2022/03/projecteur-10W.png',NULL,'978','featured-image',NULL,NULL,'https://logibrico.fr/wp-content/uploads/2022/03/projecteur-10W.png','978','featured-image','{\"width\":349,\"height\":316,\"url\":\"https://logibrico.fr/wp-content/uploads/2022/03/projecteur-10W.png\",\"path\":\"/home/logibrichx/www/wp-content/uploads/2022/03/projecteur-10W.png\",\"size\":\"full\",\"id\":978,\"alt\":\"\",\"pixels\":110284,\"type\":\"image/png\"}',1,NULL,NULL,'2022-03-29 15:36:37','2022-07-04 13:42:31',1,NULL,NULL,NULL,NULL,0,1,2,'2022-07-04 15:42:31','2022-03-29 15:36:37'),(438,'https://logibrico.fr/wp-content/uploads/2022/03/projecteur-10W.png','66:e370f7fdcbdc7c9bb4b88b7a7f906c7d',978,'post','attachment',2,977,NULL,NULL,'projecteur 10W','inherit',NULL,0,NULL,NULL,NULL,NULL,NULL,0,0,NULL,0,NULL,NULL,NULL,NULL,'https://logibrico.fr/wp-content/uploads/2022/03/projecteur-10W.png',NULL,'978','attachment-image',NULL,NULL,NULL,'978','attachment-image',NULL,NULL,NULL,NULL,'2022-03-29 15:41:48','2022-03-29 15:52:40',1,NULL,NULL,NULL,NULL,1,NULL,2,'2022-03-29 15:41:47','2022-03-29 15:41:47'),(439,'https://logibrico.fr/produit/projecteur-20w4000k-ip65/','54:306e9b176aa799cd3d5fbb2324341f02',979,'post','product',2,0,NULL,NULL,'Projecteur 20W4000K &#8211; IP65','publish',NULL,0,NULL,NULL,NULL,NULL,NULL,90,0,NULL,0,NULL,NULL,NULL,NULL,'https://logibrico.fr/wp-content/uploads/2022/03/projecteur-10W.png',NULL,'978','featured-image',NULL,NULL,'https://logibrico.fr/wp-content/uploads/2022/03/projecteur-10W.png','978','featured-image','{\"width\":349,\"height\":316,\"url\":\"https://logibrico.fr/wp-content/uploads/2022/03/projecteur-10W.png\",\"path\":\"/home/logibrichx/www/wp-content/uploads/2022/03/projecteur-10W.png\",\"size\":\"full\",\"id\":978,\"alt\":\"\",\"pixels\":110284,\"type\":\"image/png\"}',1,NULL,NULL,'2022-03-31 14:41:43','2022-07-04 13:43:33',1,NULL,NULL,NULL,NULL,0,1,2,'2022-07-04 15:43:33','2022-03-31 14:41:43'),(440,'https://logibrico.fr/produit/projecteur-30w4000k-ip65/','54:1516f4e350007d079d1ebdf36f9572a2',980,'post','product',2,0,NULL,NULL,'Projecteur 30W4000K &#8211; IP65','publish',NULL,0,NULL,NULL,NULL,NULL,NULL,90,0,NULL,0,NULL,NULL,NULL,NULL,'https://logibrico.fr/wp-content/uploads/2022/03/projecteur-10W.png',NULL,'978','featured-image',NULL,NULL,'https://logibrico.fr/wp-content/uploads/2022/03/projecteur-10W.png','978','featured-image','{\"width\":349,\"height\":316,\"url\":\"https://logibrico.fr/wp-content/uploads/2022/03/projecteur-10W.png\",\"path\":\"/home/logibrichx/www/wp-content/uploads/2022/03/projecteur-10W.png\",\"size\":\"full\",\"id\":978,\"alt\":\"\",\"pixels\":110284,\"type\":\"image/png\"}',1,NULL,NULL,'2022-03-31 14:57:18','2022-07-04 13:44:31',1,NULL,NULL,NULL,NULL,0,1,2,'2022-07-04 15:44:31','2022-03-31 14:57:18'),(441,'https://logibrico.fr/produit/projecteur-50w4000k-ip65/','54:a4224093ee7e3d9744361ba525ec25b1',981,'post','product',2,0,NULL,NULL,'Projecteur 50W4000K &#8211; IP65','publish',NULL,0,NULL,NULL,NULL,NULL,NULL,90,0,NULL,0,NULL,NULL,NULL,NULL,'https://logibrico.fr/wp-content/uploads/2022/03/projecteur-10W.png',NULL,'978','featured-image',NULL,NULL,'https://logibrico.fr/wp-content/uploads/2022/03/projecteur-10W.png','978','featured-image','{\"width\":349,\"height\":316,\"url\":\"https://logibrico.fr/wp-content/uploads/2022/03/projecteur-10W.png\",\"path\":\"/home/logibrichx/www/wp-content/uploads/2022/03/projecteur-10W.png\",\"size\":\"full\",\"id\":978,\"alt\":\"\",\"pixels\":110284,\"type\":\"image/png\"}',1,NULL,NULL,'2022-03-31 15:10:59','2022-07-04 13:45:30',1,NULL,NULL,NULL,NULL,0,1,2,'2022-07-04 15:45:30','2022-03-31 15:10:58'),(442,'https://logibrico.fr/produit/moteur-de-pompe-duca-bps-w-15-5-standard/','70:fe23e59b89e087f4a5129f42641dad3a',983,'post','product',2,0,NULL,NULL,'Moteur de Pompe DUCA BPS-W 15-5 (Standard) Adaptable','publish',NULL,0,NULL,NULL,NULL,NULL,NULL,90,0,NULL,0,NULL,NULL,NULL,NULL,'https://logibrico.fr/wp-content/uploads/2022/04/DUCA-BPS-D_W-15-50-BD.png',NULL,'984','featured-image',NULL,NULL,'https://logibrico.fr/wp-content/uploads/2022/04/DUCA-BPS-D_W-15-50-BD.png','984','featured-image','{\"width\":350,\"height\":362,\"url\":\"https://logibrico.fr/wp-content/uploads/2022/04/DUCA-BPS-D_W-15-50-BD.png\",\"path\":\"/home/logibrichx/www/wp-content/uploads/2022/04/DUCA-BPS-D_W-15-50-BD.png\",\"size\":\"full\",\"id\":984,\"alt\":\"\",\"pixels\":126700,\"type\":\"image/png\"}',1,NULL,NULL,'2022-04-05 07:36:28','2022-08-30 13:51:23',1,NULL,NULL,NULL,NULL,0,1,2,'2022-08-30 15:51:23','2022-04-05 07:36:28'),(443,'https://logibrico.fr/wp-content/uploads/2022/04/DUCA-BPS-D_W-15-50-BD.png','73:d5a366b44863bccb1aa11d0a6cb3e332',984,'post','attachment',2,983,NULL,NULL,'DUCA &#8211; BPS D_W 15-50-BD','inherit',NULL,0,NULL,NULL,NULL,NULL,NULL,0,0,NULL,0,NULL,NULL,NULL,NULL,'https://logibrico.fr/wp-content/uploads/2022/04/DUCA-BPS-D_W-15-50-BD.png',NULL,'984','attachment-image',NULL,NULL,NULL,'984','attachment-image',NULL,NULL,NULL,NULL,'2022-04-05 07:50:52','2022-04-05 08:28:44',1,NULL,NULL,NULL,NULL,1,NULL,2,'2022-04-05 07:50:52','2022-04-05 07:50:52'),(444,'https://logibrico.fr/categorie-produit/accessoires-pour-chaudieres/','67:ec916a6116e2e406c7886a29221fb213',33,'term','product_cat',NULL,NULL,NULL,NULL,'Accessoires pour Chaudières',NULL,NULL,0,NULL,NULL,NULL,NULL,NULL,NULL,0,NULL,NULL,NULL,NULL,NULL,NULL,NULL,NULL,NULL,NULL,NULL,NULL,NULL,NULL,NULL,NULL,0,NULL,NULL,'2022-04-05 08:48:26','2022-09-01 11:49:52',1,NULL,NULL,NULL,NULL,0,NULL,2,'2022-09-01 13:49:52',NULL),(445,'https://logibrico.fr/2022/06/21/accessoireschaudieres/','54:fa4f4774e86f7c532e886e64f770acbd',987,'post','nav_menu_item',2,0,NULL,NULL,'AccessoiresChaudières','publish',NULL,0,NULL,NULL,NULL,NULL,NULL,0,0,NULL,0,NULL,NULL,NULL,NULL,NULL,NULL,NULL,NULL,NULL,NULL,NULL,NULL,NULL,NULL,0,NULL,NULL,'2022-04-05 09:05:36','2022-06-21 07:04:36',1,NULL,NULL,NULL,NULL,0,NULL,2,'2022-06-21 09:04:36','2022-04-05 09:05:36'),(449,'https://logibrico.fr/produit/moteur-de-pompe-duca-bps-w-15-6-standard/','70:213c43b5f011e99e398da877b17699fe',989,'post','product',2,0,NULL,NULL,'Moteur de Pompe DUCA BPS-G15-50 (Standard) Adaptable','publish',NULL,0,NULL,NULL,NULL,NULL,NULL,90,0,NULL,0,NULL,NULL,NULL,NULL,'https://logibrico.fr/wp-content/uploads/2022/04/Pompe-DUCA-BPS-G-15-6D.png',NULL,'991','featured-image',NULL,NULL,'https://logibrico.fr/wp-content/uploads/2022/04/Pompe-DUCA-BPS-G-15-6D.png','991','featured-image','{\"width\":500,\"height\":500,\"url\":\"https://logibrico.fr/wp-content/uploads/2022/04/Pompe-DUCA-BPS-G-15-6D.png\",\"path\":\"/home/logibrichx/www/wp-content/uploads/2022/04/Pompe-DUCA-BPS-G-15-6D.png\",\"size\":\"full\",\"id\":991,\"alt\":\"\",\"pixels\":250000,\"type\":\"image/png\"}',1,NULL,NULL,'2022-04-05 09:08:26','2022-08-30 13:51:56',1,NULL,NULL,NULL,NULL,0,1,2,'2022-08-30 15:51:56','2022-04-05 09:08:26'),(451,'https://logibrico.fr/wp-content/uploads/2022/04/Pompe-DUCA-BPS-G-15-6D.png','74:a8d035ad39f3b995888fb3df7b951b6b',991,'post','attachment',2,989,NULL,NULL,'Pompe DUCA BPS-G-15-6D','inherit',NULL,0,NULL,NULL,NULL,NULL,NULL,0,0,NULL,0,NULL,NULL,NULL,NULL,'https://logibrico.fr/wp-content/uploads/2022/04/Pompe-DUCA-BPS-G-15-6D.png',NULL,'991','attachment-image',NULL,NULL,NULL,'991','attachment-image',NULL,NULL,NULL,NULL,'2022-04-05 09:20:16','2022-04-05 09:26:40',1,NULL,NULL,NULL,NULL,1,NULL,2,'2022-04-05 09:20:16','2022-04-05 09:20:16'),(452,'https://logibrico.fr/produit/moteur-de-pompe-duca-bpe-w-avec-pwm-fci-adaptable/','79:fac4a90db5c69fd45c4f5ca91ed9a3be',992,'post','product',2,0,NULL,NULL,'Moteur de Pompe DUCA BPE-W avec PWM FCI Adaptable De Type WILO','publish',NULL,0,NULL,NULL,NULL,NULL,NULL,90,0,NULL,0,NULL,NULL,NULL,NULL,'https://logibrico.fr/wp-content/uploads/2022/04/BPE-W-avec-PWM-FCI.png',NULL,'993','featured-image',NULL,NULL,'https://logibrico.fr/wp-content/uploads/2022/04/BPE-W-avec-PWM-FCI.png','993','featured-image','{\"width\":500,\"height\":500,\"url\":\"https://logibrico.fr/wp-content/uploads/2022/04/BPE-W-avec-PWM-FCI.png\",\"path\":\"/home/logibrichx/www/wp-content/uploads/2022/04/BPE-W-avec-PWM-FCI.png\",\"size\":\"full\",\"id\":993,\"alt\":\"\",\"pixels\":250000,\"type\":\"image/png\"}',1,NULL,NULL,'2022-04-05 09:30:02','2022-06-21 07:43:55',1,NULL,NULL,NULL,NULL,0,1,2,'2022-06-21 09:43:55','2022-04-05 09:30:02'),(453,'https://logibrico.fr/wp-content/uploads/2022/04/BPE-W-avec-PWM-FCI.png','70:c3fde332195eb17c8d2c73a6a86b8cfc',993,'post','attachment',2,992,NULL,NULL,'BPE W avec PWM FCI','inherit',NULL,0,NULL,NULL,NULL,NULL,NULL,0,0,NULL,0,NULL,NULL,NULL,NULL,'https://logibrico.fr/wp-content/uploads/2022/04/BPE-W-avec-PWM-FCI.png',NULL,'993','attachment-image',NULL,NULL,NULL,'993','attachment-image',NULL,NULL,NULL,NULL,'2022-04-05 09:38:09','2022-04-05 09:39:13',1,NULL,NULL,NULL,NULL,1,NULL,2,'2022-04-05 09:38:09','2022-04-05 09:38:09'),(454,'https://logibrico.fr/produit/moteur-de-pompe-duca-bps-wg-15-5-roue-large-adaptable/','83:6b800d096c0e0360ac506ddf26fddf0b',994,'post','product',2,0,NULL,NULL,'Moteur de Pompe DUCA BPS-WG 15-5 (roue Large) Adaptable','publish',NULL,0,NULL,NULL,NULL,NULL,NULL,90,0,NULL,0,NULL,NULL,NULL,NULL,'https://logibrico.fr/wp-content/uploads/2022/04/DUCA-BPS-D_W-15-50-BD.png',NULL,'984','featured-image',NULL,NULL,'https://logibrico.fr/wp-content/uploads/2022/04/DUCA-BPS-D_W-15-50-BD.png','984','featured-image','{\"width\":350,\"height\":362,\"url\":\"https://logibrico.fr/wp-content/uploads/2022/04/DUCA-BPS-D_W-15-50-BD.png\",\"path\":\"/home/logibrichx/www/wp-content/uploads/2022/04/DUCA-BPS-D_W-15-50-BD.png\",\"size\":\"full\",\"id\":984,\"alt\":\"\",\"pixels\":126700,\"type\":\"image/png\"}',1,NULL,NULL,'2022-04-05 09:45:53','2022-08-30 13:52:27',1,NULL,NULL,NULL,NULL,0,1,2,'2022-08-30 15:52:26','2022-04-05 09:45:53'),(455,'https://logibrico.fr/produit/vanne-3-voies-adaptable-de-type-saunier-duval/','75:4290a941c0b9e0c7c3eb588b2eaabe00',995,'post','product',2,0,NULL,NULL,'Vanne 3 voies Adaptable de typeSaunier Duval','publish',NULL,0,NULL,NULL,NULL,NULL,NULL,90,0,NULL,0,NULL,NULL,NULL,NULL,'https://logibrico.fr/wp-content/uploads/2022/04/445-vanne-3-voies-Saunier-D.repair-kit-BD.png',NULL,'1021','featured-image',NULL,NULL,'https://logibrico.fr/wp-content/uploads/2022/04/445-vanne-3-voies-Saunier-D.repair-kit-BD.png','1021','featured-image','{\"width\":400,\"height\":376,\"url\":\"https://logibrico.fr/wp-content/uploads/2022/04/445-vanne-3-voies-Saunier-D.repair-kit-BD.png\",\"path\":\"/home/logibrichx/www/wp-content/uploads/2022/04/445-vanne-3-voies-Saunier-D.repair-kit-BD.png\",\"size\":\"full\",\"id\":1021,\"alt\":\"\",\"pixels\":150400,\"type\":\"image/png\"}',1,NULL,NULL,'2022-04-05 12:21:39','2022-08-30 13:56:09',1,NULL,NULL,NULL,NULL,0,1,2,'2022-08-30 15:56:09','2022-04-05 12:21:39'),(456,'https://logibrico.fr/wp-content/uploads/2022/04/vanne-3-voies-saunier-04-65-08-00445.png','88:dd636c3ab5893dfc3aa3bcba92b99af1',996,'post','attachment',2,995,NULL,NULL,'vanne 3 voies saunier-04-65-08-00445','inherit',NULL,0,NULL,NULL,NULL,NULL,NULL,0,0,NULL,0,NULL,NULL,NULL,NULL,'https://logibrico.fr/wp-content/uploads/2022/04/vanne-3-voies-saunier-04-65-08-00445.png',NULL,'996','attachment-image',NULL,NULL,NULL,'996','attachment-image',NULL,NULL,NULL,NULL,'2022-04-05 12:34:20','2022-04-05 12:50:47',1,NULL,NULL,NULL,NULL,1,NULL,2,'2022-04-05 12:34:20','2022-04-05 12:34:20'),(457,'https://logibrico.fr/produit/moteur-vanne-3-voies-adaptable-de-type-elm-leblanc/','80:bb0aba6adffb0d5bf791adbc6904d024',997,'post','product',2,0,NULL,NULL,'Moteur Vanne 3 voies Adaptablede type ELM Leblanc','publish',NULL,0,NULL,NULL,NULL,NULL,NULL,90,0,NULL,0,NULL,NULL,NULL,NULL,'https://logibrico.fr/wp-content/uploads/2022/04/moteur-vannes-3-voies-ELM-BD.png',NULL,'1020','featured-image',NULL,NULL,'https://logibrico.fr/wp-content/uploads/2022/04/moteur-vannes-3-voies-ELM-BD.png','1020','featured-image','{\"width\":400,\"height\":390,\"url\":\"https://logibrico.fr/wp-content/uploads/2022/04/moteur-vannes-3-voies-ELM-BD.png\",\"path\":\"/home/logibrichx/www/wp-content/uploads/2022/04/moteur-vannes-3-voies-ELM-BD.png\",\"size\":\"full\",\"id\":1020,\"alt\":\"\",\"pixels\":156000,\"type\":\"image/png\"}',1,NULL,NULL,'2022-04-05 13:10:42','2022-08-30 05:43:03',1,NULL,NULL,NULL,NULL,0,1,2,'2022-08-30 07:43:03','2022-04-05 13:10:42'),(459,'https://logibrico.fr/produit/clapet-vanne-3-voies-bpe-w-pwm-fci-adaptable-de-type-saunier-duval/','96:8ef023ad8d0dabfdbce55de3d691a1ce',999,'post','product',2,0,NULL,NULL,'Clapet vanne 3 voies BPE-W PWM FCI adaptable de type Saunier Duval','publish',NULL,0,NULL,NULL,NULL,NULL,NULL,90,0,NULL,0,NULL,NULL,NULL,NULL,'https://logibrico.fr/wp-content/uploads/2022/04/Clapet-vanne-3-voies-BPE-W-PWM-FCI.png',NULL,'1056','featured-image',NULL,NULL,'https://logibrico.fr/wp-content/uploads/2022/04/Clapet-vanne-3-voies-BPE-W-PWM-FCI.png','1056','featured-image','{\"width\":433,\"height\":441,\"url\":\"https://logibrico.fr/wp-content/uploads/2022/04/Clapet-vanne-3-voies-BPE-W-PWM-FCI.png\",\"path\":\"/home/logibrichx/www/wp-content/uploads/2022/04/Clapet-vanne-3-voies-BPE-W-PWM-FCI.png\",\"size\":\"full\",\"id\":1056,\"alt\":\"\",\"pixels\":190953,\"type\":\"image/png\"}',1,NULL,NULL,'2022-04-05 13:27:21','2022-05-10 12:55:53',1,NULL,NULL,NULL,NULL,0,1,2,'2022-05-10 14:55:52','2022-04-05 13:27:21'),(460,'https://logibrico.fr/wp-content/uploads/2022/04/clapet-vanne-3-voies-saunier-04-65-08-00451.png','95:8469670e5320031453fbe977dd9fcdfa',1000,'post','attachment',2,999,NULL,NULL,'clapet vanne 3 voies saunier-04-65-08-00451','inherit',NULL,0,NULL,NULL,NULL,NULL,NULL,0,0,NULL,0,NULL,NULL,NULL,NULL,'https://logibrico.fr/wp-content/uploads/2022/04/clapet-vanne-3-voies-saunier-04-65-08-00451.png',NULL,'1000','attachment-image',NULL,NULL,NULL,'1000','attachment-image',NULL,NULL,NULL,NULL,'2022-04-05 13:29:19','2022-04-05 13:34:12',1,NULL,NULL,NULL,NULL,1,NULL,2,'2022-04-05 13:29:19','2022-04-05 13:29:19'),(461,'https://logibrico.fr/produit/capteur-de-pression-isofast-isomax2000-adaptable-de-type-saunier-duval/','100:eeb7c4a955fd5da93511e98d5597b0e2',1001,'post','product',2,0,NULL,NULL,'Capteur de pression adaptable de type Saunier Duval','publish',NULL,0,NULL,NULL,NULL,NULL,NULL,90,0,NULL,0,NULL,NULL,NULL,NULL,'https://logibrico.fr/wp-content/uploads/2022/04/Capteur-de-pression-ISOFAST-ISOMAX2000-Ref.-S5720500-1.png',NULL,'1055','featured-image',NULL,NULL,'https://logibrico.fr/wp-content/uploads/2022/04/Capteur-de-pression-ISOFAST-ISOMAX2000-Ref.-S5720500-1.png','1055','featured-image','{\"width\":360,\"height\":368,\"url\":\"https://logibrico.fr/wp-content/uploads/2022/04/Capteur-de-pression-ISOFAST-ISOMAX2000-Ref.-S5720500-1.png\",\"path\":\"/home/logibrichx/www/wp-content/uploads/2022/04/Capteur-de-pression-ISOFAST-ISOMAX2000-Ref.-S5720500-1.png\",\"size\":\"full\",\"id\":1055,\"alt\":\"\",\"pixels\":132480,\"type\":\"image/png\"}',1,NULL,NULL,'2022-04-05 14:11:34','2022-05-10 13:13:02',1,NULL,NULL,NULL,NULL,0,1,2,'2022-05-10 15:13:02','2022-04-05 14:11:33'),(463,'https://logibrico.fr/produit/capteur-de-debit-isofast-adaptable-de-type-saunier-duval/','86:93a3135b891af58aeffd2cc8b136da7f',1003,'post','product',2,0,NULL,NULL,'Capteur de débit ISOFASTadaptable de type Saunier Duval','publish',NULL,0,NULL,NULL,NULL,NULL,NULL,90,0,NULL,0,NULL,NULL,NULL,NULL,'https://logibrico.fr/wp-content/uploads/2022/04/438-capteur-de-debit-Saunier-Duval-BD.png',NULL,'1023','featured-image',NULL,NULL,'https://logibrico.fr/wp-content/uploads/2022/04/438-capteur-de-debit-Saunier-Duval-BD.png','1023','featured-image','{\"width\":400,\"height\":375,\"url\":\"https://logibrico.fr/wp-content/uploads/2022/04/438-capteur-de-debit-Saunier-Duval-BD.png\",\"path\":\"/home/logibrichx/www/wp-content/uploads/2022/04/438-capteur-de-debit-Saunier-Duval-BD.png\",\"size\":\"full\",\"id\":1023,\"alt\":\"\",\"pixels\":150000,\"type\":\"image/png\"}',1,NULL,NULL,'2022-04-05 14:29:07','2022-09-01 11:49:52',1,NULL,NULL,NULL,NULL,0,1,2,'2022-09-01 13:49:52','2022-04-05 14:29:06'),(464,'https://logibrico.fr/wp-content/uploads/2022/04/Capteur-de-debit-sanitaire-ISOFAST.png','86:005cc9db54b5a2843b560cdde31a5934',1004,'post','attachment',2,1003,NULL,NULL,'Capteur de débit sanitaire ISOFAST','inherit',NULL,0,NULL,NULL,NULL,NULL,NULL,0,0,NULL,0,NULL,NULL,NULL,NULL,'https://logibrico.fr/wp-content/uploads/2022/04/Capteur-de-debit-sanitaire-ISOFAST.png',NULL,'1004','attachment-image',NULL,NULL,NULL,'1004','attachment-image',NULL,NULL,NULL,NULL,'2022-04-05 14:31:06','2022-04-05 14:34:06',1,NULL,NULL,NULL,NULL,1,NULL,2,'2022-04-05 14:31:06','2022-04-05 14:31:06'),(465,'https://logibrico.fr/produit/sonde-dethermistance-adaptable-de-type-chaffoteaux/','80:7e3f169767dfe8658b364388e5763699',1005,'post','product',2,0,NULL,NULL,'Sonde de Thermistanceadaptable de type CHAFFOTEAUX','publish',NULL,0,NULL,NULL,NULL,NULL,NULL,90,0,NULL,0,NULL,NULL,NULL,NULL,'https://logibrico.fr/wp-content/uploads/2022/04/Thermistance-Sur-CELTIC-1.png',NULL,'1054','featured-image',NULL,NULL,'https://logibrico.fr/wp-content/uploads/2022/04/Thermistance-Sur-CELTIC-1.png','1054','featured-image','{\"width\":353,\"height\":360,\"url\":\"https://logibrico.fr/wp-content/uploads/2022/04/Thermistance-Sur-CELTIC-1.png\",\"path\":\"/home/logibrichx/www/wp-content/uploads/2022/04/Thermistance-Sur-CELTIC-1.png\",\"size\":\"full\",\"id\":1054,\"alt\":\"\",\"pixels\":127080,\"type\":\"image/png\"}',1,NULL,NULL,'2022-04-05 14:48:25','2022-05-17 05:57:55',1,NULL,NULL,NULL,NULL,0,1,2,'2022-05-17 07:57:55','2022-04-05 14:48:25'),(467,'https://logibrico.fr/produit/sonde-de-temperaturectn-ecs-adaptable-de-type-elm-leblanc/','87:3eb97e141c14af1a7b374f4b2e4c9cf1',1007,'post','product',2,0,NULL,NULL,'Sonde de température CTN ECS adaptablede type ELM Leblanc','publish',NULL,0,NULL,NULL,NULL,NULL,NULL,90,0,NULL,0,NULL,NULL,NULL,NULL,'https://logibrico.fr/wp-content/uploads/2022/04/Sonde-de-temperature-CTN-ECS-1.png',NULL,'1053','featured-image',NULL,NULL,'https://logibrico.fr/wp-content/uploads/2022/04/Sonde-de-temperature-CTN-ECS-1.png','1053','featured-image','{\"width\":354,\"height\":363,\"url\":\"https://logibrico.fr/wp-content/uploads/2022/04/Sonde-de-temperature-CTN-ECS-1.png\",\"path\":\"/home/logibrichx/www/wp-content/uploads/2022/04/Sonde-de-temperature-CTN-ECS-1.png\",\"size\":\"full\",\"id\":1053,\"alt\":\"\",\"pixels\":128502,\"type\":\"image/png\"}',1,NULL,NULL,'2022-04-05 15:16:34','2022-05-17 05:52:42',1,NULL,NULL,NULL,NULL,0,1,2,'2022-05-17 07:52:42','2022-04-05 15:16:33'),(469,'https://logibrico.fr/produit/sonde-de-thermistance-mira-green-adaptable-de-type-chaffoteaux/','92:256d1167438744254a0d975325145a32',1009,'post','product',2,0,NULL,NULL,'Sonde de Thermistance MIRA GREEN adaptable de type CHAFFOTEAUX','publish',NULL,0,NULL,NULL,NULL,NULL,NULL,90,0,NULL,0,NULL,NULL,NULL,NULL,'https://logibrico.fr/wp-content/uploads/2022/04/Thermistance-MIRA-GREEN-1.png',NULL,'1011','featured-image',NULL,NULL,'https://logibrico.fr/wp-content/uploads/2022/04/Thermistance-MIRA-GREEN-1.png','1011','featured-image','{\"width\":908,\"height\":770,\"url\":\"https://logibrico.fr/wp-content/uploads/2022/04/Thermistance-MIRA-GREEN-1.png\",\"path\":\"/home/logibrichx/www/wp-content/uploads/2022/04/Thermistance-MIRA-GREEN-1.png\",\"size\":\"full\",\"id\":1011,\"alt\":\"\",\"pixels\":699160,\"type\":\"image/png\"}',1,NULL,NULL,'2022-04-05 15:32:15','2022-08-23 12:43:55',1,NULL,NULL,NULL,NULL,0,1,2,'2022-08-23 14:43:55','2022-04-05 15:32:15'),(471,'https://logibrico.fr/wp-content/uploads/2022/04/Thermistance-MIRA-GREEN-1.png','77:6a302507c989acb4ec97783d9bce968f',1011,'post','attachment',2,1009,NULL,NULL,'Thermistance MIRA GREEN','inherit',NULL,0,NULL,NULL,NULL,NULL,NULL,0,0,NULL,0,NULL,NULL,NULL,NULL,'https://logibrico.fr/wp-content/uploads/2022/04/Thermistance-MIRA-GREEN-1.png',NULL,'1011','attachment-image',NULL,NULL,NULL,'1011','attachment-image',NULL,NULL,NULL,NULL,'2022-04-05 15:39:40','2022-04-05 13:39:40',1,NULL,NULL,NULL,NULL,1,NULL,2,'2022-04-05 15:39:40','2022-04-05 15:39:40'),(472,'https://logibrico.fr/produit/capteur-de-temperature-adaptable-de-type-saunier-duval/','84:a8a21f1b96558736af2affea9acf10f2',1012,'post','product',2,0,NULL,NULL,'Capteur de températureadaptable de type Saunier Duval','publish',NULL,0,NULL,NULL,NULL,NULL,NULL,90,0,NULL,0,NULL,NULL,NULL,NULL,'https://logibrico.fr/wp-content/uploads/2022/04/443-capteur-de-temperature-Sunier-Duval-BD.png',NULL,'1057','featured-image',NULL,NULL,'https://logibrico.fr/wp-content/uploads/2022/04/443-capteur-de-temperature-Sunier-Duval-BD.png','1057','featured-image','{\"width\":375,\"height\":371,\"url\":\"https://logibrico.fr/wp-content/uploads/2022/04/443-capteur-de-temperature-Sunier-Duval-BD.png\",\"path\":\"/home/logibrichx/www/wp-content/uploads/2022/04/443-capteur-de-temperature-Sunier-Duval-BD.png\",\"size\":\"full\",\"id\":1057,\"alt\":\"\",\"pixels\":139125,\"type\":\"image/png\"}',1,NULL,NULL,'2022-04-05 15:42:37','2022-09-01 07:15:10',1,NULL,NULL,NULL,NULL,0,1,2,'2022-09-01 09:15:10','2022-04-05 15:42:37'),(474,'https://logibrico.fr/produit/sonde-vitodens-plus-ladens-adaptable-de-type-viessmann/','84:158995fcdfc5f484690722f0eedff4fc',1014,'post','product',2,0,NULL,NULL,'Sonde VITODENS PLUS LADENSadaptable de type Viessmann','publish',NULL,0,NULL,NULL,NULL,NULL,NULL,90,0,NULL,0,NULL,NULL,NULL,NULL,'https://logibrico.fr/wp-content/uploads/2022/04/sonde-temperature-Viessmann-BD.png',NULL,'1017','featured-image',NULL,NULL,'https://logibrico.fr/wp-content/uploads/2022/04/sonde-temperature-Viessmann-BD.png','1017','featured-image','{\"width\":350,\"height\":335,\"url\":\"https://logibrico.fr/wp-content/uploads/2022/04/sonde-temperature-Viessmann-BD.png\",\"path\":\"/home/logibrichx/www/wp-content/uploads/2022/04/sonde-temperature-Viessmann-BD.png\",\"size\":\"full\",\"id\":1017,\"alt\":\"\",\"pixels\":117250,\"type\":\"image/png\"}',1,NULL,NULL,'2022-04-07 06:50:20','2022-09-01 05:25:16',1,NULL,NULL,NULL,NULL,0,1,2,'2022-09-01 07:25:16','2022-04-07 06:50:20'),(477,'https://logibrico.fr/wp-content/uploads/2022/04/sonde-temperature-Viessmann-BD.png','82:ea82d37c43b77503182c5f3ac742f665',1017,'post','attachment',2,1014,NULL,NULL,'sonde température Viessmann BD','inherit',NULL,0,NULL,NULL,NULL,NULL,NULL,0,0,NULL,0,NULL,NULL,NULL,NULL,'https://logibrico.fr/wp-content/uploads/2022/04/sonde-temperature-Viessmann-BD.png',NULL,'1017','attachment-image',NULL,NULL,NULL,'1017','attachment-image',NULL,NULL,NULL,NULL,'2022-04-07 13:58:43','2022-04-07 13:59:46',1,NULL,NULL,NULL,NULL,1,NULL,2,'2022-04-07 13:58:43','2022-04-07 13:58:43'),(479,'https://logibrico.fr/wp-content/uploads/2022/04/moteur-vannes-3-voies-ELM-BD.png','80:a374ea61536a2362586131864e007349',1020,'post','attachment',2,997,NULL,NULL,'moteur vannes 3 voies ELM BD','inherit',NULL,0,NULL,NULL,NULL,NULL,NULL,0,0,NULL,0,NULL,NULL,NULL,NULL,'https://logibrico.fr/wp-content/uploads/2022/04/moteur-vannes-3-voies-ELM-BD.png',NULL,'1020','attachment-image',NULL,NULL,NULL,'1020','attachment-image',NULL,NULL,NULL,NULL,'2022-04-07 14:09:21','2022-04-07 14:09:35',1,NULL,NULL,NULL,NULL,1,NULL,2,'2022-04-07 14:09:21','2022-04-07 14:09:21'),(480,'https://logibrico.fr/wp-content/uploads/2022/04/445-vanne-3-voies-Saunier-D.repair-kit-BD.png','93:793a5756bd31861f2c2c815c34b354cd',1021,'post','attachment',2,995,NULL,NULL,'445-vanne 3 voies Saunier D.repair kit BD','inherit',NULL,0,NULL,NULL,NULL,NULL,NULL,0,0,NULL,0,NULL,NULL,NULL,NULL,'https://logibrico.fr/wp-content/uploads/2022/04/445-vanne-3-voies-Saunier-D.repair-kit-BD.png',NULL,'1021','attachment-image',NULL,NULL,NULL,'1021','attachment-image',NULL,NULL,NULL,NULL,'2022-04-07 14:10:50','2022-04-07 14:44:06',1,NULL,NULL,NULL,NULL,1,NULL,2,'2022-04-07 14:10:50','2022-04-07 14:10:50'),(481,'https://logibrico.fr/wp-content/uploads/2022/04/445-repair-kit-BD.png','69:583b9daaebf85701145126eadf02c7a2',1022,'post','attachment',2,995,NULL,NULL,'445-repair kit BD','inherit',NULL,0,NULL,NULL,NULL,NULL,NULL,0,0,NULL,0,NULL,NULL,NULL,NULL,'https://logibrico.fr/wp-content/uploads/2022/04/445-repair-kit-BD.png',NULL,'1022','attachment-image',NULL,NULL,NULL,'1022','attachment-image',NULL,NULL,NULL,NULL,'2022-04-07 14:10:56','2022-04-07 14:44:06',1,NULL,NULL,NULL,NULL,1,NULL,2,'2022-04-07 14:10:56','2022-04-07 14:10:56'),(482,'https://logibrico.fr/wp-content/uploads/2022/04/438-capteur-de-debit-Saunier-Duval-BD.png','89:1ea0328e8676dde41ebf85f49468c978',1023,'post','attachment',2,1003,NULL,NULL,'438 capteur de débit Saunier Duval BD','inherit',NULL,0,NULL,NULL,NULL,NULL,NULL,0,0,NULL,0,NULL,NULL,NULL,NULL,'https://logibrico.fr/wp-content/uploads/2022/04/438-capteur-de-debit-Saunier-Duval-BD.png',NULL,'1023','attachment-image',NULL,NULL,NULL,'1023','attachment-image',NULL,NULL,NULL,NULL,'2022-04-07 14:47:36','2022-04-07 12:47:36',1,NULL,NULL,NULL,NULL,1,NULL,2,'2022-04-07 14:47:36','2022-04-07 14:47:36'),(483,'https://logibrico.fr/wp-content/uploads/2022/04/moteur-v-3-voies-2-BD.png','73:c580397962c3cb3100623218324bad94',1037,'post','attachment',2,997,NULL,NULL,'moteur v 3 voies 2 BD','inherit',NULL,0,NULL,NULL,NULL,NULL,NULL,0,0,NULL,0,NULL,NULL,NULL,NULL,'https://logibrico.fr/wp-content/uploads/2022/04/moteur-v-3-voies-2-BD.png',NULL,'1037','attachment-image',NULL,NULL,NULL,'1037','attachment-image',NULL,NULL,NULL,NULL,'2022-04-14 07:15:15','2022-04-14 05:15:15',1,NULL,NULL,NULL,NULL,1,NULL,2,'2022-04-14 07:15:14','2022-04-14 07:15:14'),(484,'https://logibrico.fr/produit/purgeur-adaptable-de-type-vaillant-viessmann/','74:0e9c039ff5af494dc44e9983c2beac83',1039,'post','product',2,0,NULL,NULL,'Purgeur Adaptable de typeVaillant','publish',NULL,0,NULL,NULL,NULL,NULL,NULL,90,0,NULL,0,NULL,NULL,NULL,NULL,'https://logibrico.fr/wp-content/uploads/2022/05/purgeur-BD.png',NULL,'1041','featured-image',NULL,NULL,'https://logibrico.fr/wp-content/uploads/2022/05/purgeur-BD.png','1041','featured-image','{\"width\":350,\"height\":347,\"url\":\"https://logibrico.fr/wp-content/uploads/2022/05/purgeur-BD.png\",\"path\":\"/home/logibrichx/www/wp-content/uploads/2022/05/purgeur-BD.png\",\"size\":\"full\",\"id\":1041,\"alt\":\"\",\"pixels\":121450,\"type\":\"image/png\"}',1,NULL,NULL,'2022-05-03 14:49:02','2022-08-30 06:13:20',1,NULL,NULL,NULL,NULL,0,1,2,'2022-08-30 08:13:19','2022-05-03 14:49:02'),(485,'https://logibrico.fr/wp-content/uploads/2022/05/purgeur-2-BD.png','64:6ba6821b7a87eca7858a4509b76d6b23',1040,'post','attachment',2,1039,NULL,NULL,'purgeur 2 BD','inherit',NULL,0,NULL,NULL,NULL,NULL,NULL,0,0,NULL,0,NULL,NULL,NULL,NULL,'https://logibrico.fr/wp-content/uploads/2022/05/purgeur-2-BD.png',NULL,'1040','attachment-image',NULL,NULL,NULL,'1040','attachment-image',NULL,NULL,NULL,NULL,'2022-05-03 14:51:35','2022-05-05 12:15:16',1,NULL,NULL,NULL,NULL,1,NULL,2,'2022-05-03 14:51:35','2022-05-03 14:51:35'),(486,'https://logibrico.fr/wp-content/uploads/2022/05/purgeur-BD.png','62:dd948d2bada21a9266bbce93a38ddc32',1041,'post','attachment',2,1039,NULL,NULL,'purgeur BD','inherit',NULL,0,NULL,NULL,NULL,NULL,NULL,0,0,NULL,0,NULL,NULL,NULL,NULL,'https://logibrico.fr/wp-content/uploads/2022/05/purgeur-BD.png',NULL,'1041','attachment-image',NULL,NULL,NULL,'1041','attachment-image',NULL,NULL,NULL,NULL,'2022-05-03 14:51:39','2022-05-05 12:15:16',1,NULL,NULL,NULL,NULL,1,NULL,2,'2022-05-03 14:51:39','2022-05-03 14:51:39'),(487,'https://logibrico.fr/produit/tube-de-graisse-de-silicone-16-grs/','64:1619ef65cc1e5e9a6861af38888c4199',1042,'post','product',2,0,NULL,NULL,'Tube de Graisse de Silicone16 grs','publish',NULL,0,NULL,NULL,NULL,NULL,NULL,90,0,NULL,0,NULL,NULL,NULL,NULL,'https://logibrico.fr/wp-content/uploads/2022/05/graisse-de-silicone-BD.png',NULL,'1045','featured-image',NULL,NULL,'https://logibrico.fr/wp-content/uploads/2022/05/graisse-de-silicone-BD.png','1045','featured-image','{\"width\":350,\"height\":327,\"url\":\"https://logibrico.fr/wp-content/uploads/2022/05/graisse-de-silicone-BD.png\",\"path\":\"/home/logibrichx/www/wp-content/uploads/2022/05/graisse-de-silicone-BD.png\",\"size\":\"full\",\"id\":1045,\"alt\":\"\",\"pixels\":114450,\"type\":\"image/png\"}',1,NULL,NULL,'2022-05-05 12:17:24','2022-08-30 05:51:51',1,NULL,NULL,NULL,NULL,0,1,2,'2022-08-30 07:51:50','2022-05-05 12:17:24'),(488,'https://logibrico.fr/produit/kit-joint-de-couvercle-de-bruleur-adaptable-de-type-vaillant-saunier-duval/','104:7b1687aafbea5f5fa0c4da7720a688d8',1043,'post','product',2,0,NULL,NULL,'Kit joint de couvercle de bruleur Adaptablede type Vaillant &#038; Saunier Duval','publish',NULL,0,NULL,NULL,NULL,NULL,NULL,90,0,NULL,0,NULL,NULL,NULL,NULL,'https://logibrico.fr/wp-content/uploads/2022/05/Kit-joint-bruleur-BD.png',NULL,'1044','featured-image',NULL,NULL,'https://logibrico.fr/wp-content/uploads/2022/05/Kit-joint-bruleur-BD.png','1044','featured-image','{\"width\":350,\"height\":353,\"url\":\"https://logibrico.fr/wp-content/uploads/2022/05/Kit-joint-bruleur-BD.png\",\"path\":\"/home/logibrichx/www/wp-content/uploads/2022/05/Kit-joint-bruleur-BD.png\",\"size\":\"full\",\"id\":1044,\"alt\":\"\",\"pixels\":123550,\"type\":\"image/png\"}',1,NULL,NULL,'2022-05-05 12:45:53','2022-08-30 05:51:03',1,NULL,NULL,NULL,NULL,0,1,2,'2022-08-30 07:51:03','2022-05-05 12:45:53'),(489,'https://logibrico.fr/wp-content/uploads/2022/05/Kit-joint-bruleur-BD.png','72:d3def0caca862d5cac809a9e13885e45',1044,'post','attachment',2,1043,NULL,NULL,'Kit joint bruleur BD','inherit',NULL,0,NULL,NULL,NULL,NULL,NULL,0,0,NULL,0,NULL,NULL,NULL,NULL,'https://logibrico.fr/wp-content/uploads/2022/05/Kit-joint-bruleur-BD.png',NULL,'1044','attachment-image',NULL,NULL,NULL,'1044','attachment-image',NULL,NULL,NULL,NULL,'2022-05-05 12:48:22','2022-05-05 12:54:39',1,NULL,NULL,NULL,NULL,1,NULL,2,'2022-05-05 12:48:22','2022-05-05 12:48:22'),(490,'https://logibrico.fr/wp-content/uploads/2022/05/graisse-de-silicone-BD.png','74:e37f76793c86b60f1c73ba634cb8e2e5',1045,'post','attachment',2,1042,NULL,NULL,'graisse de silicone BD','inherit',NULL,0,NULL,NULL,NULL,NULL,NULL,0,0,NULL,0,NULL,NULL,NULL,NULL,'https://logibrico.fr/wp-content/uploads/2022/05/graisse-de-silicone-BD.png',NULL,'1045','attachment-image',NULL,NULL,NULL,'1045','attachment-image',NULL,NULL,NULL,NULL,'2022-05-05 13:12:52','2022-05-05 13:19:10',1,NULL,NULL,NULL,NULL,1,NULL,2,'2022-05-05 13:12:52','2022-05-05 13:12:52'),(491,'https://logibrico.fr/?post_type=product&p=1049','46:5a89814244c85d7e7e8e9cf8ee9be532',1049,'post','product',2,0,NULL,NULL,'Moteur de pompe BPE-G PWN Adaptable de Type GRUNDFOS','draft',0,0,NULL,NULL,NULL,NULL,NULL,90,0,NULL,0,NULL,NULL,NULL,NULL,'https://logibrico.fr/wp-content/uploads/2022/05/BPE-Motor.png',NULL,'1051','featured-image',NULL,NULL,'https://logibrico.fr/wp-content/uploads/2022/05/BPE-Motor.png','1051','featured-image','{\"width\":982,\"height\":929,\"url\":\"https://logibrico.fr/wp-content/uploads/2022/05/BPE-Motor.png\",\"path\":\"/home/logibrichx/www/wp-content/uploads/2022/05/BPE-Motor.png\",\"size\":\"full\",\"id\":1051,\"alt\":\"\",\"pixels\":912278,\"type\":\"image/png\"}',NULL,NULL,NULL,'2022-05-10 07:46:46','2022-05-10 05:53:48',1,NULL,NULL,NULL,NULL,0,1,2,'2022-05-10 07:53:48','2022-05-10 07:46:46'),(493,'https://logibrico.fr/wp-content/uploads/2022/05/BPE-Motor.png','61:a78c16e965a2884712de8b614a3f70d1',1051,'post','attachment',2,1049,NULL,NULL,'BPE Motor','inherit',NULL,0,0,NULL,NULL,NULL,NULL,0,0,NULL,0,NULL,NULL,NULL,NULL,'https://logibrico.fr/wp-content/uploads/2022/05/BPE-Motor.png',NULL,'1051','attachment-image',NULL,NULL,NULL,'1051','attachment-image',NULL,NULL,NULL,NULL,'2022-05-10 07:52:30','2022-05-10 05:52:30',1,NULL,NULL,NULL,NULL,1,NULL,2,'2022-05-10 07:52:30','2022-05-10 07:52:30'),(495,'https://logibrico.fr/wp-content/uploads/2022/04/Sonde-de-temperature-CTN-ECS-1.png','82:9c4080b60a0295b4f1917221081c0a27',1053,'post','attachment',2,1007,NULL,NULL,'Sonde de température CTN ECS','inherit',NULL,0,NULL,NULL,NULL,NULL,NULL,0,0,NULL,0,NULL,NULL,NULL,NULL,'https://logibrico.fr/wp-content/uploads/2022/04/Sonde-de-temperature-CTN-ECS-1.png',NULL,'1053','attachment-image',NULL,NULL,NULL,'1053','attachment-image',NULL,NULL,NULL,NULL,'2022-05-10 13:54:37','2022-05-10 11:54:37',1,NULL,NULL,NULL,NULL,1,NULL,2,'2022-05-10 13:54:37','2022-05-10 13:54:37'),(496,'https://logibrico.fr/wp-content/uploads/2022/04/Thermistance-Sur-CELTIC-1.png','77:6afad737abaab3935fc7282544da81f0',1054,'post','attachment',2,1005,NULL,NULL,'Thermistance Sur CELTIC','inherit',NULL,0,NULL,NULL,NULL,NULL,NULL,0,0,NULL,0,NULL,NULL,NULL,NULL,'https://logibrico.fr/wp-content/uploads/2022/04/Thermistance-Sur-CELTIC-1.png',NULL,'1054','attachment-image',NULL,NULL,NULL,'1054','attachment-image',NULL,NULL,NULL,NULL,'2022-05-10 13:57:37','2022-05-10 11:57:37',1,NULL,NULL,NULL,NULL,1,NULL,2,'2022-05-10 13:57:37','2022-05-10 13:57:37'),(497,'https://logibrico.fr/wp-content/uploads/2022/04/Capteur-de-pression-ISOFAST-ISOMAX2000-Ref.-S5720500-1.png','106:87168a66ef5917feef2163503d996e7f',1055,'post','attachment',2,1001,NULL,NULL,'Capteur de pression ISOFAST-ISOMAX2000 Réf. S5720500','inherit',NULL,0,NULL,NULL,NULL,NULL,NULL,0,0,NULL,0,NULL,NULL,NULL,NULL,'https://logibrico.fr/wp-content/uploads/2022/04/Capteur-de-pression-ISOFAST-ISOMAX2000-Ref.-S5720500-1.png',NULL,'1055','attachment-image',NULL,NULL,NULL,'1055','attachment-image',NULL,NULL,NULL,NULL,'2022-05-10 14:05:05','2022-05-10 12:05:05',1,NULL,NULL,NULL,NULL,1,NULL,2,'2022-05-10 14:05:05','2022-05-10 14:05:05'),(498,'https://logibrico.fr/wp-content/uploads/2022/04/Clapet-vanne-3-voies-BPE-W-PWM-FCI.png','86:6d4b271519ac6a65d10e563fa50812b5',1056,'post','attachment',2,999,NULL,NULL,'Clapet vanne 3 voies BPE-W PWM FCI','inherit',NULL,0,NULL,NULL,NULL,NULL,NULL,0,0,NULL,0,NULL,NULL,NULL,NULL,'https://logibrico.fr/wp-content/uploads/2022/04/Clapet-vanne-3-voies-BPE-W-PWM-FCI.png',NULL,'1056','attachment-image',NULL,NULL,NULL,'1056','attachment-image',NULL,NULL,NULL,NULL,'2022-05-10 14:55:42','2022-05-10 12:55:42',1,NULL,NULL,NULL,NULL,1,NULL,2,'2022-05-10 14:55:42','2022-05-10 14:55:42'),(499,'https://logibrico.fr/wp-content/uploads/2022/04/443-capteur-de-temperature-Sunier-Duval-BD.png','94:cdd48270158b2b8a4f81c723dbe3bd2a',1057,'post','attachment',2,1012,NULL,NULL,'443 capteur de température Sunier Duval BD','inherit',NULL,0,NULL,NULL,NULL,NULL,NULL,0,0,NULL,0,NULL,NULL,NULL,NULL,'https://logibrico.fr/wp-content/uploads/2022/04/443-capteur-de-temperature-Sunier-Duval-BD.png',NULL,'1057','attachment-image',NULL,NULL,NULL,'1057','attachment-image',NULL,NULL,NULL,NULL,'2022-05-10 14:59:57','2022-05-10 12:59:57',1,NULL,NULL,NULL,NULL,1,NULL,2,'2022-05-10 14:59:57','2022-05-10 14:59:57'),(500,'https://logibrico.fr/categorie-produit/accessoires-pour-chaudieres/sondes/','74:95846c176d92f4ff2b89390d0aa0a939',34,'term','product_cat',NULL,NULL,NULL,NULL,'Sondes',NULL,NULL,0,NULL,NULL,NULL,NULL,NULL,NULL,0,NULL,NULL,NULL,NULL,NULL,NULL,NULL,NULL,NULL,NULL,NULL,NULL,NULL,NULL,NULL,NULL,0,NULL,NULL,'2022-05-17 07:36:14','2022-09-01 05:25:16',1,NULL,NULL,NULL,NULL,1,NULL,2,'2022-09-01 07:25:16',NULL),(501,'https://logibrico.fr/categorie-produit/accessoires-pour-chaudieres/moteurs-de-pompes/','85:6014974ff3172af83c360d0ce027ffe6',35,'term','product_cat',NULL,NULL,NULL,NULL,'Moteurs de Pompes',NULL,NULL,0,NULL,NULL,NULL,NULL,NULL,NULL,0,NULL,NULL,NULL,NULL,NULL,NULL,NULL,NULL,NULL,NULL,NULL,NULL,NULL,NULL,NULL,NULL,0,NULL,NULL,'2022-05-17 07:39:43','2022-08-30 13:52:27',1,NULL,NULL,NULL,NULL,1,NULL,2,'2022-08-30 15:52:26',NULL),(503,'https://logibrico.fr/sondes/','28:cedbc906ed560ff64199910a66ffcb56',37,'term','category',NULL,NULL,NULL,NULL,'Sondes',NULL,NULL,0,NULL,NULL,NULL,NULL,NULL,NULL,0,NULL,NULL,NULL,NULL,NULL,NULL,NULL,NULL,NULL,NULL,NULL,NULL,NULL,NULL,NULL,NULL,0,NULL,NULL,'2022-05-17 08:22:30','2022-05-17 06:22:30',1,NULL,NULL,NULL,NULL,0,NULL,2,'2022-05-17 10:22:30',NULL),(505,'https://logibrico.fr/2022/06/21/ampoules-et-spots/','50:e25c3fa14cb66e64495f1f3e26ee7389',19,'post','nav_menu_item',1,0,NULL,NULL,'Ampoulesspots','publish',NULL,0,NULL,NULL,NULL,NULL,NULL,0,0,NULL,0,NULL,NULL,NULL,NULL,NULL,NULL,NULL,NULL,NULL,NULL,NULL,NULL,NULL,NULL,0,NULL,NULL,'2022-05-17 08:23:52','2022-06-21 07:04:35',1,NULL,NULL,NULL,NULL,0,NULL,2,'2022-06-21 09:04:35','2021-06-09 14:47:42'),(506,'https://logibrico.fr/2022/06/21/appliques-murales/','50:c030dfccbc3f8f1825967a58ebeb7211',20,'post','nav_menu_item',1,0,NULL,NULL,'Appliquesmurales','publish',NULL,0,NULL,NULL,NULL,NULL,NULL,0,0,NULL,0,NULL,NULL,NULL,NULL,NULL,NULL,NULL,NULL,NULL,NULL,NULL,NULL,NULL,NULL,0,NULL,NULL,'2022-05-17 08:23:52','2022-06-21 07:04:35',1,NULL,NULL,NULL,NULL,0,NULL,2,'2022-06-21 09:04:35','2021-06-09 14:47:42'),(507,'https://logibrico.fr/2022/06/21/cloches-led-ufo/','48:076d8c9512f0474ab0a1c70e28da0d80',21,'post','nav_menu_item',1,0,NULL,NULL,'Cloches ledUFO','publish',NULL,0,NULL,NULL,NULL,NULL,NULL,0,0,NULL,0,NULL,NULL,NULL,NULL,NULL,NULL,NULL,NULL,NULL,NULL,NULL,NULL,NULL,NULL,0,NULL,NULL,'2022-05-17 08:23:52','2022-06-21 07:04:35',1,NULL,NULL,NULL,NULL,0,NULL,2,'2022-06-21 09:04:35','2021-06-09 14:47:42'),(508,'https://logibrico.fr/2022/06/21/dalles/','39:d129ae163879f900f410c8e8e25749ee',22,'post','nav_menu_item',1,0,NULL,NULL,'DallesLED','publish',NULL,0,NULL,NULL,NULL,NULL,NULL,0,0,NULL,0,NULL,NULL,NULL,NULL,NULL,NULL,NULL,NULL,NULL,NULL,NULL,NULL,NULL,NULL,0,NULL,NULL,'2022-05-17 08:23:52','2022-06-21 07:04:35',1,NULL,NULL,NULL,NULL,0,NULL,2,'2022-06-21 09:04:35','2021-06-09 14:47:42'),(509,'https://logibrico.fr/2022/06/21/projecteurs/','44:5f4b84503c5a646a7f415b8d9da9498b',23,'post','nav_menu_item',1,0,NULL,NULL,'ProjecteursHublots','publish',NULL,0,NULL,NULL,NULL,NULL,NULL,0,0,NULL,0,NULL,NULL,NULL,NULL,NULL,NULL,NULL,NULL,NULL,NULL,NULL,NULL,NULL,NULL,0,NULL,NULL,'2022-05-17 08:23:52','2022-06-21 07:04:35',1,NULL,NULL,NULL,NULL,0,NULL,2,'2022-06-21 09:04:35','2021-06-09 14:47:42'),(510,'https://logibrico.fr/2022/06/21/candelabres/','44:3378990c32ec08e0df40664ad3ed2ec4',25,'post','nav_menu_item',1,0,NULL,NULL,'CandélabresLampadaires','publish',NULL,0,NULL,NULL,NULL,NULL,NULL,0,0,NULL,0,NULL,NULL,NULL,NULL,NULL,NULL,NULL,NULL,NULL,NULL,NULL,NULL,NULL,NULL,0,NULL,NULL,'2022-05-17 08:23:52','2022-06-21 07:04:35',1,NULL,NULL,NULL,NULL,0,NULL,2,'2022-06-21 09:04:35','2021-06-09 14:47:42'),(511,'https://logibrico.fr/2022/06/21/reglettes-et-tri-proof/','55:b502cd651f6ee9c28ae060e72b019083',26,'post','nav_menu_item',1,0,NULL,NULL,'Reglettes tri-proof','publish',NULL,0,NULL,NULL,NULL,NULL,NULL,0,0,NULL,0,NULL,NULL,NULL,NULL,NULL,NULL,NULL,NULL,NULL,NULL,NULL,NULL,NULL,NULL,0,NULL,NULL,'2022-05-17 08:23:52','2022-06-21 07:04:35',1,NULL,NULL,NULL,NULL,0,NULL,2,'2022-06-21 09:04:35','2021-06-09 14:47:42'),(512,'https://logibrico.fr/2022/06/21/chauffages-exterieurs/','54:66fa28c18ea3c7ae80906e713fdfd0f7',27,'post','nav_menu_item',1,0,NULL,NULL,'Chauffagesexterieurs','publish',NULL,0,NULL,NULL,NULL,NULL,NULL,0,0,NULL,0,NULL,NULL,NULL,NULL,NULL,NULL,NULL,NULL,NULL,NULL,NULL,NULL,NULL,NULL,0,NULL,NULL,'2022-05-17 08:23:52','2022-06-21 07:04:35',1,NULL,NULL,NULL,NULL,0,NULL,2,'2022-06-21 09:04:35','2021-06-09 14:47:42'),(513,'https://logibrico.fr/2022/06/21/borne-de-recharge/','50:6b799c90635c53478aee841f3397e488',28,'post','nav_menu_item',1,0,NULL,NULL,'Bornede recharge','publish',NULL,0,NULL,NULL,NULL,NULL,NULL,0,0,NULL,0,NULL,NULL,NULL,NULL,NULL,NULL,NULL,NULL,NULL,NULL,NULL,NULL,NULL,NULL,0,NULL,NULL,'2022-05-17 08:23:52','2022-06-21 07:04:35',1,NULL,NULL,NULL,NULL,0,NULL,2,'2022-06-21 09:04:35','2021-06-09 14:47:42'),(514,'https://logibrico.fr/2022/06/21/echangeurs-a-plaques/','53:bd0c5a8d6481d75f355ca60867304d76',29,'post','nav_menu_item',1,0,NULL,NULL,'Echangeurs à plaques','publish',NULL,0,NULL,NULL,NULL,NULL,NULL,0,0,NULL,0,NULL,NULL,NULL,NULL,NULL,NULL,NULL,NULL,NULL,NULL,NULL,NULL,NULL,NULL,0,NULL,NULL,'2022-05-17 08:23:52','2022-06-21 07:04:36',1,NULL,NULL,NULL,NULL,0,NULL,2,'2022-06-21 09:04:35','2021-06-09 14:47:42'),(515,'https://logibrico.fr/2021/06/09/storefront-child/','49:547b15724503c8324c2a78b80a1951e7',53,'post','custom_css',1,0,NULL,NULL,'storefront-child','publish',NULL,0,NULL,NULL,NULL,NULL,NULL,0,0,NULL,0,NULL,NULL,NULL,NULL,NULL,NULL,NULL,NULL,NULL,NULL,NULL,NULL,NULL,NULL,0,NULL,NULL,'2022-06-02 07:54:06','2022-08-26 06:53:57',1,NULL,NULL,NULL,NULL,0,NULL,2,'2022-08-26 08:53:57','2021-06-09 15:24:49'),(517,'https://logibrico.fr/author/cdurteste-5379/','43:b81a9c8b53085db20d6c8d3f526dd5a8',16,'user',NULL,NULL,NULL,NULL,NULL,NULL,NULL,NULL,0,0,NULL,NULL,NULL,NULL,NULL,0,0,NULL,NULL,NULL,NULL,NULL,'https://secure.gravatar.com/avatar/4e8e46747ecdd24b9b1d13539b4bb2a3?s=500&d=mm&r=g',NULL,NULL,'gravatar-image',NULL,NULL,'https://secure.gravatar.com/avatar/4e8e46747ecdd24b9b1d13539b4bb2a3?s=500&d=mm&r=g',NULL,'gravatar-image',NULL,NULL,NULL,NULL,'2022-06-02 08:14:10','2022-06-02 06:14:10',1,NULL,NULL,NULL,NULL,0,NULL,2,'2022-06-02 10:14:10',NULL),(518,'https://logibrico.fr/wp-content/uploads/2022/06/boutons-gris_Plan-de-travail-1.png','82:d2ecaf2c6e7f045626ad285c7729275b',1070,'post','attachment',2,14,NULL,NULL,'boutons-gris_Plan-de-travail-1','inherit',NULL,0,NULL,NULL,NULL,NULL,NULL,0,0,NULL,0,NULL,NULL,NULL,NULL,'https://logibrico.fr/wp-content/uploads/2022/06/boutons-gris_Plan-de-travail-1.png',NULL,'1070','attachment-image',NULL,NULL,NULL,'1070','attachment-image',NULL,NULL,0,NULL,'2022-06-09 14:08:06','2022-06-09 14:15:01',1,NULL,NULL,NULL,NULL,1,NULL,2,'2022-06-09 14:08:06','2022-06-09 14:08:06'),(519,'https://logibrico.fr/wp-content/uploads/2022/06/boutons-gris-livraison-gratuite-etc_Plan-de-travail-1.png','105:2050fe92326082fcf74729a5b8fcf730',1072,'post','attachment',2,14,NULL,NULL,'boutons gris livraison gratuite etc_Plan de travail 1','inherit',NULL,0,NULL,NULL,NULL,NULL,NULL,0,0,NULL,0,NULL,NULL,NULL,NULL,'https://logibrico.fr/wp-content/uploads/2022/06/boutons-gris-livraison-gratuite-etc_Plan-de-travail-1.png',NULL,'1072','attachment-image',NULL,NULL,NULL,'1072','attachment-image',NULL,NULL,1,NULL,'2022-06-09 14:13:59','2022-06-09 14:15:01',1,NULL,NULL,NULL,NULL,1,NULL,2,'2022-06-09 14:13:59','2022-06-09 14:13:59'),(521,'https://logibrico.fr/?post_type=ml-slide&p=1075','47:e01c22dcd92b59ce7a80b316882e8150',1075,'post','ml-slide',2,0,NULL,NULL,'Slider 965 &#8211; image','trash',0,0,NULL,NULL,NULL,NULL,NULL,0,0,NULL,0,NULL,NULL,NULL,NULL,'https://logibrico.fr/wp-content/uploads/2022/06/Slider-Logibrico-v2-echangeurs-01.png',NULL,'1081','featured-image',NULL,NULL,'https://logibrico.fr/wp-content/uploads/2022/06/Slider-Logibrico-v2-echangeurs-01.png','1081','featured-image','{\"width\":3750,\"height\":834,\"filesize\":1095479,\"url\":\"https://logibrico.fr/wp-content/uploads/2022/06/Slider-Logibrico-v2-echangeurs-01.png\",\"path\":\"/home/logibrichx/www/wp-content/uploads/2022/06/Slider-Logibrico-v2-echangeurs-01.png\",\"size\":\"full\",\"id\":1081,\"alt\":\"\",\"pixels\":3127500,\"type\":\"image/png\"}',0,NULL,NULL,'2022-06-09 14:55:58','2022-06-09 13:59:09',1,NULL,NULL,NULL,NULL,0,NULL,2,'2022-06-09 15:59:09','2022-06-09 14:55:58'),(529,'https://logibrico.fr/?post_type=ml-slide&p=1083','47:7a588fd6e9bd9efd6fe4158b5beddca6',1083,'post','ml-slide',2,0,NULL,NULL,'Slider 965 &#8211; image','publish',NULL,0,NULL,NULL,NULL,NULL,NULL,0,0,NULL,0,NULL,NULL,NULL,NULL,'https://logibrico.fr/wp-content/uploads/2022/06/Slider-Logibrico-v2-echangeursfb.png',NULL,'1099','featured-image',NULL,NULL,'https://logibrico.fr/wp-content/uploads/2022/06/Slider-Logibrico-v2-echangeursfb.png','1099','featured-image','{\"width\":1800,\"height\":400,\"filesize\":661141,\"url\":\"https://logibrico.fr/wp-content/uploads/2022/06/Slider-Logibrico-v2-echangeursfb.png\",\"path\":\"/home/logibrichx/www/wp-content/uploads/2022/06/Slider-Logibrico-v2-echangeursfb.png\",\"size\":\"full\",\"id\":1099,\"alt\":\"\",\"pixels\":720000,\"type\":\"image/png\"}',0,NULL,NULL,'2022-06-09 15:58:31','2022-06-16 10:32:54',1,NULL,NULL,NULL,NULL,0,NULL,2,'2022-06-16 12:32:54','2022-06-09 15:58:31'),(533,'https://logibrico.fr/?p=1092','28:1b092168cf1c76e2d2f5a03034018a31',1092,'post','metagallery',2,0,NULL,NULL,'','publish',NULL,0,NULL,NULL,NULL,NULL,NULL,0,0,NULL,0,NULL,NULL,NULL,NULL,NULL,NULL,NULL,NULL,NULL,NULL,NULL,NULL,NULL,NULL,0,NULL,NULL,'2022-06-14 09:01:49','2022-06-14 07:01:49',1,NULL,NULL,NULL,NULL,0,NULL,2,'2022-06-14 09:01:49','2022-06-14 09:01:49'),(557,'https://logibrico.fr/wp-content/uploads/2022/06/pub-salle-de-bain-def-01.png','76:01f327a80ed8bdf04a357aec14ff220f',1130,'post','attachment',2,14,NULL,NULL,'pub salle de bain def-01','inherit',NULL,0,NULL,NULL,NULL,NULL,NULL,0,0,NULL,0,NULL,NULL,NULL,NULL,'https://logibrico.fr/wp-content/uploads/2022/06/pub-salle-de-bain-def-01.png',NULL,'1130','attachment-image',NULL,NULL,NULL,'1130','attachment-image',NULL,NULL,NULL,NULL,'2022-06-16 12:23:45','2022-06-16 10:23:45',1,NULL,NULL,NULL,NULL,1,NULL,2,'2022-06-16 12:23:45','2022-06-16 12:23:45'),(559,'https://logibrico.fr/wp-content/uploads/2022/06/Slider-Logibrico-v2-echangeurs-01.png','85:20129b909adcb44a29c5f0d5039564e2',1134,'post','attachment',2,0,NULL,NULL,'Slider Logibrico v2 échangeurs-01','inherit',0,0,0,NULL,NULL,NULL,NULL,0,0,NULL,0,NULL,NULL,NULL,NULL,'https://logibrico.fr/wp-content/uploads/2022/06/Slider-Logibrico-v2-echangeurs-01.png',NULL,'1134','attachment-image',NULL,NULL,NULL,'1134','attachment-image',NULL,NULL,NULL,NULL,'2022-06-16 12:32:34','2022-06-16 10:32:34',1,NULL,NULL,NULL,NULL,0,NULL,2,'2022-06-16 12:32:34','2022-06-16 12:32:34'),(560,'https://logibrico.fr/?post_type=ml-slide&p=1135','47:09d5ecef6af608ac55f97bea35c20c97',1135,'post','ml-slide',2,0,NULL,NULL,'Slider 965 &#8211; image','publish',NULL,0,NULL,NULL,NULL,NULL,NULL,0,0,NULL,0,NULL,NULL,NULL,NULL,'https://logibrico.fr/wp-content/uploads/2022/06/Slider-Logibrico-v2-echangeurs-01.png',NULL,'1134','featured-image',NULL,NULL,'https://logibrico.fr/wp-content/uploads/2022/06/Slider-Logibrico-v2-echangeurs-01.png','1134','featured-image','{\"width\":1800,\"height\":400,\"filesize\":512059,\"url\":\"https://logibrico.fr/wp-content/uploads/2022/06/Slider-Logibrico-v2-echangeurs-01.png\",\"path\":\"/home/logibrichx/www/wp-content/uploads/2022/06/Slider-Logibrico-v2-echangeurs-01.png\",\"size\":\"full\",\"id\":1134,\"alt\":\"\",\"pixels\":720000,\"type\":\"image/png\"}',0,NULL,NULL,'2022-06-16 12:32:43','2022-06-16 10:32:54',1,NULL,NULL,NULL,NULL,0,NULL,2,'2022-06-16 12:32:54','2022-06-16 12:32:43'),(561,'https://logibrico.fr/wp-content/uploads/2022/06/Slider-Logibrico-v2-echangeurs-fb-01.png','88:ee1d3e49e5aa756c708fc499639c57ee',1136,'post','attachment',2,0,NULL,NULL,'Slider Logibrico v2 échangeurs fb-01','inherit',0,0,0,NULL,NULL,NULL,NULL,0,0,NULL,0,NULL,NULL,NULL,NULL,'https://logibrico.fr/wp-content/uploads/2022/06/Slider-Logibrico-v2-echangeurs-fb-01.png',NULL,'1136','attachment-image',NULL,NULL,NULL,'1136','attachment-image',NULL,NULL,1,NULL,'2022-06-16 12:38:12','2022-06-16 13:11:28',1,NULL,NULL,NULL,NULL,0,NULL,2,'2022-06-16 12:38:12','2022-06-16 12:38:12'),(562,'https://logibrico.fr/wp-content/uploads/2022/06/Slider-Logibrico-v2-echangeursatt-01.png','88:12c46d7714b336d8d8f1c88e386a6558',1137,'post','attachment',2,0,NULL,NULL,'Slider Logibrico v2 échangeursatt-01','inherit',0,0,0,NULL,NULL,NULL,NULL,0,0,NULL,0,NULL,NULL,NULL,NULL,'https://logibrico.fr/wp-content/uploads/2022/06/Slider-Logibrico-v2-echangeursatt-01.png',NULL,'1137','attachment-image',NULL,NULL,NULL,'1137','attachment-image',NULL,NULL,1,NULL,'2022-06-16 12:42:25','2022-06-16 13:11:28',1,NULL,NULL,NULL,NULL,0,NULL,2,'2022-06-16 12:42:25','2022-06-16 12:42:25'),(565,'https://logibrico.fr/wp-content/uploads/2022/06/pub-accessoires-01.png','70:33445adb27c2f9b97713b0f0e4f5c2f4',1141,'post','attachment',2,14,NULL,NULL,'pub accessoires-01','inherit',NULL,0,NULL,NULL,NULL,NULL,NULL,0,0,NULL,0,NULL,NULL,NULL,NULL,'https://logibrico.fr/wp-content/uploads/2022/06/pub-accessoires-01.png',NULL,'1141','attachment-image',NULL,NULL,NULL,'1141','attachment-image',NULL,NULL,NULL,NULL,'2022-06-16 13:28:14','2022-06-16 11:28:14',1,NULL,NULL,NULL,NULL,1,NULL,2,'2022-06-16 13:28:14','2022-06-16 13:28:14'),(567,'https://logibrico.fr/author/mauduitp/','37:d650ba7bcdd07c5c5b32c82954129745',17,'user',NULL,NULL,NULL,NULL,NULL,NULL,NULL,NULL,0,0,NULL,NULL,NULL,NULL,NULL,0,0,NULL,NULL,NULL,NULL,NULL,'https://secure.gravatar.com/avatar/92ec8af3b0a6e3ec31d0cb5cb38e8463?s=500&d=mm&r=g',NULL,NULL,'gravatar-image',NULL,NULL,'https://secure.gravatar.com/avatar/92ec8af3b0a6e3ec31d0cb5cb38e8463?s=500&d=mm&r=g',NULL,'gravatar-image',NULL,NULL,NULL,NULL,'2022-06-21 04:08:16','2022-06-21 02:15:10',1,NULL,NULL,NULL,NULL,0,NULL,2,'2022-06-21 06:15:10',NULL),(569,'https://logibrico.fr/?post_type=shop_order_refund&p=1150','56:46c10af1bb18ca73eb22c296aa0c0fca',1150,'post','shop_order_refund',1,1146,NULL,NULL,'Remboursement &ndash; Jun 21, 2022 @ 12:09 PM','wc-completed',0,1,NULL,NULL,NULL,NULL,NULL,0,0,NULL,0,NULL,NULL,NULL,NULL,NULL,NULL,NULL,NULL,NULL,NULL,NULL,NULL,NULL,NULL,NULL,NULL,NULL,'2022-06-21 12:09:48','2022-06-21 10:09:48',1,NULL,NULL,NULL,NULL,0,NULL,2,'2022-06-21 12:09:48','2022-06-21 12:09:48'),(578,'https://logibrico.fr/author/logibricotest/','42:febd53a474e98f3b8f288507ad14af9d',19,'user',NULL,NULL,NULL,NULL,NULL,NULL,NULL,NULL,0,0,NULL,NULL,NULL,NULL,NULL,0,0,NULL,NULL,NULL,NULL,NULL,'https://secure.gravatar.com/avatar/675706b6f489c47d6a88db1b12175660?s=500&d=mm&r=g',NULL,NULL,'gravatar-image',NULL,NULL,'https://secure.gravatar.com/avatar/675706b6f489c47d6a88db1b12175660?s=500&d=mm&r=g',NULL,'gravatar-image',NULL,NULL,NULL,NULL,'2022-08-25 07:49:22','2022-08-25 07:36:26',1,NULL,NULL,NULL,NULL,0,NULL,2,'2022-08-25 11:36:26',NULL),(580,'https://logibrico.fr/produit/smart-2borne-de-recharge-electrique-pour-voiture-avec-carte-rfid/','94:a5990686177d490526cddbb66b59a678',1184,'post','product',2,0,NULL,NULL,'SMART 2Borne de recharge AC pour voiture électrique avec carte RFID','publish',NULL,0,NULL,NULL,NULL,NULL,NULL,90,0,NULL,0,NULL,NULL,NULL,NULL,'https://logibrico.fr/wp-content/uploads/2021/07/borne-SMART.png',NULL,'399','featured-image',NULL,NULL,'https://logibrico.fr/wp-content/uploads/2021/07/borne-SMART.png','399','featured-image','{\"width\":400,\"height\":400,\"url\":\"https://logibrico.fr/wp-content/uploads/2021/07/borne-SMART.png\",\"path\":\"/home/logibrichx/www/wp-content/uploads/2021/07/borne-SMART.png\",\"size\":\"full\",\"id\":399,\"alt\":\"\",\"pixels\":160000,\"type\":\"image/png\"}',1,NULL,NULL,'2022-09-15 13:27:13','2022-10-06 10:57:23',1,NULL,NULL,NULL,NULL,0,1,2,'2022-10-06 12:57:23','2022-09-15 13:27:13'),(581,'https://logibrico.fr/author/sample/','35:9f331ce8c4f8ab722424f8764bc1c305',20,'user',NULL,NULL,NULL,NULL,NULL,NULL,NULL,NULL,0,0,NULL,NULL,NULL,NULL,NULL,0,0,NULL,NULL,NULL,NULL,NULL,'https://secure.gravatar.com/avatar/553f9e0f719254abcdf5b9bf51bc358c?s=500&d=mm&r=g',NULL,NULL,'gravatar-image',NULL,NULL,'https://secure.gravatar.com/avatar/553f9e0f719254abcdf5b9bf51bc358c?s=500&d=mm&r=g',NULL,'gravatar-image',NULL,NULL,NULL,NULL,'2022-09-16 03:25:09','2022-09-16 01:25:10',1,NULL,NULL,NULL,NULL,0,NULL,2,'2022-09-16 05:25:10',NULL),(582,'https://logibrico.fr/author/fred-thebo/','39:c9c8da43c20024526efe953cda995fcc',21,'user',NULL,NULL,NULL,NULL,NULL,NULL,NULL,NULL,0,0,NULL,NULL,NULL,NULL,NULL,0,0,NULL,NULL,NULL,NULL,NULL,'https://secure.gravatar.com/avatar/76cbe5d11f2298a6b89dddd3d914d663?s=500&d=mm&r=g',NULL,NULL,'gravatar-image',NULL,NULL,'https://secure.gravatar.com/avatar/76cbe5d11f2298a6b89dddd3d914d663?s=500&d=mm&r=g',NULL,'gravatar-image',NULL,NULL,NULL,NULL,'2022-10-06 19:47:13','2022-10-12 15:03:20',1,NULL,NULL,NULL,NULL,0,NULL,2,'2022-10-12 19:03:20',NULL);

--
-- Table structure for table `wp_yoast_indexable_hierarchy`
--

CREATE TABLE `wp_yoast_indexable_hierarchy` (
  `indexable_id` int(11) unsigned NOT NULL DEFAULT '0',
  `ancestor_id` int(11) unsigned NOT NULL DEFAULT '0',
  `depth` int(11) unsigned DEFAULT NULL,
  `blog_id` bigint(20) NOT NULL DEFAULT '1',
  PRIMARY KEY (`indexable_id`,`ancestor_id`),
  KEY `indexable_id` (`indexable_id`),
  KEY `ancestor_id` (`ancestor_id`),
  KEY `depth` (`depth`)
) ENGINE=InnoDB DEFAULT CHARSET=utf8mb4 COLLATE=utf8mb4_unicode_520_ci;

--
-- Dumping data for table `wp_yoast_indexable_hierarchy`
--

INSERT INTO `wp_yoast_indexable_hierarchy` VALUES (1,0,0,1),(2,0,0,1),(3,0,0,1),(4,0,0,1),(5,4,1,1),(6,0,0,1),(7,0,0,1),(8,0,0,1),(9,0,0,1),(10,0,0,1),(11,0,0,1),(12,0,0,1),(13,0,0,1),(14,0,0,1),(15,0,0,1),(16,0,0,1),(17,0,0,1),(18,0,0,1),(19,0,0,1),(29,0,0,1),(34,0,0,1),(36,0,0,1),(41,0,0,1),(43,0,0,1),(46,0,0,1),(50,0,0,1),(66,0,0,1),(68,0,0,1),(70,0,0,1),(74,0,0,1),(77,0,0,1),(79,0,0,1),(81,0,0,1),(83,0,0,1),(85,0,0,1),(87,0,0,1),(93,0,0,1),(149,0,0,1),(152,0,0,1),(156,0,0,1),(158,0,0,1),(163,0,0,1),(164,163,1,1),(165,163,1,1),(166,163,1,1),(167,0,0,1),(168,167,1,1),(169,167,1,1),(170,167,1,1),(171,0,0,1),(172,171,1,1),(173,0,0,1),(174,173,1,1),(177,0,0,1),(180,0,0,1),(181,180,1,1),(182,180,1,1),(183,180,1,1),(184,180,1,1),(185,180,1,1),(186,0,0,1),(191,0,0,1),(197,0,0,1),(201,0,0,1),(205,0,0,1),(211,0,0,1),(214,0,0,1),(217,0,0,1),(228,0,0,1),(233,0,0,1),(236,0,0,1),(238,0,0,1),(241,0,0,1),(244,0,0,1),(245,244,1,1),(246,244,1,1),(247,244,1,1),(248,244,1,1),(249,244,1,1),(250,0,0,1),(251,250,1,1),(252,250,1,1),(253,250,1,1),(254,250,1,1),(255,250,1,1),(256,0,0,1),(257,256,1,1),(258,256,1,1),(259,256,1,1),(260,256,1,1),(267,0,0,1),(268,0,0,1),(269,268,1,1),(270,268,1,1),(271,268,1,1),(272,268,1,1),(273,0,0,1),(281,0,0,1),(282,281,1,1),(283,281,1,1),(284,281,1,1),(285,281,1,1),(286,0,0,1),(287,286,1,1),(288,286,1,1),(289,286,1,1),(290,286,1,1),(291,286,1,1),(292,286,1,1),(293,286,1,1),(294,286,1,1),(295,286,1,1),(296,0,0,1),(297,296,1,1),(298,0,0,1),(299,298,1,1),(300,298,1,1),(301,298,1,1),(302,296,1,1),(303,298,1,1),(305,0,0,1),(306,305,1,1),(310,167,1,1),(311,167,1,1),(312,167,1,1),(313,0,0,1),(314,313,1,1),(315,0,0,1),(317,0,0,1),(320,0,0,1),(334,4,1,1),(335,4,1,1),(336,0,0,1),(342,0,0,1),(347,0,0,1),(351,0,0,1),(352,351,1,1),(353,351,1,1),(354,351,1,1),(355,351,1,1),(358,4,1,1),(363,4,1,1),(364,4,1,1),(365,0,0,1),(373,0,0,1),(374,0,0,1),(375,0,0,1),(376,0,0,1),(377,0,0,1),(378,0,0,1),(379,0,0,1),(380,0,0,1),(381,0,0,1),(382,0,0,1),(383,0,0,1),(384,0,0,1),(385,0,0,1),(386,0,0,1),(387,0,0,1),(388,0,0,1),(389,0,0,1),(390,0,0,1),(391,0,0,1),(392,0,0,1),(393,0,0,1),(394,0,0,1),(395,0,0,1),(396,0,0,1),(397,0,0,1),(398,0,0,1),(399,0,0,1),(400,0,0,1),(401,0,0,1),(402,0,0,1),(403,0,0,1),(404,0,0,1),(405,0,0,1),(406,0,0,1),(407,0,0,1),(409,0,0,1),(411,0,0,1),(413,0,0,1),(414,0,0,1),(415,0,0,1),(416,0,0,1),(417,0,0,1),(418,0,0,1),(419,0,0,1),(420,0,0,1),(421,0,0,1),(423,0,0,1),(428,0,0,1),(429,0,0,1),(430,0,0,1),(433,0,0,1),(434,403,1,1),(437,0,0,1),(438,437,1,1),(439,0,0,1),(440,0,0,1),(441,0,0,1),(442,0,0,1),(443,442,1,1),(444,0,0,1),(445,0,0,1),(449,0,0,1),(451,449,1,1),(452,0,0,1),(454,0,0,1),(455,0,0,1),(456,455,1,1),(457,0,0,1),(459,0,0,1),(460,459,1,1),(461,0,0,1),(463,0,0,1),(464,463,1,1),(465,0,0,1),(467,0,0,1),(469,0,0,1),(471,469,1,1),(472,0,0,1),(474,0,0,1),(477,474,1,1),(480,455,1,1),(481,455,1,1),(482,463,1,1),(484,0,0,1),(485,484,1,1),(486,484,1,1),(487,0,0,1),(488,0,0,1),(489,488,1,1),(490,487,1,1),(491,0,0,1),(495,467,1,1),(496,465,1,1),(497,461,1,1),(498,459,1,1),(499,472,1,1),(500,444,1,1),(501,444,1,1),(503,0,0,1),(505,0,0,1),(506,0,0,1),(507,0,0,1),(508,0,0,1),(509,0,0,1),(510,0,0,1),(511,0,0,1),(512,0,0,1),(513,0,0,1),(514,0,0,1),(515,0,0,1),(518,4,1,1),(519,4,1,1),(521,0,0,1),(529,0,0,1),(557,4,1,1),(559,0,0,1),(560,0,0,1),(561,0,0,1),(562,0,0,1),(565,4,1,1),(578,0,0,1),(580,0,0,1);

--
-- Table structure for table `wp_yoast_migrations`
--

CREATE TABLE `wp_yoast_migrations` (
  `id` int(11) unsigned NOT NULL AUTO_INCREMENT,
  `version` varchar(191) COLLATE utf8mb4_unicode_520_ci DEFAULT NULL,
  PRIMARY KEY (`id`),
  UNIQUE KEY `wp_yoast_migrations_version` (`version`)
) ENGINE=InnoDB AUTO_INCREMENT=24 DEFAULT CHARSET=utf8mb4 COLLATE=utf8mb4_unicode_520_ci;

--
-- Dumping data for table `wp_yoast_migrations`
--

INSERT INTO `wp_yoast_migrations` VALUES (1,'20171228151840'),(2,'20171228151841'),(3,'20190529075038'),(4,'20191011111109'),(5,'20200408101900'),(6,'20200420073606'),(7,'20200428123747'),(8,'20200428194858'),(9,'20200429105310'),(10,'20200430075614'),(11,'20200430150130'),(12,'20200507054848'),(13,'20200513133401'),(14,'20200609154515'),(15,'20200616130143'),(16,'20200617122511'),(17,'20200702141921'),(18,'20200728095334'),(19,'20201202144329'),(20,'20201216124002'),(21,'20201216141134'),(22,'20210817092415'),(23,'20211020091404');

--
-- Table structure for table `wp_yoast_primary_term`
--

CREATE TABLE `wp_yoast_primary_term` (
  `id` int(11) unsigned NOT NULL AUTO_INCREMENT,
  `post_id` bigint(20) DEFAULT NULL,
  `term_id` bigint(20) DEFAULT NULL,
  `taxonomy` varchar(32) COLLATE utf8mb4_unicode_520_ci NOT NULL,
  `created_at` datetime DEFAULT NULL,
  `updated_at` timestamp NOT NULL DEFAULT CURRENT_TIMESTAMP ON UPDATE CURRENT_TIMESTAMP,
  `blog_id` bigint(20) NOT NULL DEFAULT '1',
  PRIMARY KEY (`id`),
  KEY `post_taxonomy` (`post_id`,`taxonomy`),
  KEY `post_term` (`post_id`,`term_id`)
) ENGINE=InnoDB AUTO_INCREMENT=26 DEFAULT CHARSET=utf8mb4 COLLATE=utf8mb4_unicode_520_ci;

--
-- Dumping data for table `wp_yoast_primary_term`
--

INSERT INTO `wp_yoast_primary_term` VALUES (1,983,33,'product_cat','2022-04-05 08:49:32','2022-08-30 13:51:23',1),(2,989,33,'product_cat','2022-04-05 09:08:31','2022-08-30 13:51:56',1),(3,992,35,'product_cat','2022-04-05 09:30:07','2022-06-21 07:43:55',1),(4,994,33,'product_cat','2022-04-05 09:45:58','2022-08-30 13:52:27',1),(5,995,33,'product_cat','2022-04-05 12:21:44','2022-08-30 13:56:09',1),(6,997,33,'product_cat','2022-04-05 13:10:47','2022-08-30 05:43:03',1),(7,999,33,'product_cat','2022-04-05 13:27:26','2022-05-10 12:55:53',1),(8,1001,33,'product_cat','2022-04-05 14:11:38','2022-05-10 13:13:02',1),(9,1003,33,'product_cat','2022-04-05 14:29:11','2022-09-01 11:49:52',1),(10,1005,34,'product_cat','2022-04-05 14:48:29','2022-05-17 05:57:55',1),(11,1007,34,'product_cat','2022-04-05 15:16:38','2022-05-17 05:52:42',1),(12,1009,34,'product_cat','2022-04-05 15:32:20','2022-08-23 12:43:55',1),(13,1012,33,'product_cat','2022-04-05 15:42:42','2022-09-01 07:15:10',1),(14,1014,34,'product_cat','2022-04-07 06:50:25','2022-09-01 05:25:16',1),(15,1039,33,'product_cat','2022-05-03 14:49:07','2022-08-30 06:13:20',1),(16,1042,33,'product_cat','2022-05-05 12:17:29','2022-08-30 05:51:50',1),(17,1043,33,'product_cat','2022-05-05 12:45:58','2022-08-30 05:51:03',1),(18,1049,33,'product_cat','2022-05-10 07:46:51','2022-05-10 05:53:48',1),(20,300,20,'product_cat','2022-06-14 08:48:32','2022-07-04 13:25:02',1),(21,431,20,'product_cat','2022-06-14 08:52:14','2022-07-04 13:28:04',1),(22,618,23,'product_cat','2022-06-14 08:53:34','2022-07-04 13:13:56',1),(23,615,23,'product_cat','2022-06-14 08:55:30','2022-06-14 06:55:30',1),(24,620,23,'product_cat','2022-06-14 08:57:33','2022-06-14 06:57:33',1),(25,921,15,'product_cat','2022-06-14 08:58:27','2022-06-14 06:58:27',1);

--
-- Table structure for table `wp_yoast_seo_links`
--

CREATE TABLE `wp_yoast_seo_links` (
  `id` bigint(20) unsigned NOT NULL AUTO_INCREMENT,
  `url` varchar(255) DEFAULT NULL,
  `post_id` bigint(20) unsigned DEFAULT NULL,
  `target_post_id` bigint(20) unsigned DEFAULT NULL,
  `type` varchar(8) DEFAULT NULL,
  `indexable_id` int(11) unsigned DEFAULT NULL,
  `target_indexable_id` int(11) unsigned DEFAULT NULL,
  `height` int(11) unsigned DEFAULT NULL,
  `width` int(11) unsigned DEFAULT NULL,
  `size` int(11) unsigned DEFAULT NULL,
  `language` varchar(32) DEFAULT NULL,
  `region` varchar(32) DEFAULT NULL,
  PRIMARY KEY (`id`),
  KEY `link_direction` (`post_id`,`type`),
  KEY `indexable_link_direction` (`indexable_id`,`type`)
) ENGINE=InnoDB AUTO_INCREMENT=435 DEFAULT CHARSET=utf8;

--
-- Dumping data for table `wp_yoast_seo_links`
--

INSERT INTO `wp_yoast_seo_links` VALUES (1,'http://logibrico.fr/wp-admin/',2,NULL,'internal',373,NULL,NULL,NULL,NULL,NULL,NULL),(13,'https://logibrico.fr/wp-content/plugins/wpforms-lite/assets/images/submit-spin.svg',948,NULL,'image-in',380,NULL,NULL,NULL,NULL,NULL,NULL),(14,'https://logibrico.fr/wp-content/plugins/CDurteste/pdf/000001.pdf',58,NULL,'internal',29,NULL,NULL,NULL,NULL,NULL,NULL),(15,'https://logibrico.fr/wp-content/plugins/CDurteste/images/ce.png',58,NULL,'image-in',29,NULL,NULL,NULL,NULL,NULL,NULL),(16,'https://logibrico.fr/wp-content/plugins/CDurteste/images/rohs.png',58,NULL,'image-in',29,NULL,NULL,NULL,NULL,NULL,NULL),(17,'https://logibrico.fr/wp-content/plugins/CDurteste/images/ip65.png',58,NULL,'image-in',29,NULL,NULL,NULL,NULL,NULL,NULL),(18,'https://logibrico.fr/wp-content/plugins/CDurteste/images/a3.png',58,NULL,'image-in',29,NULL,NULL,NULL,NULL,NULL,NULL),(19,'https://logibrico.fr/wp-content/plugins/CDurteste/pdf/omni.pdf',214,NULL,'internal',34,NULL,NULL,NULL,NULL,NULL,NULL),(20,'https://logibrico.fr/wp-content/plugins/CDurteste/pdf/omni.pdf',222,NULL,'internal',43,NULL,NULL,NULL,NULL,NULL,NULL),(21,'https://logibrico.fr/wp-content/plugins/CDurteste/pdf/omni.pdf',224,NULL,'internal',41,NULL,NULL,NULL,NULL,NULL,NULL),(22,'https://logibrico.fr/wp-content/plugins/CDurteste/pdf/omni.pdf',226,NULL,'internal',36,NULL,NULL,NULL,NULL,NULL,NULL),(23,'https://logibrico.fr/wp-content/plugins/CDurteste/pdf/fiche',236,NULL,'internal',46,NULL,NULL,NULL,NULL,NULL,NULL),(24,'https://logibrico.fr/wp-content/plugins/CDurteste/images/ce.png',236,NULL,'image-in',46,NULL,NULL,NULL,NULL,NULL,NULL),(25,'https://logibrico.fr/wp-content/plugins/CDurteste/images/rohs.png',236,NULL,'image-in',46,NULL,NULL,NULL,NULL,NULL,NULL),(26,'https://logibrico.fr/wp-content/plugins/CDurteste/images/ip65.png',236,NULL,'image-in',46,NULL,NULL,NULL,NULL,NULL,NULL),(27,'https://logibrico.fr/wp-content/plugins/CDurteste/images/a3.png',236,NULL,'image-in',46,NULL,NULL,NULL,NULL,NULL,NULL),(28,'https://logibrico.fr/wp-content/plugins/CDurteste/pdf/omni.pdf',242,NULL,'internal',50,NULL,NULL,NULL,NULL,NULL,NULL),(29,'https://logibrico.fr/wp-content/plugins/CDurteste/pdf/omni.pdf',263,NULL,'internal',66,NULL,NULL,NULL,NULL,NULL,NULL),(30,'https://logibrico.fr/wp-content/plugins/CDurteste/pdf/omni.pdf',268,NULL,'internal',68,NULL,NULL,NULL,NULL,NULL,NULL),(31,'https://logibrico.fr/wp-content/plugins/CDurteste/pdf/omni.pdf',270,NULL,'internal',70,NULL,NULL,NULL,NULL,NULL,NULL),(32,'https://logibrico.fr/wp-content/plugins/CDurteste/pdf/omni.pdf',280,NULL,'internal',74,NULL,NULL,NULL,NULL,NULL,NULL),(33,'https://logibrico.fr/wp-content/plugins/CDurteste/pdf/omni.pdf',283,NULL,'internal',77,NULL,NULL,NULL,NULL,NULL,NULL),(34,'https://logibrico.fr/wp-content/plugins/CDurteste/pdf/omni.pdf',285,NULL,'internal',79,NULL,NULL,NULL,NULL,NULL,NULL),(35,'https://logibrico.fr/wp-content/plugins/CDurteste/pdf/omni.pdf',287,NULL,'internal',81,NULL,NULL,NULL,NULL,NULL,NULL),(36,'https://logibrico.fr/wp-content/plugins/CDurteste/pdf/omni.pdf',289,NULL,'internal',83,NULL,NULL,NULL,NULL,NULL,NULL),(37,'https://logibrico.fr/wp-content/plugins/CDurteste/pdf/omni.pdf',291,NULL,'internal',85,NULL,NULL,NULL,NULL,NULL,NULL),(38,'https://logibrico.fr/wp-content/plugins/CDurteste/pdf/omni.pdf',293,NULL,'internal',381,NULL,NULL,NULL,NULL,NULL,NULL),(39,'https://logibrico.fr/wp-content/plugins/CDurteste/pdf/boitier',300,NULL,'internal',87,NULL,NULL,NULL,NULL,NULL,NULL),(40,'https://logibrico.fr/wp-content/plugins/CDurteste/images/ce.png',300,NULL,'image-in',87,NULL,NULL,NULL,NULL,NULL,NULL),(41,'https://logibrico.fr/wp-content/plugins/CDurteste/images/ip65.png',300,NULL,'image-in',87,NULL,NULL,NULL,NULL,NULL,NULL),(42,'https://logibrico.fr/wp-content/plugins/CDurteste/pdf/applique',306,NULL,'internal',93,NULL,NULL,NULL,NULL,NULL,NULL),(43,'https://logibrico.fr/wp-content/plugins/CDurteste/images/ce.png',306,NULL,'image-in',93,NULL,NULL,NULL,NULL,NULL,NULL),(44,'https://logibrico.fr/wp-content/plugins/CDurteste/images/rohs.png',306,NULL,'image-in',93,NULL,NULL,NULL,NULL,NULL,NULL),(45,'https://logibrico.fr/wp-content/plugins/CDurteste/images/ip65.png',306,NULL,'image-in',93,NULL,NULL,NULL,NULL,NULL,NULL),(46,'https://logibrico.fr/wp-content/plugins/CDurteste/images/a3.png',306,NULL,'image-in',93,NULL,NULL,NULL,NULL,NULL,NULL),(47,'https://logibrico.fr/wp-content/plugins/CDurteste/pdf/fiche',363,NULL,'internal',152,NULL,NULL,NULL,NULL,NULL,NULL),(48,'https://logibrico.fr/wp-content/plugins/CDurteste/images/ce.png',363,NULL,'image-in',152,NULL,NULL,NULL,NULL,NULL,NULL),(49,'https://logibrico.fr/wp-content/plugins/CDurteste/images/rohs.png',363,NULL,'image-in',152,NULL,NULL,NULL,NULL,NULL,NULL),(50,'https://logibrico.fr/wp-content/plugins/CDurteste/images/ip65.png',363,NULL,'image-in',152,NULL,NULL,NULL,NULL,NULL,NULL),(51,'https://logibrico.fr/wp-content/plugins/CDurteste/images/a3.png',363,NULL,'image-in',152,NULL,NULL,NULL,NULL,NULL,NULL),(52,'https://logibrico.fr/wp-content/plugins/CDurteste/pdf/fiche',366,NULL,'internal',149,NULL,NULL,NULL,NULL,NULL,NULL),(53,'https://logibrico.fr/wp-content/plugins/CDurteste/images/ce.png',366,NULL,'image-in',149,NULL,NULL,NULL,NULL,NULL,NULL),(54,'https://logibrico.fr/wp-content/plugins/CDurteste/images/rohs.png',366,NULL,'image-in',149,NULL,NULL,NULL,NULL,NULL,NULL),(55,'https://logibrico.fr/wp-content/plugins/CDurteste/images/ip65.png',366,NULL,'image-in',149,NULL,NULL,NULL,NULL,NULL,NULL),(56,'https://logibrico.fr/wp-content/plugins/CDurteste/images/a2.png',366,NULL,'image-in',149,NULL,NULL,NULL,NULL,NULL,NULL),(57,'https://logibrico.fr/wp-content/plugins/CDurteste/pdf/fiche',374,NULL,'internal',156,NULL,NULL,NULL,NULL,NULL,NULL),(58,'https://logibrico.fr/wp-content/plugins/CDurteste/images/ce.png',374,NULL,'image-in',156,NULL,NULL,NULL,NULL,NULL,NULL),(59,'https://logibrico.fr/wp-content/plugins/CDurteste/images/rohs.png',374,NULL,'image-in',156,NULL,NULL,NULL,NULL,NULL,NULL),(60,'https://logibrico.fr/wp-content/plugins/CDurteste/images/ip65.png',374,NULL,'image-in',156,NULL,NULL,NULL,NULL,NULL,NULL),(61,'https://logibrico.fr/wp-content/plugins/CDurteste/images/a.png',374,NULL,'image-in',156,NULL,NULL,NULL,NULL,NULL,NULL),(62,'https://logibrico.fr/wp-content/plugins/CDurteste/pdf/Projecteur',376,NULL,'internal',158,NULL,NULL,NULL,NULL,NULL,NULL),(63,'https://logibrico.fr/wp-content/plugins/CDurteste/images/ce.png',376,NULL,'image-in',158,NULL,NULL,NULL,NULL,NULL,NULL),(64,'https://logibrico.fr/wp-content/plugins/CDurteste/images/rohs.png',376,NULL,'image-in',158,NULL,NULL,NULL,NULL,NULL,NULL),(65,'https://logibrico.fr/wp-content/plugins/CDurteste/images/ip65.png',376,NULL,'image-in',158,NULL,NULL,NULL,NULL,NULL,NULL),(66,'https://logibrico.fr/wp-content/plugins/CDurteste/images/a1.png',376,NULL,'image-in',158,NULL,NULL,NULL,NULL,NULL,NULL),(67,'https://logibrico.fr/wp-content/plugins/CDurteste/pdf/000001.pdf',382,NULL,'internal',382,NULL,NULL,NULL,NULL,NULL,NULL),(68,'https://logibrico.fr/wp-content/plugins/CDurteste/images/ce.png',382,NULL,'image-in',382,NULL,NULL,NULL,NULL,NULL,NULL),(69,'https://logibrico.fr/wp-content/plugins/CDurteste/images/rohs.png',382,NULL,'image-in',382,NULL,NULL,NULL,NULL,NULL,NULL),(70,'https://logibrico.fr/wp-content/plugins/CDurteste/images/ip65.png',382,NULL,'image-in',382,NULL,NULL,NULL,NULL,NULL,NULL),(71,'https://logibrico.fr/wp-content/plugins/CDurteste/images/a2.png',382,NULL,'image-in',382,NULL,NULL,NULL,NULL,NULL,NULL),(72,'https://logibrico.fr/wp-content/plugins/CDurteste/pdf/000001.pdf',384,NULL,'internal',383,NULL,NULL,NULL,NULL,NULL,NULL),(73,'https://logibrico.fr/wp-content/plugins/CDurteste/images/ce.png',384,NULL,'image-in',383,NULL,NULL,NULL,NULL,NULL,NULL),(74,'https://logibrico.fr/wp-content/plugins/CDurteste/images/rohs.png',384,NULL,'image-in',383,NULL,NULL,NULL,NULL,NULL,NULL),(75,'https://logibrico.fr/wp-content/plugins/CDurteste/images/ip65.png',384,NULL,'image-in',383,NULL,NULL,NULL,NULL,NULL,NULL),(76,'https://logibrico.fr/wp-content/plugins/CDurteste/images/a2.png',384,NULL,'image-in',383,NULL,NULL,NULL,NULL,NULL,NULL),(77,'https://logibrico.fr/wp-content/plugins/CDurteste/pdf/000001.pdf',385,NULL,'internal',163,NULL,NULL,NULL,NULL,NULL,NULL),(78,'https://logibrico.fr/wp-content/plugins/CDurteste/images/ce.png',385,NULL,'image-in',163,NULL,NULL,NULL,NULL,NULL,NULL),(79,'https://logibrico.fr/wp-content/plugins/CDurteste/pdf/000001.pdf',390,NULL,'internal',384,NULL,NULL,NULL,NULL,NULL,NULL),(80,'https://logibrico.fr/wp-content/plugins/CDurteste/images/ce.png',390,NULL,'image-in',384,NULL,NULL,NULL,NULL,NULL,NULL),(81,'https://logibrico.fr/wp-content/plugins/CDurteste/pdf/000001.pdf',391,NULL,'internal',167,NULL,NULL,NULL,NULL,NULL,NULL),(82,'https://logibrico.fr/wp-content/plugins/CDurteste/images/ce.png',391,NULL,'image-in',167,NULL,NULL,NULL,NULL,NULL,NULL),(83,'https://logibrico.fr/wp-content/plugins/CDurteste/images/rohs.png',391,NULL,'image-in',167,NULL,NULL,NULL,NULL,NULL,NULL),(84,'https://logibrico.fr/wp-content/plugins/CDurteste/images/ip65.png',391,NULL,'image-in',167,NULL,NULL,NULL,NULL,NULL,NULL),(85,'https://logibrico.fr/wp-content/plugins/CDurteste/pdf/000001.pdf',395,NULL,'internal',171,NULL,NULL,NULL,NULL,NULL,NULL),(86,'https://logibrico.fr/wp-content/plugins/CDurteste/images/ce.png',395,NULL,'image-in',171,NULL,NULL,NULL,NULL,NULL,NULL),(87,'https://logibrico.fr/wp-content/plugins/CDurteste/images/rohs.png',395,NULL,'image-in',171,NULL,NULL,NULL,NULL,NULL,NULL),(88,'https://logibrico.fr/wp-content/plugins/CDurteste/images/ip65.png',395,NULL,'image-in',171,NULL,NULL,NULL,NULL,NULL,NULL),(89,'https://logibrico.fr/wp-content/plugins/CDurteste/pdf/SMART',398,NULL,'internal',173,NULL,NULL,NULL,NULL,NULL,NULL),(90,'https://logibrico.fr/wp-content/plugins/CDurteste/images/ce.png',398,NULL,'image-in',173,NULL,NULL,NULL,NULL,NULL,NULL),(91,'https://logibrico.fr/wp-content/plugins/CDurteste/images/ip54.png',398,NULL,'image-in',173,NULL,NULL,NULL,NULL,NULL,NULL),(92,'https://logibrico.fr/wp-content/plugins/CDurteste/pdf/SMART',403,NULL,'internal',177,NULL,NULL,NULL,NULL,NULL,NULL),(93,'https://logibrico.fr/wp-content/plugins/CDurteste/images/ce.png',403,NULL,'image-in',177,NULL,NULL,NULL,NULL,NULL,NULL),(94,'https://logibrico.fr/wp-content/plugins/CDurteste/images/ip54.png',403,NULL,'image-in',177,NULL,NULL,NULL,NULL,NULL,NULL),(95,'https://logibrico.fr/wp-content/plugins/CDurteste/pdf/battenled.pdf',409,NULL,'internal',180,NULL,NULL,NULL,NULL,NULL,NULL),(96,'https://logibrico.fr/wp-content/plugins/CDurteste/images/ce.png',409,NULL,'image-in',180,NULL,NULL,NULL,NULL,NULL,NULL),(97,'https://logibrico.fr/wp-content/plugins/CDurteste/images/rohs.png',409,NULL,'image-in',180,NULL,NULL,NULL,NULL,NULL,NULL),(98,'https://logibrico.fr/wp-content/plugins/CDurteste/images/nondimmable.png',409,NULL,'image-in',180,NULL,NULL,NULL,NULL,NULL,NULL),(99,'https://logibrico.fr/wp-content/plugins/CDurteste/images/a2.png',409,NULL,'image-in',180,NULL,NULL,NULL,NULL,NULL,NULL),(100,'https://logibrico.fr/wp-content/plugins/CDurteste/pdf/potenciel.pdf',419,NULL,'internal',186,NULL,NULL,NULL,NULL,NULL,NULL),(101,'https://logibrico.fr/wp-content/plugins/CDurteste/images/ce.png',419,NULL,'image-in',186,NULL,NULL,NULL,NULL,NULL,NULL),(102,'https://logibrico.fr/wp-content/plugins/CDurteste/images/rohs.png',419,NULL,'image-in',186,NULL,NULL,NULL,NULL,NULL,NULL),(103,'https://logibrico.fr/wp-content/plugins/CDurteste/images/ip65.png',419,NULL,'image-in',186,NULL,NULL,NULL,NULL,NULL,NULL),(104,'https://logibrico.fr/wp-content/plugins/CDurteste/images/a2.png',419,NULL,'image-in',186,NULL,NULL,NULL,NULL,NULL,NULL),(105,'https://logibrico.fr/wp-content/plugins/CDurteste/pdf/potenciel.pdf',425,NULL,'internal',191,NULL,NULL,NULL,NULL,NULL,NULL),(106,'https://logibrico.fr/wp-content/plugins/CDurteste/images/ce.png',425,NULL,'image-in',191,NULL,NULL,NULL,NULL,NULL,NULL),(107,'https://logibrico.fr/wp-content/plugins/CDurteste/images/rohs.png',425,NULL,'image-in',191,NULL,NULL,NULL,NULL,NULL,NULL),(108,'https://logibrico.fr/wp-content/plugins/CDurteste/images/ip65.png',425,NULL,'image-in',191,NULL,NULL,NULL,NULL,NULL,NULL),(109,'https://logibrico.fr/wp-content/plugins/CDurteste/images/a2.png',425,NULL,'image-in',191,NULL,NULL,NULL,NULL,NULL,NULL),(110,'https://logibrico.fr/wp-content/plugins/CDurteste/pdf/douillegu10.pdf',431,NULL,'internal',197,NULL,NULL,NULL,NULL,NULL,NULL),(111,'https://logibrico.fr/wp-content/plugins/CDurteste/images/ce.png',431,NULL,'image-in',197,NULL,NULL,NULL,NULL,NULL,NULL),(112,'https://logibrico.fr/wp-content/plugins/CDurteste/images/rohs.png',431,NULL,'image-in',197,NULL,NULL,NULL,NULL,NULL,NULL),(113,'https://logibrico.fr/wp-content/plugins/CDurteste/images/ip20.png',431,NULL,'image-in',197,NULL,NULL,NULL,NULL,NULL,NULL),(114,'https://logibrico.fr/wp-content/plugins/CDurteste/pdf/tubet8.pdf',436,NULL,'internal',201,NULL,NULL,NULL,NULL,NULL,NULL),(115,'https://logibrico.fr/wp-content/plugins/CDurteste/images/ce.png',436,NULL,'image-in',201,NULL,NULL,NULL,NULL,NULL,NULL),(116,'https://logibrico.fr/wp-content/plugins/CDurteste/images/rohs.png',436,NULL,'image-in',201,NULL,NULL,NULL,NULL,NULL,NULL),(117,'https://logibrico.fr/wp-content/plugins/CDurteste/images/nondimmable.png',436,NULL,'image-in',201,NULL,NULL,NULL,NULL,NULL,NULL),(118,'https://logibrico.fr/wp-content/plugins/CDurteste/images/a2.png',436,NULL,'image-in',201,NULL,NULL,NULL,NULL,NULL,NULL),(119,'https://logibrico.fr/wp-content/plugins/CDurteste/pdf/tubet8.pdf',441,NULL,'internal',385,NULL,NULL,NULL,NULL,NULL,NULL),(120,'https://logibrico.fr/wp-content/plugins/CDurteste/images/ce.png',441,NULL,'image-in',385,NULL,NULL,NULL,NULL,NULL,NULL),(121,'https://logibrico.fr/wp-content/plugins/CDurteste/images/rohs.png',441,NULL,'image-in',385,NULL,NULL,NULL,NULL,NULL,NULL),(122,'https://logibrico.fr/wp-content/plugins/CDurteste/images/nondimmable.png',441,NULL,'image-in',385,NULL,NULL,NULL,NULL,NULL,NULL),(123,'https://logibrico.fr/wp-content/plugins/CDurteste/images/a2.png',441,NULL,'image-in',385,NULL,NULL,NULL,NULL,NULL,NULL),(124,'https://logibrico.fr/wp-content/plugins/CDurteste/pdf/tubet8.pdf',442,NULL,'internal',386,NULL,NULL,NULL,NULL,NULL,NULL),(125,'https://logibrico.fr/wp-content/plugins/CDurteste/images/ce.png',442,NULL,'image-in',386,NULL,NULL,NULL,NULL,NULL,NULL),(126,'https://logibrico.fr/wp-content/plugins/CDurteste/images/rohs.png',442,NULL,'image-in',386,NULL,NULL,NULL,NULL,NULL,NULL),(127,'https://logibrico.fr/wp-content/plugins/CDurteste/images/nondimmable.png',442,NULL,'image-in',386,NULL,NULL,NULL,NULL,NULL,NULL),(128,'https://logibrico.fr/wp-content/plugins/CDurteste/images/a2.png',442,NULL,'image-in',386,NULL,NULL,NULL,NULL,NULL,NULL),(129,'https://logibrico.fr/wp-content/plugins/CDurteste/pdf/tubet8.pdf',443,NULL,'internal',387,NULL,NULL,NULL,NULL,NULL,NULL),(130,'https://logibrico.fr/wp-content/plugins/CDurteste/images/ce.png',443,NULL,'image-in',387,NULL,NULL,NULL,NULL,NULL,NULL),(131,'https://logibrico.fr/wp-content/plugins/CDurteste/images/rohs.png',443,NULL,'image-in',387,NULL,NULL,NULL,NULL,NULL,NULL),(132,'https://logibrico.fr/wp-content/plugins/CDurteste/images/nondimmable.png',443,NULL,'image-in',387,NULL,NULL,NULL,NULL,NULL,NULL),(133,'https://logibrico.fr/wp-content/plugins/CDurteste/images/a2.png',443,NULL,'image-in',387,NULL,NULL,NULL,NULL,NULL,NULL),(134,'https://logibrico.fr/wp-content/plugins/CDurteste/pdf/spotnoir.pdf',449,NULL,'internal',205,NULL,NULL,NULL,NULL,NULL,NULL),(135,'https://logibrico.fr/wp-content/plugins/CDurteste/images/ce.png',449,NULL,'image-in',205,NULL,NULL,NULL,NULL,NULL,NULL),(136,'https://logibrico.fr/wp-content/plugins/CDurteste/images/rohs.png',449,NULL,'image-in',205,NULL,NULL,NULL,NULL,NULL,NULL),(137,'https://logibrico.fr/wp-content/plugins/CDurteste/images/ip20.png',449,NULL,'image-in',205,NULL,NULL,NULL,NULL,NULL,NULL),(138,'https://logibrico.fr/wp-content/plugins/CDurteste/images/a2.png',449,NULL,'image-in',205,NULL,NULL,NULL,NULL,NULL,NULL),(139,'https://logibrico.fr/wp-content/plugins/CDurteste/pdf/Ampoule',457,NULL,'internal',211,NULL,NULL,NULL,NULL,NULL,NULL),(140,'https://logibrico.fr/wp-content/plugins/CDurteste/images/ce.png',457,NULL,'image-in',211,NULL,NULL,NULL,NULL,NULL,NULL),(141,'https://logibrico.fr/wp-content/plugins/CDurteste/images/rohs.png',457,NULL,'image-in',211,NULL,NULL,NULL,NULL,NULL,NULL),(142,'https://logibrico.fr/wp-content/plugins/CDurteste/images/nondimmable.png',457,NULL,'image-in',211,NULL,NULL,NULL,NULL,NULL,NULL),(143,'https://logibrico.fr/wp-content/plugins/CDurteste/images/a2.png',457,NULL,'image-in',211,NULL,NULL,NULL,NULL,NULL,NULL),(144,'https://logibrico.fr/wp-content/plugins/CDurteste/pdf/Ampoule',460,NULL,'internal',214,NULL,NULL,NULL,NULL,NULL,NULL),(145,'https://logibrico.fr/wp-content/plugins/CDurteste/images/ce.png',460,NULL,'image-in',214,NULL,NULL,NULL,NULL,NULL,NULL),(146,'https://logibrico.fr/wp-content/plugins/CDurteste/images/rohs.png',460,NULL,'image-in',214,NULL,NULL,NULL,NULL,NULL,NULL),(147,'https://logibrico.fr/wp-content/plugins/CDurteste/images/a2.png',460,NULL,'image-in',214,NULL,NULL,NULL,NULL,NULL,NULL),(148,'https://logibrico.fr/wp-content/plugins/CDurteste/pdf/Ampoule',465,NULL,'internal',236,NULL,NULL,NULL,NULL,NULL,NULL),(149,'https://logibrico.fr/wp-content/plugins/CDurteste/images/ce.png',465,NULL,'image-in',236,NULL,NULL,NULL,NULL,NULL,NULL),(150,'https://logibrico.fr/wp-content/plugins/CDurteste/images/rohs.png',465,NULL,'image-in',236,NULL,NULL,NULL,NULL,NULL,NULL),(151,'https://logibrico.fr/wp-content/plugins/CDurteste/images/a2.png',465,NULL,'image-in',236,NULL,NULL,NULL,NULL,NULL,NULL),(152,'https://logibrico.fr/wp-content/plugins/CDurteste/pdf/Ampoule',466,NULL,'internal',217,NULL,NULL,NULL,NULL,NULL,NULL),(153,'https://logibrico.fr/wp-content/plugins/CDurteste/images/ce.png',466,NULL,'image-in',217,NULL,NULL,NULL,NULL,NULL,NULL),(154,'https://logibrico.fr/wp-content/plugins/CDurteste/images/rohs.png',466,NULL,'image-in',217,NULL,NULL,NULL,NULL,NULL,NULL),(155,'https://logibrico.fr/wp-content/plugins/CDurteste/images/a2.png',466,NULL,'image-in',217,NULL,NULL,NULL,NULL,NULL,NULL),(156,'https://logibrico.fr/wp-content/plugins/CDurteste/pdf/Ampoule',488,NULL,'internal',228,NULL,NULL,NULL,NULL,NULL,NULL),(157,'https://logibrico.fr/wp-content/plugins/CDurteste/images/ce.png',488,NULL,'image-in',228,NULL,NULL,NULL,NULL,NULL,NULL),(158,'https://logibrico.fr/wp-content/plugins/CDurteste/images/rohs.png',488,NULL,'image-in',228,NULL,NULL,NULL,NULL,NULL,NULL),(159,'https://logibrico.fr/wp-content/plugins/CDurteste/images/nondimmable.png',488,NULL,'image-in',228,NULL,NULL,NULL,NULL,NULL,NULL),(160,'https://logibrico.fr/wp-content/plugins/CDurteste/images/a2.png',488,NULL,'image-in',228,NULL,NULL,NULL,NULL,NULL,NULL),(161,'https://logibrico.fr/wp-content/plugins/CDurteste/pdf/Ampoule',498,NULL,'internal',233,NULL,NULL,NULL,NULL,NULL,NULL),(162,'https://logibrico.fr/wp-content/plugins/CDurteste/images/ce.png',498,NULL,'image-in',233,NULL,NULL,NULL,NULL,NULL,NULL),(163,'https://logibrico.fr/wp-content/plugins/CDurteste/images/rohs.png',498,NULL,'image-in',233,NULL,NULL,NULL,NULL,NULL,NULL),(164,'https://logibrico.fr/wp-content/plugins/CDurteste/images/a2.png',498,NULL,'image-in',233,NULL,NULL,NULL,NULL,NULL,NULL),(165,'https://logibrico.fr/wp-content/plugins/CDurteste/pdf/Ampoule',501,NULL,'internal',388,NULL,NULL,NULL,NULL,NULL,NULL),(166,'https://logibrico.fr/wp-content/plugins/CDurteste/images/ce.png',501,NULL,'image-in',388,NULL,NULL,NULL,NULL,NULL,NULL),(167,'https://logibrico.fr/wp-content/plugins/CDurteste/images/rohs.png',501,NULL,'image-in',388,NULL,NULL,NULL,NULL,NULL,NULL),(168,'https://logibrico.fr/wp-content/plugins/CDurteste/images/a2.png',501,NULL,'image-in',388,NULL,NULL,NULL,NULL,NULL,NULL),(169,'https://logibrico.fr/wp-content/plugins/CDurteste/pdf/Ampoule',502,NULL,'internal',389,NULL,NULL,NULL,NULL,NULL,NULL),(170,'https://logibrico.fr/wp-content/plugins/CDurteste/images/ce.png',502,NULL,'image-in',389,NULL,NULL,NULL,NULL,NULL,NULL),(171,'https://logibrico.fr/wp-content/plugins/CDurteste/images/rohs.png',502,NULL,'image-in',389,NULL,NULL,NULL,NULL,NULL,NULL),(172,'https://logibrico.fr/wp-content/plugins/CDurteste/images/a2.png',502,NULL,'image-in',389,NULL,NULL,NULL,NULL,NULL,NULL),(173,'https://logibrico.fr/wp-content/plugins/CDurteste/pdf/Ampoule',504,NULL,'internal',390,NULL,NULL,NULL,NULL,NULL,NULL),(174,'https://logibrico.fr/wp-content/plugins/CDurteste/images/ce.png',504,NULL,'image-in',390,NULL,NULL,NULL,NULL,NULL,NULL),(175,'https://logibrico.fr/wp-content/plugins/CDurteste/images/rohs.png',504,NULL,'image-in',390,NULL,NULL,NULL,NULL,NULL,NULL),(176,'https://logibrico.fr/wp-content/plugins/CDurteste/images/a2.png',504,NULL,'image-in',390,NULL,NULL,NULL,NULL,NULL,NULL),(177,'https://logibrico.fr/wp-content/plugins/CDurteste/pdf/Ampoule',505,NULL,'internal',238,NULL,NULL,NULL,NULL,NULL,NULL),(178,'https://logibrico.fr/wp-content/plugins/CDurteste/images/ce.png',505,NULL,'image-in',238,NULL,NULL,NULL,NULL,NULL,NULL),(179,'https://logibrico.fr/wp-content/plugins/CDurteste/images/rohs.png',505,NULL,'image-in',238,NULL,NULL,NULL,NULL,NULL,NULL),(180,'https://logibrico.fr/wp-content/plugins/CDurteste/images/a2.png',505,NULL,'image-in',238,NULL,NULL,NULL,NULL,NULL,NULL),(181,'https://logibrico.fr/wp-content/plugins/CDurteste/pdf/Ampoule',508,NULL,'internal',241,NULL,NULL,NULL,NULL,NULL,NULL),(182,'https://logibrico.fr/wp-content/plugins/CDurteste/images/ce.png',508,NULL,'image-in',241,NULL,NULL,NULL,NULL,NULL,NULL),(183,'https://logibrico.fr/wp-content/plugins/CDurteste/images/rohs.png',508,NULL,'image-in',241,NULL,NULL,NULL,NULL,NULL,NULL),(184,'https://logibrico.fr/wp-content/plugins/CDurteste/images/dimmable.png',508,NULL,'image-in',241,NULL,NULL,NULL,NULL,NULL,NULL),(185,'https://logibrico.fr/wp-content/plugins/CDurteste/images/a2.png',508,NULL,'image-in',241,NULL,NULL,NULL,NULL,NULL,NULL),(186,'https://logibrico.fr/wp-content/plugins/CDurteste/pdf/Ampoule',511,NULL,'internal',244,NULL,NULL,NULL,NULL,NULL,NULL),(187,'https://logibrico.fr/wp-content/plugins/CDurteste/images/ce.png',511,NULL,'image-in',244,NULL,NULL,NULL,NULL,NULL,NULL),(188,'https://logibrico.fr/wp-content/plugins/CDurteste/images/rohs.png',511,NULL,'image-in',244,NULL,NULL,NULL,NULL,NULL,NULL),(189,'https://logibrico.fr/wp-content/plugins/CDurteste/images/a2.png',511,NULL,'image-in',244,NULL,NULL,NULL,NULL,NULL,NULL),(190,'https://logibrico.fr/wp-content/plugins/CDurteste/pdf/Ampoule',517,NULL,'internal',391,NULL,NULL,NULL,NULL,NULL,NULL),(191,'https://logibrico.fr/wp-content/plugins/CDurteste/images/ce.png',517,NULL,'image-in',391,NULL,NULL,NULL,NULL,NULL,NULL),(192,'https://logibrico.fr/wp-content/plugins/CDurteste/images/rohs.png',517,NULL,'image-in',391,NULL,NULL,NULL,NULL,NULL,NULL),(193,'https://logibrico.fr/wp-content/plugins/CDurteste/images/a2.png',517,NULL,'image-in',391,NULL,NULL,NULL,NULL,NULL,NULL),(194,'https://logibrico.fr/wp-content/plugins/CDurteste/pdf/Ampoule',518,NULL,'internal',250,NULL,NULL,NULL,NULL,NULL,NULL),(195,'https://logibrico.fr/wp-content/plugins/CDurteste/images/ce.png',518,NULL,'image-in',250,NULL,NULL,NULL,NULL,NULL,NULL),(196,'https://logibrico.fr/wp-content/plugins/CDurteste/images/rohs.png',518,NULL,'image-in',250,NULL,NULL,NULL,NULL,NULL,NULL),(197,'https://logibrico.fr/wp-content/plugins/CDurteste/images/a2.png',518,NULL,'image-in',250,NULL,NULL,NULL,NULL,NULL,NULL),(198,'https://logibrico.fr/wp-content/plugins/CDurteste/pdf/Ampoule',524,NULL,'internal',392,NULL,NULL,NULL,NULL,NULL,NULL),(199,'https://logibrico.fr/wp-content/plugins/CDurteste/images/ce.png',524,NULL,'image-in',392,NULL,NULL,NULL,NULL,NULL,NULL),(200,'https://logibrico.fr/wp-content/plugins/CDurteste/images/rohs.png',524,NULL,'image-in',392,NULL,NULL,NULL,NULL,NULL,NULL),(201,'https://logibrico.fr/wp-content/plugins/CDurteste/images/a2.png',524,NULL,'image-in',392,NULL,NULL,NULL,NULL,NULL,NULL),(202,'https://logibrico.fr/wp-content/plugins/CDurteste/pdf/Ampoule',526,NULL,'internal',393,NULL,NULL,NULL,NULL,NULL,NULL),(203,'https://logibrico.fr/wp-content/plugins/CDurteste/images/ce.png',526,NULL,'image-in',393,NULL,NULL,NULL,NULL,NULL,NULL),(204,'https://logibrico.fr/wp-content/plugins/CDurteste/images/rohs.png',526,NULL,'image-in',393,NULL,NULL,NULL,NULL,NULL,NULL),(205,'https://logibrico.fr/wp-content/plugins/CDurteste/images/a2.png',526,NULL,'image-in',393,NULL,NULL,NULL,NULL,NULL,NULL),(206,'https://logibrico.fr/wp-content/plugins/CDurteste/pdf/Ampoule',527,NULL,'internal',394,NULL,NULL,NULL,NULL,NULL,NULL),(207,'https://logibrico.fr/wp-content/plugins/CDurteste/images/ce.png',527,NULL,'image-in',394,NULL,NULL,NULL,NULL,NULL,NULL),(208,'https://logibrico.fr/wp-content/plugins/CDurteste/images/rohs.png',527,NULL,'image-in',394,NULL,NULL,NULL,NULL,NULL,NULL),(209,'https://logibrico.fr/wp-content/plugins/CDurteste/images/a2.png',527,NULL,'image-in',394,NULL,NULL,NULL,NULL,NULL,NULL),(210,'https://logibrico.fr/wp-content/plugins/CDurteste/pdf/Ampoule',528,NULL,'internal',395,NULL,NULL,NULL,NULL,NULL,NULL),(211,'https://logibrico.fr/wp-content/plugins/CDurteste/images/ce.png',528,NULL,'image-in',395,NULL,NULL,NULL,NULL,NULL,NULL),(212,'https://logibrico.fr/wp-content/plugins/CDurteste/images/rohs.png',528,NULL,'image-in',395,NULL,NULL,NULL,NULL,NULL,NULL),(213,'https://logibrico.fr/wp-content/plugins/CDurteste/images/a2.png',528,NULL,'image-in',395,NULL,NULL,NULL,NULL,NULL,NULL),(214,'https://logibrico.fr/wp-content/plugins/CDurteste/pdf/applique',532,NULL,'internal',256,NULL,NULL,NULL,NULL,NULL,NULL),(215,'https://logibrico.fr/wp-content/plugins/CDurteste/images/ce.png',532,NULL,'image-in',256,NULL,NULL,NULL,NULL,NULL,NULL),(216,'https://logibrico.fr/wp-content/plugins/CDurteste/images/rohs.png',532,NULL,'image-in',256,NULL,NULL,NULL,NULL,NULL,NULL),(217,'https://logibrico.fr/wp-content/plugins/CDurteste/images/ip65.png',532,NULL,'image-in',256,NULL,NULL,NULL,NULL,NULL,NULL),(218,'https://logibrico.fr/wp-content/plugins/CDurteste/images/a3.png',532,NULL,'image-in',256,NULL,NULL,NULL,NULL,NULL,NULL),(219,'https://logibrico.fr/wp-content/plugins/CDurteste/pdf/applique',537,NULL,'internal',305,NULL,NULL,NULL,NULL,NULL,NULL),(220,'https://logibrico.fr/wp-content/plugins/CDurteste/images/ce.png',537,NULL,'image-in',305,NULL,NULL,NULL,NULL,NULL,NULL),(221,'https://logibrico.fr/wp-content/plugins/CDurteste/images/rohs.png',537,NULL,'image-in',305,NULL,NULL,NULL,NULL,NULL,NULL),(222,'https://logibrico.fr/wp-content/plugins/CDurteste/images/ip65.png',537,NULL,'image-in',305,NULL,NULL,NULL,NULL,NULL,NULL),(223,'https://logibrico.fr/wp-content/plugins/CDurteste/images/a3.png',537,NULL,'image-in',305,NULL,NULL,NULL,NULL,NULL,NULL),(224,'https://logibrico.fr/wp-content/plugins/CDurteste/pdf/Dalle',549,NULL,'internal',268,NULL,NULL,NULL,NULL,NULL,NULL),(225,'https://logibrico.fr/wp-content/plugins/CDurteste/images/ce.png',549,NULL,'image-in',268,NULL,NULL,NULL,NULL,NULL,NULL),(226,'https://logibrico.fr/wp-content/plugins/CDurteste/images/rohs.png',549,NULL,'image-in',268,NULL,NULL,NULL,NULL,NULL,NULL),(227,'https://logibrico.fr/wp-content/plugins/CDurteste/images/nondimmable.png',549,NULL,'image-in',268,NULL,NULL,NULL,NULL,NULL,NULL),(228,'https://logibrico.fr/wp-content/plugins/CDurteste/images/a3.png',549,NULL,'image-in',268,NULL,NULL,NULL,NULL,NULL,NULL),(229,'https://logibrico.fr/wp-content/plugins/CDurteste/pdf/Dalle',556,NULL,'internal',396,NULL,NULL,NULL,NULL,NULL,NULL),(230,'https://logibrico.fr/wp-content/plugins/CDurteste/images/ce.png',556,NULL,'image-in',396,NULL,NULL,NULL,NULL,NULL,NULL),(231,'https://logibrico.fr/wp-content/plugins/CDurteste/images/rohs.png',556,NULL,'image-in',396,NULL,NULL,NULL,NULL,NULL,NULL),(232,'https://logibrico.fr/wp-content/plugins/CDurteste/images/nondimmable.png',556,NULL,'image-in',396,NULL,NULL,NULL,NULL,NULL,NULL),(233,'https://logibrico.fr/wp-content/plugins/CDurteste/images/a3.png',556,NULL,'image-in',396,NULL,NULL,NULL,NULL,NULL,NULL),(234,'https://logibrico.fr/wp-content/plugins/CDurteste/pdf/Dalle',557,NULL,'internal',397,NULL,NULL,NULL,NULL,NULL,NULL),(235,'https://logibrico.fr/wp-content/plugins/CDurteste/images/ce.png',557,NULL,'image-in',397,NULL,NULL,NULL,NULL,NULL,NULL),(236,'https://logibrico.fr/wp-content/plugins/CDurteste/images/rohs.png',557,NULL,'image-in',397,NULL,NULL,NULL,NULL,NULL,NULL),(237,'https://logibrico.fr/wp-content/plugins/CDurteste/images/nondimmable.png',557,NULL,'image-in',397,NULL,NULL,NULL,NULL,NULL,NULL),(238,'https://logibrico.fr/wp-content/plugins/CDurteste/images/a3.png',557,NULL,'image-in',397,NULL,NULL,NULL,NULL,NULL,NULL),(239,'https://logibrico.fr/wp-content/plugins/CDurteste/pdf/Dalle',558,NULL,'internal',398,NULL,NULL,NULL,NULL,NULL,NULL),(240,'https://logibrico.fr/wp-content/plugins/CDurteste/images/ce.png',558,NULL,'image-in',398,NULL,NULL,NULL,NULL,NULL,NULL),(241,'https://logibrico.fr/wp-content/plugins/CDurteste/images/rohs.png',558,NULL,'image-in',398,NULL,NULL,NULL,NULL,NULL,NULL),(242,'https://logibrico.fr/wp-content/plugins/CDurteste/images/nondimmable.png',558,NULL,'image-in',398,NULL,NULL,NULL,NULL,NULL,NULL),(243,'https://logibrico.fr/wp-content/plugins/CDurteste/images/a3.png',558,NULL,'image-in',398,NULL,NULL,NULL,NULL,NULL,NULL),(244,'https://logibrico.fr/wp-content/plugins/CDurteste/pdf/Dalle',560,NULL,'internal',399,NULL,NULL,NULL,NULL,NULL,NULL),(245,'https://logibrico.fr/wp-content/plugins/CDurteste/images/ce.png',560,NULL,'image-in',399,NULL,NULL,NULL,NULL,NULL,NULL),(246,'https://logibrico.fr/wp-content/plugins/CDurteste/images/rohs.png',560,NULL,'image-in',399,NULL,NULL,NULL,NULL,NULL,NULL),(247,'https://logibrico.fr/wp-content/plugins/CDurteste/images/nondimmable.png',560,NULL,'image-in',399,NULL,NULL,NULL,NULL,NULL,NULL),(248,'https://logibrico.fr/wp-content/plugins/CDurteste/images/a3.png',560,NULL,'image-in',399,NULL,NULL,NULL,NULL,NULL,NULL),(249,'https://logibrico.fr/wp-content/plugins/CDurteste/pdf/Dalle',561,NULL,'internal',400,NULL,NULL,NULL,NULL,NULL,NULL),(250,'https://logibrico.fr/wp-content/plugins/CDurteste/images/ce.png',561,NULL,'image-in',400,NULL,NULL,NULL,NULL,NULL,NULL),(251,'https://logibrico.fr/wp-content/plugins/CDurteste/images/rohs.png',561,NULL,'image-in',400,NULL,NULL,NULL,NULL,NULL,NULL),(252,'https://logibrico.fr/wp-content/plugins/CDurteste/images/nondimmable.png',561,NULL,'image-in',400,NULL,NULL,NULL,NULL,NULL,NULL),(253,'https://logibrico.fr/wp-content/plugins/CDurteste/images/a3.png',561,NULL,'image-in',400,NULL,NULL,NULL,NULL,NULL,NULL),(254,'https://logibrico.fr/wp-content/plugins/CDurteste/pdf/Dalle',562,NULL,'internal',401,NULL,NULL,NULL,NULL,NULL,NULL),(255,'https://logibrico.fr/wp-content/plugins/CDurteste/images/ce.png',562,NULL,'image-in',401,NULL,NULL,NULL,NULL,NULL,NULL),(256,'https://logibrico.fr/wp-content/plugins/CDurteste/images/rohs.png',562,NULL,'image-in',401,NULL,NULL,NULL,NULL,NULL,NULL),(257,'https://logibrico.fr/wp-content/plugins/CDurteste/images/nondimmable.png',562,NULL,'image-in',401,NULL,NULL,NULL,NULL,NULL,NULL),(258,'https://logibrico.fr/wp-content/plugins/CDurteste/images/a3.png',562,NULL,'image-in',401,NULL,NULL,NULL,NULL,NULL,NULL),(259,'https://logibrico.fr/wp-content/plugins/CDurteste/pdf/Dalle',563,NULL,'internal',402,NULL,NULL,NULL,NULL,NULL,NULL),(260,'https://logibrico.fr/wp-content/plugins/CDurteste/images/ce.png',563,NULL,'image-in',402,NULL,NULL,NULL,NULL,NULL,NULL),(261,'https://logibrico.fr/wp-content/plugins/CDurteste/images/rohs.png',563,NULL,'image-in',402,NULL,NULL,NULL,NULL,NULL,NULL),(262,'https://logibrico.fr/wp-content/plugins/CDurteste/images/nondimmable.png',563,NULL,'image-in',402,NULL,NULL,NULL,NULL,NULL,NULL),(263,'https://logibrico.fr/wp-content/plugins/CDurteste/images/a3.png',563,NULL,'image-in',402,NULL,NULL,NULL,NULL,NULL,NULL),(264,'https://logibrico.fr/wp-content/plugins/CDurteste/pdf/Tri-Proof',564,NULL,'internal',273,NULL,NULL,NULL,NULL,NULL,NULL),(265,'https://logibrico.fr/wp-content/plugins/CDurteste/images/ce.png',564,NULL,'image-in',273,NULL,NULL,NULL,NULL,NULL,NULL),(266,'https://logibrico.fr/wp-content/plugins/CDurteste/images/rohs.png',564,NULL,'image-in',273,NULL,NULL,NULL,NULL,NULL,NULL),(267,'https://logibrico.fr/wp-content/plugins/CDurteste/images/a2.png',564,NULL,'image-in',273,NULL,NULL,NULL,NULL,NULL,NULL),(268,'https://logibrico.fr/wp-content/plugins/CDurteste/pdf/Tri-Proof',572,NULL,'internal',403,NULL,NULL,NULL,NULL,NULL,NULL),(269,'https://logibrico.fr/wp-content/plugins/CDurteste/images/ce.png',572,NULL,'image-in',403,NULL,NULL,NULL,NULL,NULL,NULL),(270,'https://logibrico.fr/wp-content/plugins/CDurteste/images/rohs.png',572,NULL,'image-in',403,NULL,NULL,NULL,NULL,NULL,NULL),(271,'https://logibrico.fr/wp-content/plugins/CDurteste/images/a2.png',572,NULL,'image-in',403,NULL,NULL,NULL,NULL,NULL,NULL),(272,'https://logibrico.fr/wp-content/plugins/CDurteste/pdf/fiche',573,NULL,'internal',281,NULL,NULL,NULL,NULL,NULL,NULL),(273,'https://logibrico.fr/wp-content/plugins/CDurteste/images/ce.png',573,NULL,'image-in',281,NULL,NULL,NULL,NULL,NULL,NULL),(274,'https://logibrico.fr/wp-content/plugins/CDurteste/images/rohs.png',573,NULL,'image-in',281,NULL,NULL,NULL,NULL,NULL,NULL),(275,'https://logibrico.fr/wp-content/plugins/CDurteste/images/a2.png',573,NULL,'image-in',281,NULL,NULL,NULL,NULL,NULL,NULL),(276,'https://logibrico.fr/wp-content/plugins/CDurteste/pdf/fiche',580,NULL,'internal',286,NULL,NULL,NULL,NULL,NULL,NULL),(277,'https://logibrico.fr/wp-content/plugins/CDurteste/images/ce.png',580,NULL,'image-in',286,NULL,NULL,NULL,NULL,NULL,NULL),(278,'https://logibrico.fr/wp-content/plugins/CDurteste/images/rohs.png',580,NULL,'image-in',286,NULL,NULL,NULL,NULL,NULL,NULL),(279,'https://logibrico.fr/wp-content/plugins/CDurteste/images/ip66.png',580,NULL,'image-in',286,NULL,NULL,NULL,NULL,NULL,NULL),(280,'https://logibrico.fr/wp-content/plugins/CDurteste/images/ik10.png',580,NULL,'image-in',286,NULL,NULL,NULL,NULL,NULL,NULL),(281,'https://logibrico.fr/wp-content/plugins/CDurteste/images/a2.png',580,NULL,'image-in',286,NULL,NULL,NULL,NULL,NULL,NULL),(282,'https://logibrico.fr/wp-content/plugins/CDurteste/pdf/fiche',592,NULL,'internal',296,NULL,NULL,NULL,NULL,NULL,NULL),(283,'https://logibrico.fr/wp-content/plugins/CDurteste/images/ce.png',592,NULL,'image-in',296,NULL,NULL,NULL,NULL,NULL,NULL),(284,'https://logibrico.fr/wp-content/plugins/CDurteste/images/rohs.png',592,NULL,'image-in',296,NULL,NULL,NULL,NULL,NULL,NULL),(285,'https://logibrico.fr/wp-content/plugins/CDurteste/images/ip66.png',592,NULL,'image-in',296,NULL,NULL,NULL,NULL,NULL,NULL),(286,'https://logibrico.fr/wp-content/plugins/CDurteste/images/ik10.png',592,NULL,'image-in',296,NULL,NULL,NULL,NULL,NULL,NULL),(287,'https://logibrico.fr/wp-content/plugins/CDurteste/images/a2.png',592,NULL,'image-in',296,NULL,NULL,NULL,NULL,NULL,NULL),(288,'https://logibrico.fr/wp-content/plugins/CDurteste/pdf/fiche',595,NULL,'internal',298,NULL,NULL,NULL,NULL,NULL,NULL),(289,'https://logibrico.fr/wp-content/plugins/CDurteste/images/ce.png',595,NULL,'image-in',298,NULL,NULL,NULL,NULL,NULL,NULL),(290,'https://logibrico.fr/wp-content/plugins/CDurteste/images/rohs.png',595,NULL,'image-in',298,NULL,NULL,NULL,NULL,NULL,NULL),(291,'https://logibrico.fr/wp-content/plugins/CDurteste/images/ip66.png',595,NULL,'image-in',298,NULL,NULL,NULL,NULL,NULL,NULL),(292,'https://logibrico.fr/wp-content/plugins/CDurteste/images/ik10.png',595,NULL,'image-in',298,NULL,NULL,NULL,NULL,NULL,NULL),(293,'https://logibrico.fr/wp-content/plugins/CDurteste/images/a2.png',595,NULL,'image-in',298,NULL,NULL,NULL,NULL,NULL,NULL),(294,'https://logibrico.fr/wp-content/plugins/CDurteste/pdf/fiche',601,NULL,'internal',404,NULL,NULL,NULL,NULL,NULL,NULL),(295,'https://logibrico.fr/wp-content/plugins/CDurteste/images/ce.png',601,NULL,'image-in',404,NULL,NULL,NULL,NULL,NULL,NULL),(296,'https://logibrico.fr/wp-content/plugins/CDurteste/images/rohs.png',601,NULL,'image-in',404,NULL,NULL,NULL,NULL,NULL,NULL),(297,'https://logibrico.fr/wp-content/plugins/CDurteste/images/ip66.png',601,NULL,'image-in',404,NULL,NULL,NULL,NULL,NULL,NULL),(298,'https://logibrico.fr/wp-content/plugins/CDurteste/images/ik10.png',601,NULL,'image-in',404,NULL,NULL,NULL,NULL,NULL,NULL),(299,'https://logibrico.fr/wp-content/plugins/CDurteste/images/a2.png',601,NULL,'image-in',404,NULL,NULL,NULL,NULL,NULL,NULL),(300,'https://logibrico.fr/wp-content/plugins/CDurteste/pdf/Dalle',615,NULL,'internal',313,NULL,NULL,NULL,NULL,NULL,NULL),(301,'https://logibrico.fr/wp-content/plugins/CDurteste/images/ce.png',615,NULL,'image-in',313,NULL,NULL,NULL,NULL,NULL,NULL),(302,'https://logibrico.fr/wp-content/plugins/CDurteste/pdf/Dalle',618,NULL,'internal',315,NULL,NULL,NULL,NULL,NULL,NULL),(303,'https://logibrico.fr/wp-content/plugins/CDurteste/images/ce.png',618,NULL,'image-in',315,NULL,NULL,NULL,NULL,NULL,NULL),(304,'https://logibrico.fr/wp-content/plugins/CDurteste/pdf/Dalle',620,NULL,'internal',317,NULL,NULL,NULL,NULL,NULL,NULL),(305,'https://logibrico.fr/wp-content/plugins/CDurteste/images/ce.png',620,NULL,'image-in',317,NULL,NULL,NULL,NULL,NULL,NULL),(306,'https://logibrico.fr/wp-content/plugins/CDurteste/pdf/chauffage',624,NULL,'internal',320,NULL,NULL,NULL,NULL,NULL,NULL),(307,'https://logibrico.fr/wp-content/plugins/CDurteste/images/ce.png',624,NULL,'image-in',320,NULL,NULL,NULL,NULL,NULL,NULL),(308,'https://logibrico.fr/wp-content/plugins/CDurteste/pdf/Hublot.pdf',785,NULL,'internal',336,NULL,NULL,NULL,NULL,NULL,NULL),(309,'https://logibrico.fr/wp-content/plugins/CDurteste/images/ce.png',785,NULL,'image-in',336,NULL,NULL,NULL,NULL,NULL,NULL),(310,'https://logibrico.fr/wp-content/plugins/CDurteste/images/enec.png',785,NULL,'image-in',336,NULL,NULL,NULL,NULL,NULL,NULL),(311,'https://logibrico.fr/wp-content/plugins/CDurteste/images/rohs.png',785,NULL,'image-in',336,NULL,NULL,NULL,NULL,NULL,NULL),(312,'https://logibrico.fr/wp-content/plugins/CDurteste/images/ip65.png',785,NULL,'image-in',336,NULL,NULL,NULL,NULL,NULL,NULL),(313,'https://logibrico.fr/wp-content/plugins/CDurteste/images/ik10.png',785,NULL,'image-in',336,NULL,NULL,NULL,NULL,NULL,NULL),(314,'https://logibrico.fr/wp-content/plugins/CDurteste/images/a3.png',785,NULL,'image-in',336,NULL,NULL,NULL,NULL,NULL,NULL),(315,'https://logibrico.fr/wp-content/plugins/CDurteste/pdf/Hublot.pdf',792,NULL,'internal',342,NULL,NULL,NULL,NULL,NULL,NULL),(316,'https://logibrico.fr/wp-content/plugins/CDurteste/images/ce.png',792,NULL,'image-in',342,NULL,NULL,NULL,NULL,NULL,NULL),(317,'https://logibrico.fr/wp-content/plugins/CDurteste/images/enec.png',792,NULL,'image-in',342,NULL,NULL,NULL,NULL,NULL,NULL),(318,'https://logibrico.fr/wp-content/plugins/CDurteste/images/rohs.png',792,NULL,'image-in',342,NULL,NULL,NULL,NULL,NULL,NULL),(319,'https://logibrico.fr/wp-content/plugins/CDurteste/images/ip65.png',792,NULL,'image-in',342,NULL,NULL,NULL,NULL,NULL,NULL),(320,'https://logibrico.fr/wp-content/plugins/CDurteste/images/ik10.png',792,NULL,'image-in',342,NULL,NULL,NULL,NULL,NULL,NULL),(321,'https://logibrico.fr/wp-content/plugins/CDurteste/images/a3.png',792,NULL,'image-in',342,NULL,NULL,NULL,NULL,NULL,NULL),(322,'https://logibrico.fr/wp-content/plugins/CDurteste/pdf/fiche',807,NULL,'internal',347,NULL,NULL,NULL,NULL,NULL,NULL),(323,'https://logibrico.fr/wp-content/plugins/CDurteste/images/ce.png',807,NULL,'image-in',347,NULL,NULL,NULL,NULL,NULL,NULL),(324,'https://logibrico.fr/wp-content/plugins/CDurteste/images/rohs.png',807,NULL,'image-in',347,NULL,NULL,NULL,NULL,NULL,NULL),(325,'https://logibrico.fr/wp-content/plugins/CDurteste/images/ip44.png',807,NULL,'image-in',347,NULL,NULL,NULL,NULL,NULL,NULL),(326,'https://logibrico.fr/wp-content/plugins/CDurteste/images/a1.png',807,NULL,'image-in',347,NULL,NULL,NULL,NULL,NULL,NULL),(327,'https://logibrico.fr/wp-content/plugins/CDurteste/pdf/Guirlande',813,NULL,'internal',351,NULL,NULL,NULL,NULL,NULL,NULL),(328,'https://logibrico.fr/wp-content/plugins/CDurteste/images/ce.png',813,NULL,'image-in',351,NULL,NULL,NULL,NULL,NULL,NULL),(329,'https://logibrico.fr/wp-content/plugins/CDurteste/images/rohs.png',813,NULL,'image-in',351,NULL,NULL,NULL,NULL,NULL,NULL),(330,'https://logibrico.fr/wp-content/plugins/CDurteste/images/ip44.png',813,NULL,'image-in',351,NULL,NULL,NULL,NULL,NULL,NULL),(331,'https://logibrico.fr/wp-content/plugins/CDurteste/images/a3.png',813,NULL,'image-in',351,NULL,NULL,NULL,NULL,NULL,NULL),(332,'https://logibrico.fr/wp-content/plugins/CDurteste/pdf/masque.pdf',921,NULL,'internal',365,NULL,NULL,NULL,NULL,NULL,NULL),(333,'https://logibrico.fr/wp-content/plugins/CDurteste/images/ce.png',921,NULL,'image-in',365,NULL,NULL,NULL,NULL,NULL,NULL),(334,'https://logibrico.fr/wp-content/plugins/CDurteste/pdf/Ampoule',925,NULL,'internal',405,NULL,NULL,NULL,NULL,NULL,NULL),(335,'https://logibrico.fr/wp-content/plugins/CDurteste/images/ce.png',925,NULL,'image-in',405,NULL,NULL,NULL,NULL,NULL,NULL),(336,'https://logibrico.fr/wp-content/plugins/CDurteste/images/rohs.png',925,NULL,'image-in',405,NULL,NULL,NULL,NULL,NULL,NULL),(337,'https://logibrico.fr/wp-content/plugins/CDurteste/images/a2.png',925,NULL,'image-in',405,NULL,NULL,NULL,NULL,NULL,NULL),(338,'https://logibrico.fr/wp-content/plugins/CDurteste/pdf/Tri-Proof',943,NULL,'internal',406,NULL,NULL,NULL,NULL,NULL,NULL),(339,'https://logibrico.fr/wp-content/plugins/CDurteste/images/ce.png',943,NULL,'image-in',406,NULL,NULL,NULL,NULL,NULL,NULL),(340,'https://logibrico.fr/wp-content/plugins/CDurteste/images/rohs.png',943,NULL,'image-in',406,NULL,NULL,NULL,NULL,NULL,NULL),(341,'https://logibrico.fr/wp-content/plugins/CDurteste/images/a2.png',943,NULL,'image-in',406,NULL,NULL,NULL,NULL,NULL,NULL),(342,'https://logibrico.fr/wp-content/plugins/CDurteste/pdf/Tri-Proof',944,NULL,'internal',407,NULL,NULL,NULL,NULL,NULL,NULL),(343,'https://logibrico.fr/wp-content/plugins/CDurteste/images/ce.png',944,NULL,'image-in',407,NULL,NULL,NULL,NULL,NULL,NULL),(344,'https://logibrico.fr/wp-content/plugins/CDurteste/images/rohs.png',944,NULL,'image-in',407,NULL,NULL,NULL,NULL,NULL,NULL),(345,'https://logibrico.fr/wp-content/plugins/CDurteste/images/a2.png',944,NULL,'image-in',407,NULL,NULL,NULL,NULL,NULL,NULL),(346,'https://logibrico.fr/wp-content/plugins/CDurteste/pdf/Ampoule',963,NULL,'internal',423,NULL,NULL,NULL,NULL,NULL,NULL),(347,'https://logibrico.fr/wp-content/plugins/CDurteste/images/ce.png',963,NULL,'image-in',423,NULL,NULL,NULL,NULL,NULL,NULL),(348,'https://logibrico.fr/wp-content/plugins/CDurteste/images/rohs.png',963,NULL,'image-in',423,NULL,NULL,NULL,NULL,NULL,NULL),(349,'https://logibrico.fr/wp-content/plugins/CDurteste/images/a2.png',963,NULL,'image-in',423,NULL,NULL,NULL,NULL,NULL,NULL),(351,'https://logibrico.fr/wp-content/plugins/CDurteste/pdf/fiche',977,NULL,'internal',437,NULL,NULL,NULL,NULL,NULL,NULL),(352,'https://logibrico.fr/wp-content/plugins/CDurteste/images/ce.png',977,NULL,'image-in',437,NULL,NULL,NULL,NULL,NULL,NULL),(353,'https://logibrico.fr/wp-content/plugins/CDurteste/images/rohs.png',977,NULL,'image-in',437,NULL,NULL,NULL,NULL,NULL,NULL),(354,'https://logibrico.fr/wp-content/plugins/CDurteste/images/a1.png',977,NULL,'image-in',437,NULL,NULL,NULL,NULL,NULL,NULL),(355,'https://logibrico.fr/wp-content/plugins/CDurteste/pdf/fiche',979,NULL,'internal',439,NULL,NULL,NULL,NULL,NULL,NULL),(356,'https://logibrico.fr/wp-content/plugins/CDurteste/images/ce.png',979,NULL,'image-in',439,NULL,NULL,NULL,NULL,NULL,NULL),(357,'https://logibrico.fr/wp-content/plugins/CDurteste/images/rohs.png',979,NULL,'image-in',439,NULL,NULL,NULL,NULL,NULL,NULL),(358,'https://logibrico.fr/wp-content/plugins/CDurteste/images/a1.png',979,NULL,'image-in',439,NULL,NULL,NULL,NULL,NULL,NULL),(359,'https://logibrico.fr/wp-content/plugins/CDurteste/pdf/fiche',980,NULL,'internal',440,NULL,NULL,NULL,NULL,NULL,NULL),(360,'https://logibrico.fr/wp-content/plugins/CDurteste/images/ce.png',980,NULL,'image-in',440,NULL,NULL,NULL,NULL,NULL,NULL),(361,'https://logibrico.fr/wp-content/plugins/CDurteste/images/rohs.png',980,NULL,'image-in',440,NULL,NULL,NULL,NULL,NULL,NULL),(362,'https://logibrico.fr/wp-content/plugins/CDurteste/images/a1.png',980,NULL,'image-in',440,NULL,NULL,NULL,NULL,NULL,NULL),(363,'https://logibrico.fr/wp-content/plugins/CDurteste/pdf/fiche',981,NULL,'internal',441,NULL,NULL,NULL,NULL,NULL,NULL),(364,'https://logibrico.fr/wp-content/plugins/CDurteste/images/ce.png',981,NULL,'image-in',441,NULL,NULL,NULL,NULL,NULL,NULL),(365,'https://logibrico.fr/wp-content/plugins/CDurteste/images/rohs.png',981,NULL,'image-in',441,NULL,NULL,NULL,NULL,NULL,NULL),(366,'https://logibrico.fr/wp-content/plugins/CDurteste/images/a1.png',981,NULL,'image-in',441,NULL,NULL,NULL,NULL,NULL,NULL),(367,'https://logibrico.fr/wp-content/plugins/CDurteste/pdf/liste',983,NULL,'internal',442,NULL,NULL,NULL,NULL,NULL,NULL),(368,'https://logibrico.fr/wp-content/plugins/CDurteste/images/ce.png',983,NULL,'image-in',442,NULL,NULL,NULL,NULL,NULL,NULL),(369,'https://logibrico.fr/wp-content/plugins/CDurteste/images/rohs.png',983,NULL,'image-in',442,NULL,NULL,NULL,NULL,NULL,NULL),(370,'https://logibrico.fr/wp-content/plugins/CDurteste/pdf/liste',989,NULL,'internal',449,NULL,NULL,NULL,NULL,NULL,NULL),(371,'https://logibrico.fr/wp-content/plugins/CDurteste/images/ce.png',989,NULL,'image-in',449,NULL,NULL,NULL,NULL,NULL,NULL),(372,'https://logibrico.fr/wp-content/plugins/CDurteste/images/rohs.png',989,NULL,'image-in',449,NULL,NULL,NULL,NULL,NULL,NULL),(373,'https://logibrico.fr/wp-content/plugins/CDurteste/pdf/liste',992,NULL,'internal',452,NULL,NULL,NULL,NULL,NULL,NULL),(374,'https://logibrico.fr/wp-content/plugins/CDurteste/images/ce.png',992,NULL,'image-in',452,NULL,NULL,NULL,NULL,NULL,NULL),(375,'https://logibrico.fr/wp-content/plugins/CDurteste/images/rohs.png',992,NULL,'image-in',452,NULL,NULL,NULL,NULL,NULL,NULL),(376,'https://logibrico.fr/wp-content/plugins/CDurteste/pdf/liste',994,NULL,'internal',454,NULL,NULL,NULL,NULL,NULL,NULL),(377,'https://logibrico.fr/wp-content/plugins/CDurteste/images/ce.png',994,NULL,'image-in',454,NULL,NULL,NULL,NULL,NULL,NULL),(378,'https://logibrico.fr/wp-content/plugins/CDurteste/images/rohs.png',994,NULL,'image-in',454,NULL,NULL,NULL,NULL,NULL,NULL),(379,'https://logibrico.fr/wp-content/plugins/CDurteste/pdf/liste',995,NULL,'internal',455,NULL,NULL,NULL,NULL,NULL,NULL),(380,'https://logibrico.fr/wp-content/plugins/CDurteste/images/ce.png',995,NULL,'image-in',455,NULL,NULL,NULL,NULL,NULL,NULL),(381,'https://logibrico.fr/wp-content/plugins/CDurteste/images/rohs.png',995,NULL,'image-in',455,NULL,NULL,NULL,NULL,NULL,NULL),(382,'https://logibrico.fr/wp-content/plugins/CDurteste/pdf/liste',997,NULL,'internal',457,NULL,NULL,NULL,NULL,NULL,NULL),(383,'https://logibrico.fr/wp-content/plugins/CDurteste/images/ce.png',997,NULL,'image-in',457,NULL,NULL,NULL,NULL,NULL,NULL),(384,'https://logibrico.fr/wp-content/plugins/CDurteste/images/rohs.png',997,NULL,'image-in',457,NULL,NULL,NULL,NULL,NULL,NULL),(385,'https://logibrico.fr/wp-content/plugins/CDurteste/pdf/liste',999,NULL,'internal',459,NULL,NULL,NULL,NULL,NULL,NULL),(386,'https://logibrico.fr/wp-content/plugins/CDurteste/images/ce.png',999,NULL,'image-in',459,NULL,NULL,NULL,NULL,NULL,NULL),(387,'https://logibrico.fr/wp-content/plugins/CDurteste/images/rohs.png',999,NULL,'image-in',459,NULL,NULL,NULL,NULL,NULL,NULL),(388,'https://logibrico.fr/wp-content/plugins/CDurteste/pdf/liste',1001,NULL,'internal',461,NULL,NULL,NULL,NULL,NULL,NULL),(389,'https://logibrico.fr/wp-content/plugins/CDurteste/images/ce.png',1001,NULL,'image-in',461,NULL,NULL,NULL,NULL,NULL,NULL),(390,'https://logibrico.fr/wp-content/plugins/CDurteste/images/rohs.png',1001,NULL,'image-in',461,NULL,NULL,NULL,NULL,NULL,NULL),(391,'https://logibrico.fr/wp-content/plugins/CDurteste/pdf/liste',1003,NULL,'internal',463,NULL,NULL,NULL,NULL,NULL,NULL),(392,'https://logibrico.fr/wp-content/plugins/CDurteste/images/ce.png',1003,NULL,'image-in',463,NULL,NULL,NULL,NULL,NULL,NULL),(393,'https://logibrico.fr/wp-content/plugins/CDurteste/images/rohs.png',1003,NULL,'image-in',463,NULL,NULL,NULL,NULL,NULL,NULL),(394,'https://logibrico.fr/wp-content/plugins/CDurteste/pdf/liste',1005,NULL,'internal',465,NULL,NULL,NULL,NULL,NULL,NULL),(395,'https://logibrico.fr/wp-content/plugins/CDurteste/images/ce.png',1005,NULL,'image-in',465,NULL,NULL,NULL,NULL,NULL,NULL),(396,'https://logibrico.fr/wp-content/plugins/CDurteste/images/rohs.png',1005,NULL,'image-in',465,NULL,NULL,NULL,NULL,NULL,NULL),(397,'https://logibrico.fr/wp-content/plugins/CDurteste/pdf/liste',1007,NULL,'internal',467,NULL,NULL,NULL,NULL,NULL,NULL),(398,'https://logibrico.fr/wp-content/plugins/CDurteste/images/ce.png',1007,NULL,'image-in',467,NULL,NULL,NULL,NULL,NULL,NULL),(399,'https://logibrico.fr/wp-content/plugins/CDurteste/images/rohs.png',1007,NULL,'image-in',467,NULL,NULL,NULL,NULL,NULL,NULL),(400,'https://logibrico.fr/wp-content/plugins/CDurteste/pdf/liste',1009,NULL,'internal',469,NULL,NULL,NULL,NULL,NULL,NULL),(401,'https://logibrico.fr/wp-content/plugins/CDurteste/images/ce.png',1009,NULL,'image-in',469,NULL,NULL,NULL,NULL,NULL,NULL),(402,'https://logibrico.fr/wp-content/plugins/CDurteste/images/rohs.png',1009,NULL,'image-in',469,NULL,NULL,NULL,NULL,NULL,NULL),(403,'https://logibrico.fr/wp-content/plugins/CDurteste/pdf/liste',1012,NULL,'internal',472,NULL,NULL,NULL,NULL,NULL,NULL),(404,'https://logibrico.fr/wp-content/plugins/CDurteste/images/ce.png',1012,NULL,'image-in',472,NULL,NULL,NULL,NULL,NULL,NULL),(405,'https://logibrico.fr/wp-content/plugins/CDurteste/images/rohs.png',1012,NULL,'image-in',472,NULL,NULL,NULL,NULL,NULL,NULL),(406,'https://logibrico.fr/wp-content/plugins/CDurteste/pdf/liste',1014,NULL,'internal',474,NULL,NULL,NULL,NULL,NULL,NULL),(407,'https://logibrico.fr/wp-content/plugins/CDurteste/images/ce.png',1014,NULL,'image-in',474,NULL,NULL,NULL,NULL,NULL,NULL),(408,'https://logibrico.fr/wp-content/plugins/CDurteste/images/rohs.png',1014,NULL,'image-in',474,NULL,NULL,NULL,NULL,NULL,NULL),(409,'https://logibrico.fr/wp-content/plugins/CDurteste/pdf/liste',1039,NULL,'internal',484,NULL,NULL,NULL,NULL,NULL,NULL),(410,'https://logibrico.fr/wp-content/plugins/CDurteste/images/ce.png',1039,NULL,'image-in',484,NULL,NULL,NULL,NULL,NULL,NULL),(411,'https://logibrico.fr/wp-content/plugins/CDurteste/images/rohs.png',1039,NULL,'image-in',484,NULL,NULL,NULL,NULL,NULL,NULL),(412,'https://logibrico.fr/wp-content/plugins/CDurteste/pdf/liste',1043,NULL,'internal',488,NULL,NULL,NULL,NULL,NULL,NULL),(413,'https://logibrico.fr/wp-content/plugins/CDurteste/images/ce.png',1043,NULL,'image-in',488,NULL,NULL,NULL,NULL,NULL,NULL),(414,'https://logibrico.fr/wp-content/plugins/CDurteste/images/rohs.png',1043,NULL,'image-in',488,NULL,NULL,NULL,NULL,NULL,NULL),(415,'https://logibrico.fr/wp-content/plugins/CDurteste/pdf/liste',1042,NULL,'internal',487,NULL,NULL,NULL,NULL,NULL,NULL),(416,'https://logibrico.fr/wp-content/plugins/CDurteste/images/ce.png',1042,NULL,'image-in',487,NULL,NULL,NULL,NULL,NULL,NULL),(417,'https://logibrico.fr/wp-content/plugins/CDurteste/images/rohs.png',1042,NULL,'image-in',487,NULL,NULL,NULL,NULL,NULL,NULL),(418,'https://logibrico.fr/wp-content/uploads/2022/03/Slider-reglette-1-1800x380.png',14,973,'image-in',4,435,400,1800,961949,NULL,NULL),(420,'https://logibrico.fr/wp-content/uploads/2022/06/boutons-gris-livraison-gratuite-etc_Plan-de-travail-1.png',14,1072,'image-in',4,519,214,3263,32429,NULL,NULL),(422,'https://logibrico.fr/wp-content/uploads/2022/06/pub-salle-de-bain-def-01.png',14,1120,'image-in',4,552,384,1052,347689,NULL,NULL),(424,'https://logibrico.fr/wp-content/uploads/2022/06/Slider-Logibrico-v2-echangeursatt-01-1800x380.png',14,1137,'image-in',4,562,400,1800,657256,NULL,NULL),(425,'https://logibrico.fr/wp-content/uploads/2022/06/Slider-Logibrico-v2-echangeurs-fb-01-1800x380.png',14,1136,'image-in',4,561,400,1800,512125,NULL,NULL),(426,'https://logibrico.fr/wp-content/uploads/2022/06/pub-accessoires-01.png',14,1139,'image-in',4,564,384,1052,333361,NULL,NULL),(428,'https://logibrico.fr/wp-content/plugins/CDurteste/images/ce.png',1184,NULL,'image-in',580,NULL,NULL,NULL,NULL,NULL,NULL),(429,'https://logibrico.fr/wp-content/plugins/CDurteste/images/ip54.png',1184,NULL,'image-in',580,NULL,NULL,NULL,NULL,NULL,NULL),(434,'https://logibrico.fr/wp-content/plugins/CDurteste/pdf/SMART2.pdf',1184,NULL,'internal',580,NULL,NULL,NULL,NULL,NULL,NULL);


