
--
-- Table structure for table `wp_yoast_indexable_hierarchy`
--

CREATE TABLE `wp_yoast_indexable_hierarchy` (
  `indexable_id` int(11) unsigned NOT NULL DEFAULT '0',
  `ancestor_id` int(11) unsigned NOT NULL DEFAULT '0',
  `depth` int(11) unsigned DEFAULT NULL,
  `blog_id` bigint(20) NOT NULL DEFAULT '1',
  PRIMARY KEY (`indexable_id`,`ancestor_id`),
  KEY `indexable_id` (`indexable_id`),
  KEY `ancestor_id` (`ancestor_id`),
  KEY `depth` (`depth`)
) ENGINE=InnoDB DEFAULT CHARSET=utf8mb4 COLLATE=utf8mb4_unicode_520_ci;

--
-- Dumping data for table `wp_yoast_indexable_hierarchy`
--

INSERT INTO `wp_yoast_indexable_hierarchy` VALUES (1,0,0,1),(2,0,0,1),(3,0,0,1),(4,0,0,1),(6,0,0,1),(7,0,0,1),(8,0,0,1),(9,0,0,1),(10,0,0,1),(11,0,0,1),(12,0,0,1),(13,0,0,1),(14,0,0,1),(15,0,0,1),(16,0,0,1),(17,0,0,1),(18,0,0,1),(19,0,0,1),(29,0,0,1),(34,0,0,1),(36,0,0,1),(41,0,0,1),(43,0,0,1),(46,0,0,1),(50,0,0,1),(66,0,0,1),(68,0,0,1),(70,0,0,1),(74,0,0,1),(77,0,0,1),(79,0,0,1),(81,0,0,1),(83,0,0,1),(85,0,0,1),(87,0,0,1),(93,0,0,1),(149,0,0,1),(152,0,0,1),(156,0,0,1),(158,0,0,1),(163,0,0,1),(167,0,0,1),(171,0,0,1),(173,0,0,1),(177,0,0,1),(180,0,0,1),(186,0,0,1),(191,0,0,1),(197,0,0,1),(201,0,0,1),(205,0,0,1),(211,0,0,1),(214,0,0,1),(217,0,0,1),(228,0,0,1),(233,0,0,1),(236,0,0,1),(238,0,0,1),(241,0,0,1),(244,0,0,1),(250,0,0,1),(256,0,0,1),(268,0,0,1),(273,0,0,1),(281,0,0,1),(286,0,0,1),(296,0,0,1),(298,0,0,1),(305,0,0,1),(313,0,0,1),(315,0,0,1),(317,0,0,1),(320,0,0,1),(336,0,0,1),(342,0,0,1),(347,0,0,1),(351,0,0,1),(365,0,0,1),(373,0,0,1),(374,0,0,1),(375,0,0,1),(376,0,0,1),(377,0,0,1),(378,0,0,1),(379,0,0,1),(380,0,0,1),(381,0,0,1),(382,0,0,1),(383,0,0,1),(384,0,0,1),(385,0,0,1),(386,0,0,1),(387,0,0,1),(388,0,0,1),(389,0,0,1),(390,0,0,1),(391,0,0,1),(392,0,0,1),(393,0,0,1),(394,0,0,1),(395,0,0,1),(396,0,0,1),(397,0,0,1),(398,0,0,1),(399,0,0,1),(400,0,0,1),(401,0,0,1),(402,0,0,1),(403,0,0,1),(404,0,0,1),(405,0,0,1),(406,0,0,1),(407,0,0,1),(411,0,0,1),(413,0,0,1),(414,0,0,1),(415,0,0,1),(416,0,0,1),(417,0,0,1),(418,0,0,1),(419,0,0,1),(420,0,0,1),(421,0,0,1),(423,0,0,1);

--
-- Table structure for table `wp_yoast_migrations`
--

CREATE TABLE `wp_yoast_migrations` (
  `id` int(11) unsigned NOT NULL AUTO_INCREMENT,
  `version` varchar(191) COLLATE utf8mb4_unicode_520_ci DEFAULT NULL,
  PRIMARY KEY (`id`),
  UNIQUE KEY `wp_yoast_migrations_version` (`version`)
) ENGINE=InnoDB AUTO_INCREMENT=24 DEFAULT CHARSET=utf8mb4 COLLATE=utf8mb4_unicode_520_ci;

--
-- Dumping data for table `wp_yoast_migrations`
--

INSERT INTO `wp_yoast_migrations` VALUES (1,'20171228151840'),(2,'20171228151841'),(3,'20190529075038'),(4,'20191011111109'),(5,'20200408101900'),(6,'20200420073606'),(7,'20200428123747'),(8,'20200428194858'),(9,'20200429105310'),(10,'20200430075614'),(11,'20200430150130'),(12,'20200507054848'),(13,'20200513133401'),(14,'20200609154515'),(15,'20200616130143'),(16,'20200617122511'),(17,'20200702141921'),(18,'20200728095334'),(19,'20201202144329'),(20,'20201216124002'),(21,'20201216141134'),(22,'20210817092415'),(23,'20211020091404');

--
-- Table structure for table `wp_yoast_primary_term`
--

CREATE TABLE `wp_yoast_primary_term` (
  `id` int(11) unsigned NOT NULL AUTO_INCREMENT,
  `post_id` bigint(20) DEFAULT NULL,
  `term_id` bigint(20) DEFAULT NULL,
  `taxonomy` varchar(32) COLLATE utf8mb4_unicode_520_ci NOT NULL,
  `created_at` datetime DEFAULT NULL,
  `updated_at` timestamp NOT NULL DEFAULT CURRENT_TIMESTAMP ON UPDATE CURRENT_TIMESTAMP,
  `blog_id` bigint(20) NOT NULL DEFAULT '1',
  PRIMARY KEY (`id`),
  KEY `post_taxonomy` (`post_id`,`taxonomy`),
  KEY `post_term` (`post_id`,`term_id`)
) ENGINE=InnoDB DEFAULT CHARSET=utf8mb4 COLLATE=utf8mb4_unicode_520_ci;

--
-- Dumping data for table `wp_yoast_primary_term`
--


--
-- Table structure for table `wp_yoast_seo_links`
--

CREATE TABLE `wp_yoast_seo_links` (
  `id` bigint(20) unsigned NOT NULL AUTO_INCREMENT,
  `url` varchar(255) DEFAULT NULL,
  `post_id` bigint(20) unsigned DEFAULT NULL,
  `target_post_id` bigint(20) unsigned DEFAULT NULL,
  `type` varchar(8) DEFAULT NULL,
  `indexable_id` int(11) unsigned DEFAULT NULL,
  `target_indexable_id` int(11) unsigned DEFAULT NULL,
  `height` int(11) unsigned DEFAULT NULL,
  `width` int(11) unsigned DEFAULT NULL,
  `size` int(11) unsigned DEFAULT NULL,
  `language` varchar(32) DEFAULT NULL,
  `region` varchar(32) DEFAULT NULL,
  PRIMARY KEY (`id`),
  KEY `link_direction` (`post_id`,`type`),
  KEY `indexable_link_direction` (`indexable_id`,`type`)
) ENGINE=InnoDB AUTO_INCREMENT=350 DEFAULT CHARSET=utf8;

--
-- Dumping data for table `wp_yoast_seo_links`
--

INSERT INTO `wp_yoast_seo_links` VALUES (1,'http://logibrico.fr/wp-admin/',2,NULL,'internal',373,NULL,NULL,NULL,NULL,NULL,NULL),(2,'https://logibrico.fr/categorie-produit/echangeurs-a-plaques/',14,NULL,'internal',4,9,NULL,NULL,NULL,NULL,NULL),(3,'https://logibrico.fr/produit/reglette-led-etanche-double-connexion-60w-6000k-150-cm/',14,572,'internal',4,403,NULL,NULL,NULL,NULL,NULL),(4,'https://logibrico.fr/produit/hublot-plafonnier-led-etanche/',14,785,'internal',4,336,NULL,NULL,NULL,NULL,NULL),(5,'https://logibrico.fr/categorie-produit/echangeurs-a-plaques/',14,NULL,'internal',4,9,NULL,NULL,NULL,NULL,NULL),(6,'https://logibrico.fr/produit/spot-encastrable-led-dimmable-ip65/',14,374,'internal',4,156,NULL,NULL,NULL,NULL,NULL),(7,'https://logibrico.fr/wp-content/uploads/2021/09/Slider-Logibrico-2_Plan-de-travail-1-1-1800x380.png',14,665,'image-in',4,328,400,1800,563319,NULL,NULL),(8,'https://logibrico.fr/wp-content/uploads/2021/12/Slider-reglette-1800x380.png',14,885,'image-in',4,360,834,3750,2101783,NULL,NULL),(9,'https://logibrico.fr/wp-content/uploads/2021/10/Slider-Logibrico-3_Plan-de-travail-1-1800x380.png',14,797,'image-in',4,344,834,3750,748212,NULL,NULL),(10,'https://logibrico.fr/wp-content/uploads/2021/12/boutons-gris_Plan-de-travail-1.png',14,881,'image-in',4,5,214,3263,38828,NULL,NULL),(11,'https://logibrico.fr/wp-content/uploads/2021/12/pub-ech.png',14,913,'image-in',4,363,320,964,254631,NULL,NULL),(12,'https://logibrico.fr/wp-content/uploads/2021/12/pub-sdb.png',14,914,'image-in',4,364,300,903,263266,NULL,NULL),(13,'https://logibrico.fr/wp-content/plugins/wpforms-lite/assets/images/submit-spin.svg',948,NULL,'image-in',380,NULL,NULL,NULL,NULL,NULL,NULL),(14,'https://logibrico.fr/wp-content/plugins/CDurteste/pdf/000001.pdf',58,NULL,'internal',29,NULL,NULL,NULL,NULL,NULL,NULL),(15,'https://logibrico.fr/wp-content/plugins/CDurteste/images/ce.png',58,NULL,'image-in',29,NULL,NULL,NULL,NULL,NULL,NULL),(16,'https://logibrico.fr/wp-content/plugins/CDurteste/images/rohs.png',58,NULL,'image-in',29,NULL,NULL,NULL,NULL,NULL,NULL),(17,'https://logibrico.fr/wp-content/plugins/CDurteste/images/ip65.png',58,NULL,'image-in',29,NULL,NULL,NULL,NULL,NULL,NULL),(18,'https://logibrico.fr/wp-content/plugins/CDurteste/images/a3.png',58,NULL,'image-in',29,NULL,NULL,NULL,NULL,NULL,NULL),(19,'https://logibrico.fr/wp-content/plugins/CDurteste/pdf/omni.pdf',214,NULL,'internal',34,NULL,NULL,NULL,NULL,NULL,NULL),(20,'https://logibrico.fr/wp-content/plugins/CDurteste/pdf/omni.pdf',222,NULL,'internal',43,NULL,NULL,NULL,NULL,NULL,NULL),(21,'https://logibrico.fr/wp-content/plugins/CDurteste/pdf/omni.pdf',224,NULL,'internal',41,NULL,NULL,NULL,NULL,NULL,NULL),(22,'https://logibrico.fr/wp-content/plugins/CDurteste/pdf/omni.pdf',226,NULL,'internal',36,NULL,NULL,NULL,NULL,NULL,NULL),(23,'https://logibrico.fr/wp-content/plugins/CDurteste/pdf/fiche',236,NULL,'internal',46,NULL,NULL,NULL,NULL,NULL,NULL),(24,'https://logibrico.fr/wp-content/plugins/CDurteste/images/ce.png',236,NULL,'image-in',46,NULL,NULL,NULL,NULL,NULL,NULL),(25,'https://logibrico.fr/wp-content/plugins/CDurteste/images/rohs.png',236,NULL,'image-in',46,NULL,NULL,NULL,NULL,NULL,NULL),(26,'https://logibrico.fr/wp-content/plugins/CDurteste/images/ip65.png',236,NULL,'image-in',46,NULL,NULL,NULL,NULL,NULL,NULL),(27,'https://logibrico.fr/wp-content/plugins/CDurteste/images/a3.png',236,NULL,'image-in',46,NULL,NULL,NULL,NULL,NULL,NULL),(28,'https://logibrico.fr/wp-content/plugins/CDurteste/pdf/omni.pdf',242,NULL,'internal',50,NULL,NULL,NULL,NULL,NULL,NULL),(29,'https://logibrico.fr/wp-content/plugins/CDurteste/pdf/omni.pdf',263,NULL,'internal',66,NULL,NULL,NULL,NULL,NULL,NULL),(30,'https://logibrico.fr/wp-content/plugins/CDurteste/pdf/omni.pdf',268,NULL,'internal',68,NULL,NULL,NULL,NULL,NULL,NULL),(31,'https://logibrico.fr/wp-content/plugins/CDurteste/pdf/omni.pdf',270,NULL,'internal',70,NULL,NULL,NULL,NULL,NULL,NULL),(32,'https://logibrico.fr/wp-content/plugins/CDurteste/pdf/omni.pdf',280,NULL,'internal',74,NULL,NULL,NULL,NULL,NULL,NULL),(33,'https://logibrico.fr/wp-content/plugins/CDurteste/pdf/omni.pdf',283,NULL,'internal',77,NULL,NULL,NULL,NULL,NULL,NULL),(34,'https://logibrico.fr/wp-content/plugins/CDurteste/pdf/omni.pdf',285,NULL,'internal',79,NULL,NULL,NULL,NULL,NULL,NULL),(35,'https://logibrico.fr/wp-content/plugins/CDurteste/pdf/omni.pdf',287,NULL,'internal',81,NULL,NULL,NULL,NULL,NULL,NULL),(36,'https://logibrico.fr/wp-content/plugins/CDurteste/pdf/omni.pdf',289,NULL,'internal',83,NULL,NULL,NULL,NULL,NULL,NULL),(37,'https://logibrico.fr/wp-content/plugins/CDurteste/pdf/omni.pdf',291,NULL,'internal',85,NULL,NULL,NULL,NULL,NULL,NULL),(38,'https://logibrico.fr/wp-content/plugins/CDurteste/pdf/omni.pdf',293,NULL,'internal',381,NULL,NULL,NULL,NULL,NULL,NULL),(39,'https://logibrico.fr/wp-content/plugins/CDurteste/pdf/boitier',300,NULL,'internal',87,NULL,NULL,NULL,NULL,NULL,NULL),(40,'https://logibrico.fr/wp-content/plugins/CDurteste/images/ce.png',300,NULL,'image-in',87,NULL,NULL,NULL,NULL,NULL,NULL),(41,'https://logibrico.fr/wp-content/plugins/CDurteste/images/ip65.png',300,NULL,'image-in',87,NULL,NULL,NULL,NULL,NULL,NULL),(42,'https://logibrico.fr/wp-content/plugins/CDurteste/pdf/applique',306,NULL,'internal',93,NULL,NULL,NULL,NULL,NULL,NULL),(43,'https://logibrico.fr/wp-content/plugins/CDurteste/images/ce.png',306,NULL,'image-in',93,NULL,NULL,NULL,NULL,NULL,NULL),(44,'https://logibrico.fr/wp-content/plugins/CDurteste/images/rohs.png',306,NULL,'image-in',93,NULL,NULL,NULL,NULL,NULL,NULL),(45,'https://logibrico.fr/wp-content/plugins/CDurteste/images/ip65.png',306,NULL,'image-in',93,NULL,NULL,NULL,NULL,NULL,NULL),(46,'https://logibrico.fr/wp-content/plugins/CDurteste/images/a3.png',306,NULL,'image-in',93,NULL,NULL,NULL,NULL,NULL,NULL),(47,'https://logibrico.fr/wp-content/plugins/CDurteste/pdf/fiche',363,NULL,'internal',152,NULL,NULL,NULL,NULL,NULL,NULL),(48,'https://logibrico.fr/wp-content/plugins/CDurteste/images/ce.png',363,NULL,'image-in',152,NULL,NULL,NULL,NULL,NULL,NULL),(49,'https://logibrico.fr/wp-content/plugins/CDurteste/images/rohs.png',363,NULL,'image-in',152,NULL,NULL,NULL,NULL,NULL,NULL),(50,'https://logibrico.fr/wp-content/plugins/CDurteste/images/ip65.png',363,NULL,'image-in',152,NULL,NULL,NULL,NULL,NULL,NULL),(51,'https://logibrico.fr/wp-content/plugins/CDurteste/images/a3.png',363,NULL,'image-in',152,NULL,NULL,NULL,NULL,NULL,NULL),(52,'https://logibrico.fr/wp-content/plugins/CDurteste/pdf/fiche',366,NULL,'internal',149,NULL,NULL,NULL,NULL,NULL,NULL),(53,'https://logibrico.fr/wp-content/plugins/CDurteste/images/ce.png',366,NULL,'image-in',149,NULL,NULL,NULL,NULL,NULL,NULL),(54,'https://logibrico.fr/wp-content/plugins/CDurteste/images/rohs.png',366,NULL,'image-in',149,NULL,NULL,NULL,NULL,NULL,NULL),(55,'https://logibrico.fr/wp-content/plugins/CDurteste/images/ip65.png',366,NULL,'image-in',149,NULL,NULL,NULL,NULL,NULL,NULL),(56,'https://logibrico.fr/wp-content/plugins/CDurteste/images/a2.png',366,NULL,'image-in',149,NULL,NULL,NULL,NULL,NULL,NULL),(57,'https://logibrico.fr/wp-content/plugins/CDurteste/pdf/fiche',374,NULL,'internal',156,NULL,NULL,NULL,NULL,NULL,NULL),(58,'https://logibrico.fr/wp-content/plugins/CDurteste/images/ce.png',374,NULL,'image-in',156,NULL,NULL,NULL,NULL,NULL,NULL),(59,'https://logibrico.fr/wp-content/plugins/CDurteste/images/rohs.png',374,NULL,'image-in',156,NULL,NULL,NULL,NULL,NULL,NULL),(60,'https://logibrico.fr/wp-content/plugins/CDurteste/images/ip65.png',374,NULL,'image-in',156,NULL,NULL,NULL,NULL,NULL,NULL),(61,'https://logibrico.fr/wp-content/plugins/CDurteste/images/a.png',374,NULL,'image-in',156,NULL,NULL,NULL,NULL,NULL,NULL),(62,'https://logibrico.fr/wp-content/plugins/CDurteste/pdf/Projecteur',376,NULL,'internal',158,NULL,NULL,NULL,NULL,NULL,NULL),(63,'https://logibrico.fr/wp-content/plugins/CDurteste/images/ce.png',376,NULL,'image-in',158,NULL,NULL,NULL,NULL,NULL,NULL),(64,'https://logibrico.fr/wp-content/plugins/CDurteste/images/rohs.png',376,NULL,'image-in',158,NULL,NULL,NULL,NULL,NULL,NULL),(65,'https://logibrico.fr/wp-content/plugins/CDurteste/images/ip65.png',376,NULL,'image-in',158,NULL,NULL,NULL,NULL,NULL,NULL),(66,'https://logibrico.fr/wp-content/plugins/CDurteste/images/a1.png',376,NULL,'image-in',158,NULL,NULL,NULL,NULL,NULL,NULL),(67,'https://logibrico.fr/wp-content/plugins/CDurteste/pdf/000001.pdf',382,NULL,'internal',382,NULL,NULL,NULL,NULL,NULL,NULL),(68,'https://logibrico.fr/wp-content/plugins/CDurteste/images/ce.png',382,NULL,'image-in',382,NULL,NULL,NULL,NULL,NULL,NULL),(69,'https://logibrico.fr/wp-content/plugins/CDurteste/images/rohs.png',382,NULL,'image-in',382,NULL,NULL,NULL,NULL,NULL,NULL),(70,'https://logibrico.fr/wp-content/plugins/CDurteste/images/ip65.png',382,NULL,'image-in',382,NULL,NULL,NULL,NULL,NULL,NULL),(71,'https://logibrico.fr/wp-content/plugins/CDurteste/images/a2.png',382,NULL,'image-in',382,NULL,NULL,NULL,NULL,NULL,NULL),(72,'https://logibrico.fr/wp-content/plugins/CDurteste/pdf/000001.pdf',384,NULL,'internal',383,NULL,NULL,NULL,NULL,NULL,NULL),(73,'https://logibrico.fr/wp-content/plugins/CDurteste/images/ce.png',384,NULL,'image-in',383,NULL,NULL,NULL,NULL,NULL,NULL),(74,'https://logibrico.fr/wp-content/plugins/CDurteste/images/rohs.png',384,NULL,'image-in',383,NULL,NULL,NULL,NULL,NULL,NULL),(75,'https://logibrico.fr/wp-content/plugins/CDurteste/images/ip65.png',384,NULL,'image-in',383,NULL,NULL,NULL,NULL,NULL,NULL),(76,'https://logibrico.fr/wp-content/plugins/CDurteste/images/a2.png',384,NULL,'image-in',383,NULL,NULL,NULL,NULL,NULL,NULL),(77,'https://logibrico.fr/wp-content/plugins/CDurteste/pdf/000001.pdf',385,NULL,'internal',163,NULL,NULL,NULL,NULL,NULL,NULL),(78,'https://logibrico.fr/wp-content/plugins/CDurteste/images/ce.png',385,NULL,'image-in',163,NULL,NULL,NULL,NULL,NULL,NULL),(79,'https://logibrico.fr/wp-content/plugins/CDurteste/pdf/000001.pdf',390,NULL,'internal',384,NULL,NULL,NULL,NULL,NULL,NULL),(80,'https://logibrico.fr/wp-content/plugins/CDurteste/images/ce.png',390,NULL,'image-in',384,NULL,NULL,NULL,NULL,NULL,NULL),(81,'https://logibrico.fr/wp-content/plugins/CDurteste/pdf/000001.pdf',391,NULL,'internal',167,NULL,NULL,NULL,NULL,NULL,NULL),(82,'https://logibrico.fr/wp-content/plugins/CDurteste/images/ce.png',391,NULL,'image-in',167,NULL,NULL,NULL,NULL,NULL,NULL),(83,'https://logibrico.fr/wp-content/plugins/CDurteste/images/rohs.png',391,NULL,'image-in',167,NULL,NULL,NULL,NULL,NULL,NULL),(84,'https://logibrico.fr/wp-content/plugins/CDurteste/images/ip65.png',391,NULL,'image-in',167,NULL,NULL,NULL,NULL,NULL,NULL),(85,'https://logibrico.fr/wp-content/plugins/CDurteste/pdf/000001.pdf',395,NULL,'internal',171,NULL,NULL,NULL,NULL,NULL,NULL),(86,'https://logibrico.fr/wp-content/plugins/CDurteste/images/ce.png',395,NULL,'image-in',171,NULL,NULL,NULL,NULL,NULL,NULL),(87,'https://logibrico.fr/wp-content/plugins/CDurteste/images/rohs.png',395,NULL,'image-in',171,NULL,NULL,NULL,NULL,NULL,NULL),(88,'https://logibrico.fr/wp-content/plugins/CDurteste/images/ip65.png',395,NULL,'image-in',171,NULL,NULL,NULL,NULL,NULL,NULL),(89,'https://logibrico.fr/wp-content/plugins/CDurteste/pdf/SMART',398,NULL,'internal',173,NULL,NULL,NULL,NULL,NULL,NULL),(90,'https://logibrico.fr/wp-content/plugins/CDurteste/images/ce.png',398,NULL,'image-in',173,NULL,NULL,NULL,NULL,NULL,NULL),(91,'https://logibrico.fr/wp-content/plugins/CDurteste/images/ip54.png',398,NULL,'image-in',173,NULL,NULL,NULL,NULL,NULL,NULL),(92,'https://logibrico.fr/wp-content/plugins/CDurteste/pdf/SMART',403,NULL,'internal',177,NULL,NULL,NULL,NULL,NULL,NULL),(93,'https://logibrico.fr/wp-content/plugins/CDurteste/images/ce.png',403,NULL,'image-in',177,NULL,NULL,NULL,NULL,NULL,NULL),(94,'https://logibrico.fr/wp-content/plugins/CDurteste/images/ip54.png',403,NULL,'image-in',177,NULL,NULL,NULL,NULL,NULL,NULL),(95,'https://logibrico.fr/wp-content/plugins/CDurteste/pdf/battenled.pdf',409,NULL,'internal',180,NULL,NULL,NULL,NULL,NULL,NULL),(96,'https://logibrico.fr/wp-content/plugins/CDurteste/images/ce.png',409,NULL,'image-in',180,NULL,NULL,NULL,NULL,NULL,NULL),(97,'https://logibrico.fr/wp-content/plugins/CDurteste/images/rohs.png',409,NULL,'image-in',180,NULL,NULL,NULL,NULL,NULL,NULL),(98,'https://logibrico.fr/wp-content/plugins/CDurteste/images/nondimmable.png',409,NULL,'image-in',180,NULL,NULL,NULL,NULL,NULL,NULL),(99,'https://logibrico.fr/wp-content/plugins/CDurteste/images/a2.png',409,NULL,'image-in',180,NULL,NULL,NULL,NULL,NULL,NULL),(100,'https://logibrico.fr/wp-content/plugins/CDurteste/pdf/potenciel.pdf',419,NULL,'internal',186,NULL,NULL,NULL,NULL,NULL,NULL),(101,'https://logibrico.fr/wp-content/plugins/CDurteste/images/ce.png',419,NULL,'image-in',186,NULL,NULL,NULL,NULL,NULL,NULL),(102,'https://logibrico.fr/wp-content/plugins/CDurteste/images/rohs.png',419,NULL,'image-in',186,NULL,NULL,NULL,NULL,NULL,NULL),(103,'https://logibrico.fr/wp-content/plugins/CDurteste/images/ip65.png',419,NULL,'image-in',186,NULL,NULL,NULL,NULL,NULL,NULL),(104,'https://logibrico.fr/wp-content/plugins/CDurteste/images/a2.png',419,NULL,'image-in',186,NULL,NULL,NULL,NULL,NULL,NULL),(105,'https://logibrico.fr/wp-content/plugins/CDurteste/pdf/potenciel.pdf',425,NULL,'internal',191,NULL,NULL,NULL,NULL,NULL,NULL),(106,'https://logibrico.fr/wp-content/plugins/CDurteste/images/ce.png',425,NULL,'image-in',191,NULL,NULL,NULL,NULL,NULL,NULL),(107,'https://logibrico.fr/wp-content/plugins/CDurteste/images/rohs.png',425,NULL,'image-in',191,NULL,NULL,NULL,NULL,NULL,NULL),(108,'https://logibrico.fr/wp-content/plugins/CDurteste/images/ip65.png',425,NULL,'image-in',191,NULL,NULL,NULL,NULL,NULL,NULL),(109,'https://logibrico.fr/wp-content/plugins/CDurteste/images/a2.png',425,NULL,'image-in',191,NULL,NULL,NULL,NULL,NULL,NULL),(110,'https://logibrico.fr/wp-content/plugins/CDurteste/pdf/douillegu10.pdf',431,NULL,'internal',197,NULL,NULL,NULL,NULL,NULL,NULL),(111,'https://logibrico.fr/wp-content/plugins/CDurteste/images/ce.png',431,NULL,'image-in',197,NULL,NULL,NULL,NULL,NULL,NULL),(112,'https://logibrico.fr/wp-content/plugins/CDurteste/images/rohs.png',431,NULL,'image-in',197,NULL,NULL,NULL,NULL,NULL,NULL),(113,'https://logibrico.fr/wp-content/plugins/CDurteste/images/ip20.png',431,NULL,'image-in',197,NULL,NULL,NULL,NULL,NULL,NULL),(114,'https://logibrico.fr/wp-content/plugins/CDurteste/pdf/tubet8.pdf',436,NULL,'internal',201,NULL,NULL,NULL,NULL,NULL,NULL),(115,'https://logibrico.fr/wp-content/plugins/CDurteste/images/ce.png',436,NULL,'image-in',201,NULL,NULL,NULL,NULL,NULL,NULL),(116,'https://logibrico.fr/wp-content/plugins/CDurteste/images/rohs.png',436,NULL,'image-in',201,NULL,NULL,NULL,NULL,NULL,NULL),(117,'https://logibrico.fr/wp-content/plugins/CDurteste/images/nondimmable.png',436,NULL,'image-in',201,NULL,NULL,NULL,NULL,NULL,NULL),(118,'https://logibrico.fr/wp-content/plugins/CDurteste/images/a2.png',436,NULL,'image-in',201,NULL,NULL,NULL,NULL,NULL,NULL),(119,'https://logibrico.fr/wp-content/plugins/CDurteste/pdf/tubet8.pdf',441,NULL,'internal',385,NULL,NULL,NULL,NULL,NULL,NULL),(120,'https://logibrico.fr/wp-content/plugins/CDurteste/images/ce.png',441,NULL,'image-in',385,NULL,NULL,NULL,NULL,NULL,NULL),(121,'https://logibrico.fr/wp-content/plugins/CDurteste/images/rohs.png',441,NULL,'image-in',385,NULL,NULL,NULL,NULL,NULL,NULL),(122,'https://logibrico.fr/wp-content/plugins/CDurteste/images/nondimmable.png',441,NULL,'image-in',385,NULL,NULL,NULL,NULL,NULL,NULL),(123,'https://logibrico.fr/wp-content/plugins/CDurteste/images/a2.png',441,NULL,'image-in',385,NULL,NULL,NULL,NULL,NULL,NULL),(124,'https://logibrico.fr/wp-content/plugins/CDurteste/pdf/tubet8.pdf',442,NULL,'internal',386,NULL,NULL,NULL,NULL,NULL,NULL),(125,'https://logibrico.fr/wp-content/plugins/CDurteste/images/ce.png',442,NULL,'image-in',386,NULL,NULL,NULL,NULL,NULL,NULL),(126,'https://logibrico.fr/wp-content/plugins/CDurteste/images/rohs.png',442,NULL,'image-in',386,NULL,NULL,NULL,NULL,NULL,NULL),(127,'https://logibrico.fr/wp-content/plugins/CDurteste/images/nondimmable.png',442,NULL,'image-in',386,NULL,NULL,NULL,NULL,NULL,NULL),(128,'https://logibrico.fr/wp-content/plugins/CDurteste/images/a2.png',442,NULL,'image-in',386,NULL,NULL,NULL,NULL,NULL,NULL),(129,'https://logibrico.fr/wp-content/plugins/CDurteste/pdf/tubet8.pdf',443,NULL,'internal',387,NULL,NULL,NULL,NULL,NULL,NULL),(130,'https://logibrico.fr/wp-content/plugins/CDurteste/images/ce.png',443,NULL,'image-in',387,NULL,NULL,NULL,NULL,NULL,NULL),(131,'https://logibrico.fr/wp-content/plugins/CDurteste/images/rohs.png',443,NULL,'image-in',387,NULL,NULL,NULL,NULL,NULL,NULL),(132,'https://logibrico.fr/wp-content/plugins/CDurteste/images/nondimmable.png',443,NULL,'image-in',387,NULL,NULL,NULL,NULL,NULL,NULL),(133,'https://logibrico.fr/wp-content/plugins/CDurteste/images/a2.png',443,NULL,'image-in',387,NULL,NULL,NULL,NULL,NULL,NULL),(134,'https://logibrico.fr/wp-content/plugins/CDurteste/pdf/spotnoir.pdf',449,NULL,'internal',205,NULL,NULL,NULL,NULL,NULL,NULL),(135,'https://logibrico.fr/wp-content/plugins/CDurteste/images/ce.png',449,NULL,'image-in',205,NULL,NULL,NULL,NULL,NULL,NULL),(136,'https://logibrico.fr/wp-content/plugins/CDurteste/images/rohs.png',449,NULL,'image-in',205,NULL,NULL,NULL,NULL,NULL,NULL),(137,'https://logibrico.fr/wp-content/plugins/CDurteste/images/ip20.png',449,NULL,'image-in',205,NULL,NULL,NULL,NULL,NULL,NULL),(138,'https://logibrico.fr/wp-content/plugins/CDurteste/images/a2.png',449,NULL,'image-in',205,NULL,NULL,NULL,NULL,NULL,NULL),(139,'https://logibrico.fr/wp-content/plugins/CDurteste/pdf/Ampoule',457,NULL,'internal',211,NULL,NULL,NULL,NULL,NULL,NULL),(140,'https://logibrico.fr/wp-content/plugins/CDurteste/images/ce.png',457,NULL,'image-in',211,NULL,NULL,NULL,NULL,NULL,NULL),(141,'https://logibrico.fr/wp-content/plugins/CDurteste/images/rohs.png',457,NULL,'image-in',211,NULL,NULL,NULL,NULL,NULL,NULL),(142,'https://logibrico.fr/wp-content/plugins/CDurteste/images/nondimmable.png',457,NULL,'image-in',211,NULL,NULL,NULL,NULL,NULL,NULL),(143,'https://logibrico.fr/wp-content/plugins/CDurteste/images/a2.png',457,NULL,'image-in',211,NULL,NULL,NULL,NULL,NULL,NULL),(144,'https://logibrico.fr/wp-content/plugins/CDurteste/pdf/Ampoule',460,NULL,'internal',214,NULL,NULL,NULL,NULL,NULL,NULL),(145,'https://logibrico.fr/wp-content/plugins/CDurteste/images/ce.png',460,NULL,'image-in',214,NULL,NULL,NULL,NULL,NULL,NULL),(146,'https://logibrico.fr/wp-content/plugins/CDurteste/images/rohs.png',460,NULL,'image-in',214,NULL,NULL,NULL,NULL,NULL,NULL),(147,'https://logibrico.fr/wp-content/plugins/CDurteste/images/a2.png',460,NULL,'image-in',214,NULL,NULL,NULL,NULL,NULL,NULL),(148,'https://logibrico.fr/wp-content/plugins/CDurteste/pdf/Ampoule',465,NULL,'internal',236,NULL,NULL,NULL,NULL,NULL,NULL),(149,'https://logibrico.fr/wp-content/plugins/CDurteste/images/ce.png',465,NULL,'image-in',236,NULL,NULL,NULL,NULL,NULL,NULL),(150,'https://logibrico.fr/wp-content/plugins/CDurteste/images/rohs.png',465,NULL,'image-in',236,NULL,NULL,NULL,NULL,NULL,NULL),(151,'https://logibrico.fr/wp-content/plugins/CDurteste/images/a2.png',465,NULL,'image-in',236,NULL,NULL,NULL,NULL,NULL,NULL),(152,'https://logibrico.fr/wp-content/plugins/CDurteste/pdf/Ampoule',466,NULL,'internal',217,NULL,NULL,NULL,NULL,NULL,NULL),(153,'https://logibrico.fr/wp-content/plugins/CDurteste/images/ce.png',466,NULL,'image-in',217,NULL,NULL,NULL,NULL,NULL,NULL),(154,'https://logibrico.fr/wp-content/plugins/CDurteste/images/rohs.png',466,NULL,'image-in',217,NULL,NULL,NULL,NULL,NULL,NULL),(155,'https://logibrico.fr/wp-content/plugins/CDurteste/images/a2.png',466,NULL,'image-in',217,NULL,NULL,NULL,NULL,NULL,NULL),(156,'https://logibrico.fr/wp-content/plugins/CDurteste/pdf/Ampoule',488,NULL,'internal',228,NULL,NULL,NULL,NULL,NULL,NULL),(157,'https://logibrico.fr/wp-content/plugins/CDurteste/images/ce.png',488,NULL,'image-in',228,NULL,NULL,NULL,NULL,NULL,NULL),(158,'https://logibrico.fr/wp-content/plugins/CDurteste/images/rohs.png',488,NULL,'image-in',228,NULL,NULL,NULL,NULL,NULL,NULL),(159,'https://logibrico.fr/wp-content/plugins/CDurteste/images/nondimmable.png',488,NULL,'image-in',228,NULL,NULL,NULL,NULL,NULL,NULL),(160,'https://logibrico.fr/wp-content/plugins/CDurteste/images/a2.png',488,NULL,'image-in',228,NULL,NULL,NULL,NULL,NULL,NULL),(161,'https://logibrico.fr/wp-content/plugins/CDurteste/pdf/Ampoule',498,NULL,'internal',233,NULL,NULL,NULL,NULL,NULL,NULL),(162,'https://logibrico.fr/wp-content/plugins/CDurteste/images/ce.png',498,NULL,'image-in',233,NULL,NULL,NULL,NULL,NULL,NULL),(163,'https://logibrico.fr/wp-content/plugins/CDurteste/images/rohs.png',498,NULL,'image-in',233,NULL,NULL,NULL,NULL,NULL,NULL),(164,'https://logibrico.fr/wp-content/plugins/CDurteste/images/a2.png',498,NULL,'image-in',233,NULL,NULL,NULL,NULL,NULL,NULL),(165,'https://logibrico.fr/wp-content/plugins/CDurteste/pdf/Ampoule',501,NULL,'internal',388,NULL,NULL,NULL,NULL,NULL,NULL),(166,'https://logibrico.fr/wp-content/plugins/CDurteste/images/ce.png',501,NULL,'image-in',388,NULL,NULL,NULL,NULL,NULL,NULL),(167,'https://logibrico.fr/wp-content/plugins/CDurteste/images/rohs.png',501,NULL,'image-in',388,NULL,NULL,NULL,NULL,NULL,NULL),(168,'https://logibrico.fr/wp-content/plugins/CDurteste/images/a2.png',501,NULL,'image-in',388,NULL,NULL,NULL,NULL,NULL,NULL),(169,'https://logibrico.fr/wp-content/plugins/CDurteste/pdf/Ampoule',502,NULL,'internal',389,NULL,NULL,NULL,NULL,NULL,NULL),(170,'https://logibrico.fr/wp-content/plugins/CDurteste/images/ce.png',502,NULL,'image-in',389,NULL,NULL,NULL,NULL,NULL,NULL),(171,'https://logibrico.fr/wp-content/plugins/CDurteste/images/rohs.png',502,NULL,'image-in',389,NULL,NULL,NULL,NULL,NULL,NULL),(172,'https://logibrico.fr/wp-content/plugins/CDurteste/images/a2.png',502,NULL,'image-in',389,NULL,NULL,NULL,NULL,NULL,NULL),(173,'https://logibrico.fr/wp-content/plugins/CDurteste/pdf/Ampoule',504,NULL,'internal',390,NULL,NULL,NULL,NULL,NULL,NULL),(174,'https://logibrico.fr/wp-content/plugins/CDurteste/images/ce.png',504,NULL,'image-in',390,NULL,NULL,NULL,NULL,NULL,NULL),(175,'https://logibrico.fr/wp-content/plugins/CDurteste/images/rohs.png',504,NULL,'image-in',390,NULL,NULL,NULL,NULL,NULL,NULL),(176,'https://logibrico.fr/wp-content/plugins/CDurteste/images/a2.png',504,NULL,'image-in',390,NULL,NULL,NULL,NULL,NULL,NULL),(177,'https://logibrico.fr/wp-content/plugins/CDurteste/pdf/Ampoule',505,NULL,'internal',238,NULL,NULL,NULL,NULL,NULL,NULL),(178,'https://logibrico.fr/wp-content/plugins/CDurteste/images/ce.png',505,NULL,'image-in',238,NULL,NULL,NULL,NULL,NULL,NULL),(179,'https://logibrico.fr/wp-content/plugins/CDurteste/images/rohs.png',505,NULL,'image-in',238,NULL,NULL,NULL,NULL,NULL,NULL),(180,'https://logibrico.fr/wp-content/plugins/CDurteste/images/a2.png',505,NULL,'image-in',238,NULL,NULL,NULL,NULL,NULL,NULL),(181,'https://logibrico.fr/wp-content/plugins/CDurteste/pdf/Ampoule',508,NULL,'internal',241,NULL,NULL,NULL,NULL,NULL,NULL),(182,'https://logibrico.fr/wp-content/plugins/CDurteste/images/ce.png',508,NULL,'image-in',241,NULL,NULL,NULL,NULL,NULL,NULL),(183,'https://logibrico.fr/wp-content/plugins/CDurteste/images/rohs.png',508,NULL,'image-in',241,NULL,NULL,NULL,NULL,NULL,NULL),(184,'https://logibrico.fr/wp-content/plugins/CDurteste/images/dimmable.png',508,NULL,'image-in',241,NULL,NULL,NULL,NULL,NULL,NULL),(185,'https://logibrico.fr/wp-content/plugins/CDurteste/images/a2.png',508,NULL,'image-in',241,NULL,NULL,NULL,NULL,NULL,NULL),(186,'https://logibrico.fr/wp-content/plugins/CDurteste/pdf/Ampoule',511,NULL,'internal',244,NULL,NULL,NULL,NULL,NULL,NULL),(187,'https://logibrico.fr/wp-content/plugins/CDurteste/images/ce.png',511,NULL,'image-in',244,NULL,NULL,NULL,NULL,NULL,NULL),(188,'https://logibrico.fr/wp-content/plugins/CDurteste/images/rohs.png',511,NULL,'image-in',244,NULL,NULL,NULL,NULL,NULL,NULL),(189,'https://logibrico.fr/wp-content/plugins/CDurteste/images/a2.png',511,NULL,'image-in',244,NULL,NULL,NULL,NULL,NULL,NULL),(190,'https://logibrico.fr/wp-content/plugins/CDurteste/pdf/Ampoule',517,NULL,'internal',391,NULL,NULL,NULL,NULL,NULL,NULL),(191,'https://logibrico.fr/wp-content/plugins/CDurteste/images/ce.png',517,NULL,'image-in',391,NULL,NULL,NULL,NULL,NULL,NULL),(192,'https://logibrico.fr/wp-content/plugins/CDurteste/images/rohs.png',517,NULL,'image-in',391,NULL,NULL,NULL,NULL,NULL,NULL),(193,'https://logibrico.fr/wp-content/plugins/CDurteste/images/a2.png',517,NULL,'image-in',391,NULL,NULL,NULL,NULL,NULL,NULL),(194,'https://logibrico.fr/wp-content/plugins/CDurteste/pdf/Ampoule',518,NULL,'internal',250,NULL,NULL,NULL,NULL,NULL,NULL),(195,'https://logibrico.fr/wp-content/plugins/CDurteste/images/ce.png',518,NULL,'image-in',250,NULL,NULL,NULL,NULL,NULL,NULL),(196,'https://logibrico.fr/wp-content/plugins/CDurteste/images/rohs.png',518,NULL,'image-in',250,NULL,NULL,NULL,NULL,NULL,NULL),(197,'https://logibrico.fr/wp-content/plugins/CDurteste/images/a2.png',518,NULL,'image-in',250,NULL,NULL,NULL,NULL,NULL,NULL),(198,'https://logibrico.fr/wp-content/plugins/CDurteste/pdf/Ampoule',524,NULL,'internal',392,NULL,NULL,NULL,NULL,NULL,NULL),(199,'https://logibrico.fr/wp-content/plugins/CDurteste/images/ce.png',524,NULL,'image-in',392,NULL,NULL,NULL,NULL,NULL,NULL),(200,'https://logibrico.fr/wp-content/plugins/CDurteste/images/rohs.png',524,NULL,'image-in',392,NULL,NULL,NULL,NULL,NULL,NULL),(201,'https://logibrico.fr/wp-content/plugins/CDurteste/images/a2.png',524,NULL,'image-in',392,NULL,NULL,NULL,NULL,NULL,NULL),(202,'https://logibrico.fr/wp-content/plugins/CDurteste/pdf/Ampoule',526,NULL,'internal',393,NULL,NULL,NULL,NULL,NULL,NULL),(203,'https://logibrico.fr/wp-content/plugins/CDurteste/images/ce.png',526,NULL,'image-in',393,NULL,NULL,NULL,NULL,NULL,NULL),(204,'https://logibrico.fr/wp-content/plugins/CDurteste/images/rohs.png',526,NULL,'image-in',393,NULL,NULL,NULL,NULL,NULL,NULL),(205,'https://logibrico.fr/wp-content/plugins/CDurteste/images/a2.png',526,NULL,'image-in',393,NULL,NULL,NULL,NULL,NULL,NULL),(206,'https://logibrico.fr/wp-content/plugins/CDurteste/pdf/Ampoule',527,NULL,'internal',394,NULL,NULL,NULL,NULL,NULL,NULL),(207,'https://logibrico.fr/wp-content/plugins/CDurteste/images/ce.png',527,NULL,'image-in',394,NULL,NULL,NULL,NULL,NULL,NULL),(208,'https://logibrico.fr/wp-content/plugins/CDurteste/images/rohs.png',527,NULL,'image-in',394,NULL,NULL,NULL,NULL,NULL,NULL),(209,'https://logibrico.fr/wp-content/plugins/CDurteste/images/a2.png',527,NULL,'image-in',394,NULL,NULL,NULL,NULL,NULL,NULL),(210,'https://logibrico.fr/wp-content/plugins/CDurteste/pdf/Ampoule',528,NULL,'internal',395,NULL,NULL,NULL,NULL,NULL,NULL),(211,'https://logibrico.fr/wp-content/plugins/CDurteste/images/ce.png',528,NULL,'image-in',395,NULL,NULL,NULL,NULL,NULL,NULL),(212,'https://logibrico.fr/wp-content/plugins/CDurteste/images/rohs.png',528,NULL,'image-in',395,NULL,NULL,NULL,NULL,NULL,NULL),(213,'https://logibrico.fr/wp-content/plugins/CDurteste/images/a2.png',528,NULL,'image-in',395,NULL,NULL,NULL,NULL,NULL,NULL),(214,'https://logibrico.fr/wp-content/plugins/CDurteste/pdf/applique',532,NULL,'internal',256,NULL,NULL,NULL,NULL,NULL,NULL),(215,'https://logibrico.fr/wp-content/plugins/CDurteste/images/ce.png',532,NULL,'image-in',256,NULL,NULL,NULL,NULL,NULL,NULL),(216,'https://logibrico.fr/wp-content/plugins/CDurteste/images/rohs.png',532,NULL,'image-in',256,NULL,NULL,NULL,NULL,NULL,NULL),(217,'https://logibrico.fr/wp-content/plugins/CDurteste/images/ip65.png',532,NULL,'image-in',256,NULL,NULL,NULL,NULL,NULL,NULL),(218,'https://logibrico.fr/wp-content/plugins/CDurteste/images/a3.png',532,NULL,'image-in',256,NULL,NULL,NULL,NULL,NULL,NULL),(219,'https://logibrico.fr/wp-content/plugins/CDurteste/pdf/applique',537,NULL,'internal',305,NULL,NULL,NULL,NULL,NULL,NULL),(220,'https://logibrico.fr/wp-content/plugins/CDurteste/images/ce.png',537,NULL,'image-in',305,NULL,NULL,NULL,NULL,NULL,NULL),(221,'https://logibrico.fr/wp-content/plugins/CDurteste/images/rohs.png',537,NULL,'image-in',305,NULL,NULL,NULL,NULL,NULL,NULL),(222,'https://logibrico.fr/wp-content/plugins/CDurteste/images/ip65.png',537,NULL,'image-in',305,NULL,NULL,NULL,NULL,NULL,NULL),(223,'https://logibrico.fr/wp-content/plugins/CDurteste/images/a3.png',537,NULL,'image-in',305,NULL,NULL,NULL,NULL,NULL,NULL),(224,'https://logibrico.fr/wp-content/plugins/CDurteste/pdf/Dalle',549,NULL,'internal',268,NULL,NULL,NULL,NULL,NULL,NULL),(225,'https://logibrico.fr/wp-content/plugins/CDurteste/images/ce.png',549,NULL,'image-in',268,NULL,NULL,NULL,NULL,NULL,NULL),(226,'https://logibrico.fr/wp-content/plugins/CDurteste/images/rohs.png',549,NULL,'image-in',268,NULL,NULL,NULL,NULL,NULL,NULL),(227,'https://logibrico.fr/wp-content/plugins/CDurteste/images/nondimmable.png',549,NULL,'image-in',268,NULL,NULL,NULL,NULL,NULL,NULL),(228,'https://logibrico.fr/wp-content/plugins/CDurteste/images/a3.png',549,NULL,'image-in',268,NULL,NULL,NULL,NULL,NULL,NULL),(229,'https://logibrico.fr/wp-content/plugins/CDurteste/pdf/Dalle',556,NULL,'internal',396,NULL,NULL,NULL,NULL,NULL,NULL),(230,'https://logibrico.fr/wp-content/plugins/CDurteste/images/ce.png',556,NULL,'image-in',396,NULL,NULL,NULL,NULL,NULL,NULL),(231,'https://logibrico.fr/wp-content/plugins/CDurteste/images/rohs.png',556,NULL,'image-in',396,NULL,NULL,NULL,NULL,NULL,NULL),(232,'https://logibrico.fr/wp-content/plugins/CDurteste/images/nondimmable.png',556,NULL,'image-in',396,NULL,NULL,NULL,NULL,NULL,NULL),(233,'https://logibrico.fr/wp-content/plugins/CDurteste/images/a3.png',556,NULL,'image-in',396,NULL,NULL,NULL,NULL,NULL,NULL),(234,'https://logibrico.fr/wp-content/plugins/CDurteste/pdf/Dalle',557,NULL,'internal',397,NULL,NULL,NULL,NULL,NULL,NULL),(235,'https://logibrico.fr/wp-content/plugins/CDurteste/images/ce.png',557,NULL,'image-in',397,NULL,NULL,NULL,NULL,NULL,NULL),(236,'https://logibrico.fr/wp-content/plugins/CDurteste/images/rohs.png',557,NULL,'image-in',397,NULL,NULL,NULL,NULL,NULL,NULL),(237,'https://logibrico.fr/wp-content/plugins/CDurteste/images/nondimmable.png',557,NULL,'image-in',397,NULL,NULL,NULL,NULL,NULL,NULL),(238,'https://logibrico.fr/wp-content/plugins/CDurteste/images/a3.png',557,NULL,'image-in',397,NULL,NULL,NULL,NULL,NULL,NULL),(239,'https://logibrico.fr/wp-content/plugins/CDurteste/pdf/Dalle',558,NULL,'internal',398,NULL,NULL,NULL,NULL,NULL,NULL),(240,'https://logibrico.fr/wp-content/plugins/CDurteste/images/ce.png',558,NULL,'image-in',398,NULL,NULL,NULL,NULL,NULL,NULL),(241,'https://logibrico.fr/wp-content/plugins/CDurteste/images/rohs.png',558,NULL,'image-in',398,NULL,NULL,NULL,NULL,NULL,NULL),(242,'https://logibrico.fr/wp-content/plugins/CDurteste/images/nondimmable.png',558,NULL,'image-in',398,NULL,NULL,NULL,NULL,NULL,NULL),(243,'https://logibrico.fr/wp-content/plugins/CDurteste/images/a3.png',558,NULL,'image-in',398,NULL,NULL,NULL,NULL,NULL,NULL),(244,'https://logibrico.fr/wp-content/plugins/CDurteste/pdf/Dalle',560,NULL,'internal',399,NULL,NULL,NULL,NULL,NULL,NULL),(245,'https://logibrico.fr/wp-content/plugins/CDurteste/images/ce.png',560,NULL,'image-in',399,NULL,NULL,NULL,NULL,NULL,NULL),(246,'https://logibrico.fr/wp-content/plugins/CDurteste/images/rohs.png',560,NULL,'image-in',399,NULL,NULL,NULL,NULL,NULL,NULL),(247,'https://logibrico.fr/wp-content/plugins/CDurteste/images/nondimmable.png',560,NULL,'image-in',399,NULL,NULL,NULL,NULL,NULL,NULL),(248,'https://logibrico.fr/wp-content/plugins/CDurteste/images/a3.png',560,NULL,'image-in',399,NULL,NULL,NULL,NULL,NULL,NULL),(249,'https://logibrico.fr/wp-content/plugins/CDurteste/pdf/Dalle',561,NULL,'internal',400,NULL,NULL,NULL,NULL,NULL,NULL),(250,'https://logibrico.fr/wp-content/plugins/CDurteste/images/ce.png',561,NULL,'image-in',400,NULL,NULL,NULL,NULL,NULL,NULL),(251,'https://logibrico.fr/wp-content/plugins/CDurteste/images/rohs.png',561,NULL,'image-in',400,NULL,NULL,NULL,NULL,NULL,NULL),(252,'https://logibrico.fr/wp-content/plugins/CDurteste/images/nondimmable.png',561,NULL,'image-in',400,NULL,NULL,NULL,NULL,NULL,NULL),(253,'https://logibrico.fr/wp-content/plugins/CDurteste/images/a3.png',561,NULL,'image-in',400,NULL,NULL,NULL,NULL,NULL,NULL),(254,'https://logibrico.fr/wp-content/plugins/CDurteste/pdf/Dalle',562,NULL,'internal',401,NULL,NULL,NULL,NULL,NULL,NULL),(255,'https://logibrico.fr/wp-content/plugins/CDurteste/images/ce.png',562,NULL,'image-in',401,NULL,NULL,NULL,NULL,NULL,NULL),(256,'https://logibrico.fr/wp-content/plugins/CDurteste/images/rohs.png',562,NULL,'image-in',401,NULL,NULL,NULL,NULL,NULL,NULL),(257,'https://logibrico.fr/wp-content/plugins/CDurteste/images/nondimmable.png',562,NULL,'image-in',401,NULL,NULL,NULL,NULL,NULL,NULL),(258,'https://logibrico.fr/wp-content/plugins/CDurteste/images/a3.png',562,NULL,'image-in',401,NULL,NULL,NULL,NULL,NULL,NULL),(259,'https://logibrico.fr/wp-content/plugins/CDurteste/pdf/Dalle',563,NULL,'internal',402,NULL,NULL,NULL,NULL,NULL,NULL),(260,'https://logibrico.fr/wp-content/plugins/CDurteste/images/ce.png',563,NULL,'image-in',402,NULL,NULL,NULL,NULL,NULL,NULL),(261,'https://logibrico.fr/wp-content/plugins/CDurteste/images/rohs.png',563,NULL,'image-in',402,NULL,NULL,NULL,NULL,NULL,NULL),(262,'https://logibrico.fr/wp-content/plugins/CDurteste/images/nondimmable.png',563,NULL,'image-in',402,NULL,NULL,NULL,NULL,NULL,NULL),(263,'https://logibrico.fr/wp-content/plugins/CDurteste/images/a3.png',563,NULL,'image-in',402,NULL,NULL,NULL,NULL,NULL,NULL),(264,'https://logibrico.fr/wp-content/plugins/CDurteste/pdf/Tri-Proof',564,NULL,'internal',273,NULL,NULL,NULL,NULL,NULL,NULL),(265,'https://logibrico.fr/wp-content/plugins/CDurteste/images/ce.png',564,NULL,'image-in',273,NULL,NULL,NULL,NULL,NULL,NULL),(266,'https://logibrico.fr/wp-content/plugins/CDurteste/images/rohs.png',564,NULL,'image-in',273,NULL,NULL,NULL,NULL,NULL,NULL),(267,'https://logibrico.fr/wp-content/plugins/CDurteste/images/a2.png',564,NULL,'image-in',273,NULL,NULL,NULL,NULL,NULL,NULL),(268,'https://logibrico.fr/wp-content/plugins/CDurteste/pdf/Tri-Proof',572,NULL,'internal',403,NULL,NULL,NULL,NULL,NULL,NULL),(269,'https://logibrico.fr/wp-content/plugins/CDurteste/images/ce.png',572,NULL,'image-in',403,NULL,NULL,NULL,NULL,NULL,NULL),(270,'https://logibrico.fr/wp-content/plugins/CDurteste/images/rohs.png',572,NULL,'image-in',403,NULL,NULL,NULL,NULL,NULL,NULL),(271,'https://logibrico.fr/wp-content/plugins/CDurteste/images/a2.png',572,NULL,'image-in',403,NULL,NULL,NULL,NULL,NULL,NULL),(272,'https://logibrico.fr/wp-content/plugins/CDurteste/pdf/fiche',573,NULL,'internal',281,NULL,NULL,NULL,NULL,NULL,NULL),(273,'https://logibrico.fr/wp-content/plugins/CDurteste/images/ce.png',573,NULL,'image-in',281,NULL,NULL,NULL,NULL,NULL,NULL),(274,'https://logibrico.fr/wp-content/plugins/CDurteste/images/rohs.png',573,NULL,'image-in',281,NULL,NULL,NULL,NULL,NULL,NULL),(275,'https://logibrico.fr/wp-content/plugins/CDurteste/images/a2.png',573,NULL,'image-in',281,NULL,NULL,NULL,NULL,NULL,NULL),(276,'https://logibrico.fr/wp-content/plugins/CDurteste/pdf/fiche',580,NULL,'internal',286,NULL,NULL,NULL,NULL,NULL,NULL),(277,'https://logibrico.fr/wp-content/plugins/CDurteste/images/ce.png',580,NULL,'image-in',286,NULL,NULL,NULL,NULL,NULL,NULL),(278,'https://logibrico.fr/wp-content/plugins/CDurteste/images/rohs.png',580,NULL,'image-in',286,NULL,NULL,NULL,NULL,NULL,NULL),(279,'https://logibrico.fr/wp-content/plugins/CDurteste/images/ip66.png',580,NULL,'image-in',286,NULL,NULL,NULL,NULL,NULL,NULL),(280,'https://logibrico.fr/wp-content/plugins/CDurteste/images/ik10.png',580,NULL,'image-in',286,NULL,NULL,NULL,NULL,NULL,NULL),(281,'https://logibrico.fr/wp-content/plugins/CDurteste/images/a2.png',580,NULL,'image-in',286,NULL,NULL,NULL,NULL,NULL,NULL),(282,'https://logibrico.fr/wp-content/plugins/CDurteste/pdf/fiche',592,NULL,'internal',296,NULL,NULL,NULL,NULL,NULL,NULL),(283,'https://logibrico.fr/wp-content/plugins/CDurteste/images/ce.png',592,NULL,'image-in',296,NULL,NULL,NULL,NULL,NULL,NULL),(284,'https://logibrico.fr/wp-content/plugins/CDurteste/images/rohs.png',592,NULL,'image-in',296,NULL,NULL,NULL,NULL,NULL,NULL),(285,'https://logibrico.fr/wp-content/plugins/CDurteste/images/ip66.png',592,NULL,'image-in',296,NULL,NULL,NULL,NULL,NULL,NULL),(286,'https://logibrico.fr/wp-content/plugins/CDurteste/images/ik10.png',592,NULL,'image-in',296,NULL,NULL,NULL,NULL,NULL,NULL),(287,'https://logibrico.fr/wp-content/plugins/CDurteste/images/a2.png',592,NULL,'image-in',296,NULL,NULL,NULL,NULL,NULL,NULL),(288,'https://logibrico.fr/wp-content/plugins/CDurteste/pdf/fiche',595,NULL,'internal',298,NULL,NULL,NULL,NULL,NULL,NULL),(289,'https://logibrico.fr/wp-content/plugins/CDurteste/images/ce.png',595,NULL,'image-in',298,NULL,NULL,NULL,NULL,NULL,NULL),(290,'https://logibrico.fr/wp-content/plugins/CDurteste/images/rohs.png',595,NULL,'image-in',298,NULL,NULL,NULL,NULL,NULL,NULL),(291,'https://logibrico.fr/wp-content/plugins/CDurteste/images/ip66.png',595,NULL,'image-in',298,NULL,NULL,NULL,NULL,NULL,NULL),(292,'https://logibrico.fr/wp-content/plugins/CDurteste/images/ik10.png',595,NULL,'image-in',298,NULL,NULL,NULL,NULL,NULL,NULL),(293,'https://logibrico.fr/wp-content/plugins/CDurteste/images/a2.png',595,NULL,'image-in',298,NULL,NULL,NULL,NULL,NULL,NULL),(294,'https://logibrico.fr/wp-content/plugins/CDurteste/pdf/fiche',601,NULL,'internal',404,NULL,NULL,NULL,NULL,NULL,NULL),(295,'https://logibrico.fr/wp-content/plugins/CDurteste/images/ce.png',601,NULL,'image-in',404,NULL,NULL,NULL,NULL,NULL,NULL),(296,'https://logibrico.fr/wp-content/plugins/CDurteste/images/rohs.png',601,NULL,'image-in',404,NULL,NULL,NULL,NULL,NULL,NULL),(297,'https://logibrico.fr/wp-content/plugins/CDurteste/images/ip66.png',601,NULL,'image-in',404,NULL,NULL,NULL,NULL,NULL,NULL),(298,'https://logibrico.fr/wp-content/plugins/CDurteste/images/ik10.png',601,NULL,'image-in',404,NULL,NULL,NULL,NULL,NULL,NULL),(299,'https://logibrico.fr/wp-content/plugins/CDurteste/images/a2.png',601,NULL,'image-in',404,NULL,NULL,NULL,NULL,NULL,NULL),(300,'https://logibrico.fr/wp-content/plugins/CDurteste/pdf/Dalle',615,NULL,'internal',313,NULL,NULL,NULL,NULL,NULL,NULL),(301,'https://logibrico.fr/wp-content/plugins/CDurteste/images/ce.png',615,NULL,'image-in',313,NULL,NULL,NULL,NULL,NULL,NULL),(302,'https://logibrico.fr/wp-content/plugins/CDurteste/pdf/Dalle',618,NULL,'internal',315,NULL,NULL,NULL,NULL,NULL,NULL),(303,'https://logibrico.fr/wp-content/plugins/CDurteste/images/ce.png',618,NULL,'image-in',315,NULL,NULL,NULL,NULL,NULL,NULL),(304,'https://logibrico.fr/wp-content/plugins/CDurteste/pdf/Dalle',620,NULL,'internal',317,NULL,NULL,NULL,NULL,NULL,NULL),(305,'https://logibrico.fr/wp-content/plugins/CDurteste/images/ce.png',620,NULL,'image-in',317,NULL,NULL,NULL,NULL,NULL,NULL),(306,'https://logibrico.fr/wp-content/plugins/CDurteste/pdf/chauffage',624,NULL,'internal',320,NULL,NULL,NULL,NULL,NULL,NULL),(307,'https://logibrico.fr/wp-content/plugins/CDurteste/images/ce.png',624,NULL,'image-in',320,NULL,NULL,NULL,NULL,NULL,NULL),(308,'https://logibrico.fr/wp-content/plugins/CDurteste/pdf/Hublot.pdf',785,NULL,'internal',336,NULL,NULL,NULL,NULL,NULL,NULL),(309,'https://logibrico.fr/wp-content/plugins/CDurteste/images/ce.png',785,NULL,'image-in',336,NULL,NULL,NULL,NULL,NULL,NULL),(310,'https://logibrico.fr/wp-content/plugins/CDurteste/images/enec.png',785,NULL,'image-in',336,NULL,NULL,NULL,NULL,NULL,NULL),(311,'https://logibrico.fr/wp-content/plugins/CDurteste/images/rohs.png',785,NULL,'image-in',336,NULL,NULL,NULL,NULL,NULL,NULL),(312,'https://logibrico.fr/wp-content/plugins/CDurteste/images/ip65.png',785,NULL,'image-in',336,NULL,NULL,NULL,NULL,NULL,NULL),(313,'https://logibrico.fr/wp-content/plugins/CDurteste/images/ik10.png',785,NULL,'image-in',336,NULL,NULL,NULL,NULL,NULL,NULL),(314,'https://logibrico.fr/wp-content/plugins/CDurteste/images/a3.png',785,NULL,'image-in',336,NULL,NULL,NULL,NULL,NULL,NULL),(315,'https://logibrico.fr/wp-content/plugins/CDurteste/pdf/Hublot.pdf',792,NULL,'internal',342,NULL,NULL,NULL,NULL,NULL,NULL),(316,'https://logibrico.fr/wp-content/plugins/CDurteste/images/ce.png',792,NULL,'image-in',342,NULL,NULL,NULL,NULL,NULL,NULL),(317,'https://logibrico.fr/wp-content/plugins/CDurteste/images/enec.png',792,NULL,'image-in',342,NULL,NULL,NULL,NULL,NULL,NULL),(318,'https://logibrico.fr/wp-content/plugins/CDurteste/images/rohs.png',792,NULL,'image-in',342,NULL,NULL,NULL,NULL,NULL,NULL),(319,'https://logibrico.fr/wp-content/plugins/CDurteste/images/ip65.png',792,NULL,'image-in',342,NULL,NULL,NULL,NULL,NULL,NULL),(320,'https://logibrico.fr/wp-content/plugins/CDurteste/images/ik10.png',792,NULL,'image-in',342,NULL,NULL,NULL,NULL,NULL,NULL),(321,'https://logibrico.fr/wp-content/plugins/CDurteste/images/a3.png',792,NULL,'image-in',342,NULL,NULL,NULL,NULL,NULL,NULL),(322,'https://logibrico.fr/wp-content/plugins/CDurteste/pdf/fiche',807,NULL,'internal',347,NULL,NULL,NULL,NULL,NULL,NULL),(323,'https://logibrico.fr/wp-content/plugins/CDurteste/images/ce.png',807,NULL,'image-in',347,NULL,NULL,NULL,NULL,NULL,NULL),(324,'https://logibrico.fr/wp-content/plugins/CDurteste/images/rohs.png',807,NULL,'image-in',347,NULL,NULL,NULL,NULL,NULL,NULL),(325,'https://logibrico.fr/wp-content/plugins/CDurteste/images/ip44.png',807,NULL,'image-in',347,NULL,NULL,NULL,NULL,NULL,NULL),(326,'https://logibrico.fr/wp-content/plugins/CDurteste/images/a1.png',807,NULL,'image-in',347,NULL,NULL,NULL,NULL,NULL,NULL),(327,'https://logibrico.fr/wp-content/plugins/CDurteste/pdf/Guirlande',813,NULL,'internal',351,NULL,NULL,NULL,NULL,NULL,NULL),(328,'https://logibrico.fr/wp-content/plugins/CDurteste/images/ce.png',813,NULL,'image-in',351,NULL,NULL,NULL,NULL,NULL,NULL),(329,'https://logibrico.fr/wp-content/plugins/CDurteste/images/rohs.png',813,NULL,'image-in',351,NULL,NULL,NULL,NULL,NULL,NULL),(330,'https://logibrico.fr/wp-content/plugins/CDurteste/images/ip44.png',813,NULL,'image-in',351,NULL,NULL,NULL,NULL,NULL,NULL),(331,'https://logibrico.fr/wp-content/plugins/CDurteste/images/a3.png',813,NULL,'image-in',351,NULL,NULL,NULL,NULL,NULL,NULL),(332,'https://logibrico.fr/wp-content/plugins/CDurteste/pdf/masque.pdf',921,NULL,'internal',365,NULL,NULL,NULL,NULL,NULL,NULL),(333,'https://logibrico.fr/wp-content/plugins/CDurteste/images/ce.png',921,NULL,'image-in',365,NULL,NULL,NULL,NULL,NULL,NULL),(334,'https://logibrico.fr/wp-content/plugins/CDurteste/pdf/Ampoule',925,NULL,'internal',405,NULL,NULL,NULL,NULL,NULL,NULL),(335,'https://logibrico.fr/wp-content/plugins/CDurteste/images/ce.png',925,NULL,'image-in',405,NULL,NULL,NULL,NULL,NULL,NULL),(336,'https://logibrico.fr/wp-content/plugins/CDurteste/images/rohs.png',925,NULL,'image-in',405,NULL,NULL,NULL,NULL,NULL,NULL),(337,'https://logibrico.fr/wp-content/plugins/CDurteste/images/a2.png',925,NULL,'image-in',405,NULL,NULL,NULL,NULL,NULL,NULL),(338,'https://logibrico.fr/wp-content/plugins/CDurteste/pdf/Tri-Proof',943,NULL,'internal',406,NULL,NULL,NULL,NULL,NULL,NULL),(339,'https://logibrico.fr/wp-content/plugins/CDurteste/images/ce.png',943,NULL,'image-in',406,NULL,NULL,NULL,NULL,NULL,NULL),(340,'https://logibrico.fr/wp-content/plugins/CDurteste/images/rohs.png',943,NULL,'image-in',406,NULL,NULL,NULL,NULL,NULL,NULL),(341,'https://logibrico.fr/wp-content/plugins/CDurteste/images/a2.png',943,NULL,'image-in',406,NULL,NULL,NULL,NULL,NULL,NULL),(342,'https://logibrico.fr/wp-content/plugins/CDurteste/pdf/Tri-Proof',944,NULL,'internal',407,NULL,NULL,NULL,NULL,NULL,NULL),(343,'https://logibrico.fr/wp-content/plugins/CDurteste/images/ce.png',944,NULL,'image-in',407,NULL,NULL,NULL,NULL,NULL,NULL),(344,'https://logibrico.fr/wp-content/plugins/CDurteste/images/rohs.png',944,NULL,'image-in',407,NULL,NULL,NULL,NULL,NULL,NULL),(345,'https://logibrico.fr/wp-content/plugins/CDurteste/images/a2.png',944,NULL,'image-in',407,NULL,NULL,NULL,NULL,NULL,NULL),(346,'https://logibrico.fr/wp-content/plugins/CDurteste/pdf/Ampoule',963,NULL,'internal',423,NULL,NULL,NULL,NULL,NULL,NULL),(347,'https://logibrico.fr/wp-content/plugins/CDurteste/images/ce.png',963,NULL,'image-in',423,NULL,NULL,NULL,NULL,NULL,NULL),(348,'https://logibrico.fr/wp-content/plugins/CDurteste/images/rohs.png',963,NULL,'image-in',423,NULL,NULL,NULL,NULL,NULL,NULL),(349,'https://logibrico.fr/wp-content/plugins/CDurteste/images/a2.png',963,NULL,'image-in',423,NULL,NULL,NULL,NULL,NULL,NULL);


